{"id":914,"date":"2018-09-04T18:05:45","date_gmt":"2018-09-04T21:05:45","guid":{"rendered":"http:\/\/biblio1.mdp.edu.ar\/centro-ventas\/producto\/poesa-espaola-de-los-90\/"},"modified":"2026-03-30T17:56:24","modified_gmt":"2026-03-30T20:56:24","slug":"poesa-espaola-de-los-90","status":"publish","type":"product","link":"https:\/\/biblio1.mdp.edu.ar\/centro-ventas\/producto\/poesa-espaola-de-los-90\/","title":{"rendered":"Poes\u00eda Espa\u00f1ola de los 90"},"content":{"rendered":"<p>Toda antolog\u00eda es, en s\u00ed misma,\u00a0un libro de libros. Este libro\u00a0intenta ser, como su t \u00edtulo lo\u00a0indica, una antolog\u00eda de \u00a0antolog\u00edas que selecciona a diez\u00a0poetas, algunos de ellos apenas\u00a0conocidos en Argentina, pero con\u00a0una fuerte \u00a0presencia en el\u00a0panaroma de la poes\u00eda espa\u00f1ola.\u00a0Se trata de Felipe Ben\u00edtez Reyes,\u00a0Enrique Falc\u00f3n, Concha Garc\u00eda,\u00a0Luis Garc\u00eda Montero, Aurora\u00a0Luque, Carlos Marzal, Eladio\u00a0Orta, Isabel P\u00e9rez Montalb\u00e1n,\u00a0Jorge Riechmann y Fernando de\u00a0Villena.<br \/>\nEste libro aborda, desde un\u00a0enfoque te\u00f3rico e hist\u00f3rico, las\u00a0tendencias m\u00e1s relevantes de la\u00a0producci\u00f3n po\u00e9tica de las \u00faltimas\u00a0d\u00e9cadas en Espa\u00f1a, as\u00ed como las\u00a0diversas pol\u00e9micas por ellas\u00a0suscitadas, a partir de las\u00a0antolog\u00edas publicadas a lo largo\u00a0de los \u00b490.<\/p>\n","protected":false},"excerpt":{"rendered":"<p>Toda antolog\u00eda es, en s\u00ed misma,\u00a0un libro de libros. Este libro\u00a0intenta ser, como su t \u00edtulo lo\u00a0indica, una antolog\u00eda de \u00a0antolog\u00edas que selecciona a diez\u00a0poetas, algunos de ellos apenas\u00a0conocidos en Argentina, pero con\u00a0una fuerte \u00a0presencia en el\u00a0panaroma de la poes\u00eda espa\u00f1ola.\u00a0Se trata de Felipe Ben\u00edtez Reyes,\u00a0Enrique Falc\u00f3n, Concha Garc\u00eda,\u00a0Luis Garc\u00eda Montero, Aurora\u00a0Luque, Carlos Marzal, Eladio\u00a0Orta, [&hellip;]<\/p>\n","protected":false},"featured_media":956,"template":"","meta":{"_acf_changed":false,"_eb_attr":"","_crdt_document":"","_uag_custom_page_level_css":"","_editorskit_title_hidden":false,"_editorskit_reading_time":0,"_editorskit_is_block_options_detached":false,"_editorskit_block_options_position":"{}","site-sidebar-layout":"default","site-content-layout":"default","ast-site-content-layout":"default","site-content-style":"default","site-sidebar-style":"default","ast-global-header-display":"","ast-banner-title-visibility":"","ast-main-header-display":"","ast-hfb-above-header-display":"","ast-hfb-below-header-display":"","ast-hfb-mobile-header-display":"","site-post-title":"","ast-breadcrumbs-content":"","ast-featured-img":"","footer-sml-layout":"","ast-disable-related-posts":"","theme-transparent-header-meta":"default","adv-header-id-meta":"","stick-header-meta":"","header-above-stick-meta":"","header-main-stick-meta":"","header-below-stick-meta":"","astra-migrate-meta-layouts":"default","ast-page-background-enabled":"default","ast-page-background-meta":{"desktop":{"background-color":"var(--ast-global-color-4)","background-image":"","background-repeat":"repeat","background-position":"center center","background-size":"auto","background-attachment":"scroll","background-type":"","background-media":"","overlay-type":"","overlay-color":"","overlay-opacity":"","overlay-gradient":""},"tablet":{"background-color":"","background-image":"","background-repeat":"repeat","background-position":"center center","background-size":"auto","background-attachment":"scroll","background-type":"","background-media":"","overlay-type":"","overlay-color":"","overlay-opacity":"","overlay-gradient":""},"mobile":{"background-color":"","background-image":"","background-repeat":"repeat","background-position":"center center","background-size":"auto","background-attachment":"scroll","background-type":"","background-media":"","overlay-type":"","overlay-color":"","overlay-opacity":"","overlay-gradient":""}},"ast-content-background-meta":{"desktop":{"background-color":"var(--ast-global-color-5)","background-image":"","background-repeat":"repeat","background-position":"center center","background-size":"auto","background-attachment":"scroll","background-type":"","background-media":"","overlay-type":"","overlay-color":"","overlay-opacity":"","overlay-gradient":""},"tablet":{"background-color":"var(--ast-global-color-5)","background-image":"","background-repeat":"repeat","background-position":"center center","background-size":"auto","background-attachment":"scroll","background-type":"","background-media":"","overlay-type":"","overlay-color":"","overlay-opacity":"","overlay-gradient":""},"mobile":{"background-color":"var(--ast-global-color-5)","background-image":"","background-repeat":"repeat","background-position":"center center","background-size":"auto","background-attachment":"scroll","background-type":"","background-media":"","overlay-type":"","overlay-color":"","overlay-opacity":"","overlay-gradient":""}}},"product_cat":[32,28,124],"product_tag":[],"class_list":{"0":"post-914","1":"product","2":"type-product","3":"status-publish","4":"has-post-thumbnail","6":"product_cat-edudem","7":"product_cat-libro","8":"product_cat-serie-simbolos","9":"desktop-align-left","10":"tablet-align-left","11":"mobile-align-left","13":"first","14":"instock","15":"shipping-taxable","16":"purchasable","17":"product-type-simple"},"acf":[],"uagb_featured_image_src":{"full":["https:\/\/biblio1.mdp.edu.ar\/centro-ventas\/wp-content\/uploads\/sites\/2\/2018\/09\/poesiaEsp90.jpg",341,517,false],"thumbnail":["https:\/\/biblio1.mdp.edu.ar\/centro-ventas\/wp-content\/uploads\/sites\/2\/2018\/09\/poesiaEsp90-150x150.jpg",150,150,true],"medium":["https:\/\/biblio1.mdp.edu.ar\/centro-ventas\/wp-content\/uploads\/sites\/2\/2018\/09\/poesiaEsp90-198x300.jpg",198,300,true],"medium_large":["https:\/\/biblio1.mdp.edu.ar\/centro-ventas\/wp-content\/uploads\/sites\/2\/2018\/09\/poesiaEsp90.jpg",341,517,false],"large":["https:\/\/biblio1.mdp.edu.ar\/centro-ventas\/wp-content\/uploads\/sites\/2\/2018\/09\/poesiaEsp90.jpg",341,517,false],"1536x1536":["https:\/\/biblio1.mdp.edu.ar\/centro-ventas\/wp-content\/uploads\/sites\/2\/2018\/09\/poesiaEsp90.jpg",341,517,false],"2048x2048":["https:\/\/biblio1.mdp.edu.ar\/centro-ventas\/wp-content\/uploads\/sites\/2\/2018\/09\/poesiaEsp90.jpg",341,517,false],"woocommerce_thumbnail":["https:\/\/biblio1.mdp.edu.ar\/centro-ventas\/wp-content\/uploads\/sites\/2\/2018\/09\/poesiaEsp90-250x379.jpg",250,379,true],"woocommerce_single":["https:\/\/biblio1.mdp.edu.ar\/centro-ventas\/wp-content\/uploads\/sites\/2\/2018\/09\/poesiaEsp90.jpg",341,517,false],"woocommerce_gallery_thumbnail":["https:\/\/biblio1.mdp.edu.ar\/centro-ventas\/wp-content\/uploads\/sites\/2\/2018\/09\/poesiaEsp90-100x100.jpg",100,100,true]},"uagb_author_info":{"display_name":"Cristina Bernabe","author_link":"https:\/\/biblio1.mdp.edu.ar\/centro-ventas\/author\/"},"uagb_comment_info":0,"uagb_excerpt":"Toda antolog\u00eda es, en s\u00ed misma,\u00a0un libro de libros. Este libro\u00a0intenta ser, como su t \u00edtulo lo\u00a0indica, una antolog\u00eda de \u00a0antolog\u00edas que selecciona a diez\u00a0poetas, algunos de ellos apenas\u00a0conocidos en Argentina, pero con\u00a0una fuerte \u00a0presencia en el\u00a0panaroma de la poes\u00eda espa\u00f1ola.\u00a0Se trata de Felipe Ben\u00edtez Reyes,\u00a0Enrique Falc\u00f3n, Concha Garc\u00eda,\u00a0Luis Garc\u00eda Montero, Aurora\u00a0Luque, Carlos Marzal, Eladio\u00a0Orta,&hellip;","_links":{"self":[{"href":"https:\/\/biblio1.mdp.edu.ar\/centro-ventas\/wp-json\/wp\/v2\/product\/914","targetHints":{"allow":["GET"]}}],"collection":[{"href":"https:\/\/biblio1.mdp.edu.ar\/centro-ventas\/wp-json\/wp\/v2\/product"}],"about":[{"href":"https:\/\/biblio1.mdp.edu.ar\/centro-ventas\/wp-json\/wp\/v2\/types\/product"}],"wp:featuredmedia":[{"embeddable":true,"href":"https:\/\/biblio1.mdp.edu.ar\/centro-ventas\/wp-json\/wp\/v2\/media\/956"}],"wp:attachment":[{"href":"https:\/\/biblio1.mdp.edu.ar\/centro-ventas\/wp-json\/wp\/v2\/media?parent=914"}],"wp:term":[{"taxonomy":"product_cat","embeddable":true,"href":"https:\/\/biblio1.mdp.edu.ar\/centro-ventas\/wp-json\/wp\/v2\/product_cat?post=914"},{"taxonomy":"product_tag","embeddable":true,"href":"https:\/\/biblio1.mdp.edu.ar\/centro-ventas\/wp-json\/wp\/v2\/product_tag?post=914"}],"curies":[{"name":"wp","href":"https:\/\/api.w.org\/{rel}","templated":true}]}}