{"id":622,"date":"2018-07-11T19:18:16","date_gmt":"2018-07-11T22:18:16","guid":{"rendered":"http:\/\/biblio1.mdp.edu.ar\/centro-ventas\/?post_type=product&#038;p=622"},"modified":"2025-12-03T13:51:07","modified_gmt":"2025-12-03T16:51:07","slug":"159-elocuencia-muraria","status":"publish","type":"product","link":"https:\/\/biblio1.mdp.edu.ar\/centro-ventas\/producto\/159-elocuencia-muraria\/","title":{"rendered":"159 &#8211; Elocuencia Muraria"},"content":{"rendered":"<p><span style=\"color: #3366ff\"><strong>REVISTA 159 &#8211; \u00cdNDICE Y CONTENIDOS<\/strong><\/span><\/p>\n<p>1 EDITORIAL<br \/>\nELOCUENCIA MURARIA<br \/>\nPor Valeria Matayoshi, Magdalena Tagliabue y Mart\u00edn Di Peco<\/p>\n<p>4 CARTELERA<\/p>\n<p>8 LA MATERIA DEL ESPACIO<br \/>\nPor FERNANDO DIEZ<\/p>\n<p>10 SENDERO VITAL HOGAR PARA PERSONAS MAYORES<br \/>\nEN ALC\u00c1CER DO SAL<\/p>\n<p>18 ENSE\u00d1ANZA ELEMENTAL<br \/>\nESCUELA EN VILA NOVA DA BARQUINHA<\/p>\n<p>26 ENCIERRO EXTERIOR CASA<br \/>\nEN COSTA ALENTEJANA<\/p>\n<p>32 CONTENEDOR CONTENIDO<br \/>\nCENTRO COMUNITARIO DE GR\u00c2NDOLA<\/p>\n<p>38LOS MUROS DE RICARDO LEGORRETA<br \/>\nPor Louise Noelle<\/p>\n<p>44 HORMIG\u00d3N E HIDROPON\u00cdA<br \/>\nPLANTA HIDROP\u00d3NICA NEXT<br \/>\nManuel Cervantes, Lizett Matsumoto, arqs.<\/p>\n<p>52 MURALLA Y JARDINES<br \/>\nJUZGADOS ORAL-PENAL EN P\u00c1TZCUARO<br \/>\nTaller | Mauricio Rocha + Gabriela Carrillo<\/p>\n<p>60 RUGOSIDAD Y SUPERFICIE<br \/>\nPor Magdalena Tagliabue<\/p>\n<p>62 EN DI\u00c1LOGO CON EL ORNAMENTO<br \/>\nMUSEO DE BELLAS ARTES B\u00dcNDNER KUNSTMUSEUM<br \/>\nBarozzi Veiga<\/p>\n<p>68 FACHADA CER\u00c1MICA CENTRO DE ARTE ASI\u00c1TICO DEL MUSEO DE ARTE RINGLING<br \/>\nMachado Silvetti<\/p>\n<p>74 ENTRE VEGETACI\u00d3N, LADRILLOS Y FOTOGRAF\u00cdA GALER\u00cdA CLAUDIA ANDUJAR<br \/>\nArquitetos Associados<\/p>\n<p>80 LA PROCESI\u00d3N VA POR DENTRO<br \/>\nPor Mart\u00edn Di Peco<\/p>\n<p>82 ESTAR M\u00c1S ALL\u00c1 VILLA AL\u00c9M<br \/>\nValerio Olgiati<\/p>\n<p>88 SILENCIO AL TACO<br \/>\nCASA GABRIELA TACO<br \/>\ntaller de arquitectura contextual<\/p>\n<p>94 M\u00c1S QUE LA SUMA DE LAS PARTES CASA CALA<\/p>\n<p>Alberto Campo Baeza<\/p>\n<p>104 PRETEXTOS PARA EL SILENCIO<br \/>\nPor Fabi\u00e1n Gabriel P\u00e9rez<\/p>\n<p>108 (EN)CALLADA EN EL BOSQUE<br \/>\nCASA MC-603<br \/>\nAntonio Carrasco<\/p>\n<p>112 DOS PRISMAS EN EL HORIZONTE CASA GPL<br \/>\nEsteban Barrera, Javier Lozada, arqs.<\/p>\n<p>116 \u200aSOLO UN QUIEBRE CASA H21<br \/>\nCarlos Galindez, Santiago Alric, Federico Lloveras, arqs.<\/p>\n<p>120PROYECTOS ARTE AMPLIADO<br \/>\nConcurso de ampliaci\u00f3n Museo Castagnino de Rosario<\/p>\n<p>124LECTURAS<\/p>\n<p>126EDUCANDO ARQUITECTOS KENNETH FRAMPTON EN EL CCA DE MONTREAL<br \/>\nPor GUSTAVO ALONSO SERAFIN<\/p>\n<p>128NOTICIAS<\/p>\n<p>129\u200aCUADERNOS DE VIAJE LJUBLJANA EN PAPEL<br \/>\nTexto y dibujo por Ignacio Ros de Olano<\/p>\n<p>130 REVELACIONES SANTAYANA Y LA MARMOTA<br \/>\nPor Mario Sabugo<\/p>\n<p>131 \u200aTEXTURAS MARSHALL MCLUHAN: ARQUEOLOG\u00cdA DE LA CIUDAD MEDI\u00c1TICA<br \/>\nPor Roberto Fern\u00e1ndez<\/p>\n<p>132 POST SCRIPTUM HOMENAJE A VERA SPINADEL<br \/>\nPor Marita Iravedra<\/p>\n","protected":false},"excerpt":{"rendered":"<p>ISSN 0327 -9022<\/p>\n","protected":false},"featured_media":623,"template":"","meta":{"_acf_changed":false,"_eb_attr":"","_crdt_document":"","_uag_custom_page_level_css":"","_editorskit_title_hidden":false,"_editorskit_reading_time":0,"_editorskit_is_block_options_detached":false,"_editorskit_block_options_position":"{}","site-sidebar-layout":"default","site-content-layout":"","ast-site-content-layout":"default","site-content-style":"default","site-sidebar-style":"default","ast-global-header-display":"","ast-banner-title-visibility":"","ast-main-header-display":"","ast-hfb-above-header-display":"","ast-hfb-below-header-display":"","ast-hfb-mobile-header-display":"","site-post-title":"","ast-breadcrumbs-content":"","ast-featured-img":"","footer-sml-layout":"","ast-disable-related-posts":"","theme-transparent-header-meta":"","adv-header-id-meta":"","stick-header-meta":"","header-above-stick-meta":"","header-main-stick-meta":"","header-below-stick-meta":"","astra-migrate-meta-layouts":"default","ast-page-background-enabled":"default","ast-page-background-meta":{"desktop":{"background-color":"var(--ast-global-color-4)","background-image":"","background-repeat":"repeat","background-position":"center center","background-size":"auto","background-attachment":"scroll","background-type":"","background-media":"","overlay-type":"","overlay-color":"","overlay-opacity":"","overlay-gradient":""},"tablet":{"background-color":"","background-image":"","background-repeat":"repeat","background-position":"center center","background-size":"auto","background-attachment":"scroll","background-type":"","background-media":"","overlay-type":"","overlay-color":"","overlay-opacity":"","overlay-gradient":""},"mobile":{"background-color":"","background-image":"","background-repeat":"repeat","background-position":"center center","background-size":"auto","background-attachment":"scroll","background-type":"","background-media":"","overlay-type":"","overlay-color":"","overlay-opacity":"","overlay-gradient":""}},"ast-content-background-meta":{"desktop":{"background-color":"var(--ast-global-color-5)","background-image":"","background-repeat":"repeat","background-position":"center center","background-size":"auto","background-attachment":"scroll","background-type":"","background-media":"","overlay-type":"","overlay-color":"","overlay-opacity":"","overlay-gradient":""},"tablet":{"background-color":"var(--ast-global-color-5)","background-image":"","background-repeat":"repeat","background-position":"center center","background-size":"auto","background-attachment":"scroll","background-type":"","background-media":"","overlay-type":"","overlay-color":"","overlay-opacity":"","overlay-gradient":""},"mobile":{"background-color":"var(--ast-global-color-5)","background-image":"","background-repeat":"repeat","background-position":"center center","background-size":"auto","background-attachment":"scroll","background-type":"","background-media":"","overlay-type":"","overlay-color":"","overlay-opacity":"","overlay-gradient":""}}},"product_cat":[128,31,34],"product_tag":[],"class_list":{"0":"post-622","1":"product","2":"type-product","3":"status-publish","4":"has-post-thumbnail","6":"product_cat-arquitectura","7":"product_cat-revistas","8":"product_cat-summa","9":"desktop-align-left","10":"tablet-align-left","11":"mobile-align-left","13":"first","14":"outofstock","15":"shipping-taxable","16":"product-type-simple"},"acf":[],"uagb_featured_image_src":{"full":["https:\/\/biblio1.mdp.edu.ar\/centro-ventas\/wp-content\/uploads\/sites\/2\/2018\/07\/Summa159.jpg",300,415,false],"thumbnail":["https:\/\/biblio1.mdp.edu.ar\/centro-ventas\/wp-content\/uploads\/sites\/2\/2018\/07\/Summa159-150x150.jpg",150,150,true],"medium":["https:\/\/biblio1.mdp.edu.ar\/centro-ventas\/wp-content\/uploads\/sites\/2\/2018\/07\/Summa159-217x300.jpg",217,300,true],"medium_large":["https:\/\/biblio1.mdp.edu.ar\/centro-ventas\/wp-content\/uploads\/sites\/2\/2018\/07\/Summa159.jpg",300,415,false],"large":["https:\/\/biblio1.mdp.edu.ar\/centro-ventas\/wp-content\/uploads\/sites\/2\/2018\/07\/Summa159.jpg",300,415,false],"1536x1536":["https:\/\/biblio1.mdp.edu.ar\/centro-ventas\/wp-content\/uploads\/sites\/2\/2018\/07\/Summa159.jpg",300,415,false],"2048x2048":["https:\/\/biblio1.mdp.edu.ar\/centro-ventas\/wp-content\/uploads\/sites\/2\/2018\/07\/Summa159.jpg",300,415,false],"woocommerce_thumbnail":["https:\/\/biblio1.mdp.edu.ar\/centro-ventas\/wp-content\/uploads\/sites\/2\/2018\/07\/Summa159-250x346.jpg",250,346,true],"woocommerce_single":["https:\/\/biblio1.mdp.edu.ar\/centro-ventas\/wp-content\/uploads\/sites\/2\/2018\/07\/Summa159.jpg",300,415,false],"woocommerce_gallery_thumbnail":["https:\/\/biblio1.mdp.edu.ar\/centro-ventas\/wp-content\/uploads\/sites\/2\/2018\/07\/Summa159-100x100.jpg",100,100,true]},"uagb_author_info":{"display_name":"Cristina Bernabe","author_link":"https:\/\/biblio1.mdp.edu.ar\/centro-ventas\/author\/"},"uagb_comment_info":0,"uagb_excerpt":"ISSN 0327 -9022","_links":{"self":[{"href":"https:\/\/biblio1.mdp.edu.ar\/centro-ventas\/wp-json\/wp\/v2\/product\/622","targetHints":{"allow":["GET"]}}],"collection":[{"href":"https:\/\/biblio1.mdp.edu.ar\/centro-ventas\/wp-json\/wp\/v2\/product"}],"about":[{"href":"https:\/\/biblio1.mdp.edu.ar\/centro-ventas\/wp-json\/wp\/v2\/types\/product"}],"wp:featuredmedia":[{"embeddable":true,"href":"https:\/\/biblio1.mdp.edu.ar\/centro-ventas\/wp-json\/wp\/v2\/media\/623"}],"wp:attachment":[{"href":"https:\/\/biblio1.mdp.edu.ar\/centro-ventas\/wp-json\/wp\/v2\/media?parent=622"}],"wp:term":[{"taxonomy":"product_cat","embeddable":true,"href":"https:\/\/biblio1.mdp.edu.ar\/centro-ventas\/wp-json\/wp\/v2\/product_cat?post=622"},{"taxonomy":"product_tag","embeddable":true,"href":"https:\/\/biblio1.mdp.edu.ar\/centro-ventas\/wp-json\/wp\/v2\/product_tag?post=622"}],"curies":[{"name":"wp","href":"https:\/\/api.w.org\/{rel}","templated":true}]}}