{"id":451,"date":"2018-06-29T15:39:02","date_gmt":"2018-06-29T18:39:02","guid":{"rendered":"http:\/\/biblio1.mdp.edu.ar\/centro-ventas\/?post_type=product&#038;p=451"},"modified":"2026-04-16T13:52:09","modified_gmt":"2026-04-16T16:52:09","slug":"manual-practico-de-instalaciones-sanitarias-tomo-1","status":"publish","type":"product","link":"https:\/\/biblio1.mdp.edu.ar\/centro-ventas\/producto\/manual-practico-de-instalaciones-sanitarias-tomo-1\/","title":{"rendered":"Manual pr\u00e1ctico de instalaciones sanitarias &#8211; tomo 1"},"content":{"rendered":"<p>En este Tomo se explica c\u00f3mo proyectar y realizar las instalaciones para provisi\u00f3n de agua fr\u00eda y de agua caliente.<\/p>\n<p>En \u00e9l se trata, adem\u00e1s de todo lo relativo a las instalaciones de provisi\u00f3n de agua, algunos temas que todas las instalaciones tienen en com\u00fan:<\/p>\n<ul>\n<li>Los fen\u00f3menos f\u00edsicos que act\u00faan.<\/li>\n<li>Las etapas de proyecto.<\/li>\n<li>C\u00f3m<span class=\"style1\">o entender los planos y normas<\/span> de dibujo.<\/li>\n<li>Qu\u00e9 tener en cuenta al proyectar los locales sanitarios.<\/li>\n<li>Las herramientas necesarias y su uso.<\/li>\n<li>Precauciones de seguridad al trabajar.<\/li>\n<li><span class=\"text_cele14\">Algunos trabajos de realizaci\u00f3n comunes a todas las\u00a0instalaciones sanitarias.<\/span><strong>\u00a0<\/strong><\/li>\n<\/ul>\n","protected":false},"excerpt":{"rendered":"<p>En este Tomo se explica c\u00f3mo proyectar y realizar las instalaciones para provisi\u00f3n de agua fr\u00eda y de agua caliente. En \u00e9l se trata, adem\u00e1s de todo lo relativo a las instalaciones de provisi\u00f3n de agua, algunos temas que todas las instalaciones tienen en com\u00fan: Los fen\u00f3menos f\u00edsicos que act\u00faan. Las etapas de proyecto. C\u00f3mo [&hellip;]<\/p>\n","protected":false},"featured_media":452,"template":"","meta":{"_acf_changed":false,"_eb_attr":"","_crdt_document":"","_uag_custom_page_level_css":"","_editorskit_title_hidden":false,"_editorskit_reading_time":0,"_editorskit_is_block_options_detached":false,"_editorskit_block_options_position":"{}","site-sidebar-layout":"default","site-content-layout":"","ast-site-content-layout":"default","site-content-style":"default","site-sidebar-style":"default","ast-global-header-display":"","ast-banner-title-visibility":"","ast-main-header-display":"","ast-hfb-above-header-display":"","ast-hfb-below-header-display":"","ast-hfb-mobile-header-display":"","site-post-title":"","ast-breadcrumbs-content":"","ast-featured-img":"","footer-sml-layout":"","ast-disable-related-posts":"","theme-transparent-header-meta":"default","adv-header-id-meta":"","stick-header-meta":"","header-above-stick-meta":"","header-main-stick-meta":"","header-below-stick-meta":"","astra-migrate-meta-layouts":"set","ast-page-background-enabled":"default","ast-page-background-meta":{"desktop":{"background-color":"var(--ast-global-color-4)","background-image":"","background-repeat":"repeat","background-position":"center center","background-size":"auto","background-attachment":"scroll","background-type":"","background-media":"","overlay-type":"","overlay-color":"","overlay-opacity":"","overlay-gradient":""},"tablet":{"background-color":"","background-image":"","background-repeat":"repeat","background-position":"center center","background-size":"auto","background-attachment":"scroll","background-type":"","background-media":"","overlay-type":"","overlay-color":"","overlay-opacity":"","overlay-gradient":""},"mobile":{"background-color":"","background-image":"","background-repeat":"repeat","background-position":"center center","background-size":"auto","background-attachment":"scroll","background-type":"","background-media":"","overlay-type":"","overlay-color":"","overlay-opacity":"","overlay-gradient":""}},"ast-content-background-meta":{"desktop":{"background-color":"var(--ast-global-color-5)","background-image":"","background-repeat":"repeat","background-position":"center center","background-size":"auto","background-attachment":"scroll","background-type":"","background-media":"","overlay-type":"","overlay-color":"","overlay-opacity":"","overlay-gradient":""},"tablet":{"background-color":"var(--ast-global-color-5)","background-image":"","background-repeat":"repeat","background-position":"center center","background-size":"auto","background-attachment":"scroll","background-type":"","background-media":"","overlay-type":"","overlay-color":"","overlay-opacity":"","overlay-gradient":""},"mobile":{"background-color":"var(--ast-global-color-5)","background-image":"","background-repeat":"repeat","background-position":"center center","background-size":"auto","background-attachment":"scroll","background-type":"","background-media":"","overlay-type":"","overlay-color":"","overlay-opacity":"","overlay-gradient":""}}},"product_cat":[128,28],"product_tag":[36,35],"class_list":{"0":"post-451","1":"product","2":"type-product","3":"status-publish","4":"has-post-thumbnail","6":"product_cat-arquitectura","7":"product_cat-libro","8":"product_tag-arquitectura","9":"product_tag-construccion","10":"desktop-align-left","11":"tablet-align-left","12":"mobile-align-left","14":"first","15":"instock","16":"shipping-taxable","17":"purchasable","18":"product-type-simple"},"acf":[],"uagb_featured_image_src":{"full":["https:\/\/biblio1.mdp.edu.ar\/centro-ventas\/wp-content\/uploads\/sites\/2\/2018\/06\/manual-practico-de-instalaciones-sanitarias-1-y-2-nisnovich-D_NQ_NP_8247-MLA20002665679_112013-F.jpg",1200,839,false],"thumbnail":["https:\/\/biblio1.mdp.edu.ar\/centro-ventas\/wp-content\/uploads\/sites\/2\/2018\/06\/manual-practico-de-instalaciones-sanitarias-1-y-2-nisnovich-D_NQ_NP_8247-MLA20002665679_112013-F-150x150.jpg",150,150,true],"medium":["https:\/\/biblio1.mdp.edu.ar\/centro-ventas\/wp-content\/uploads\/sites\/2\/2018\/06\/manual-practico-de-instalaciones-sanitarias-1-y-2-nisnovich-D_NQ_NP_8247-MLA20002665679_112013-F-300x210.jpg",300,210,true],"medium_large":["https:\/\/biblio1.mdp.edu.ar\/centro-ventas\/wp-content\/uploads\/sites\/2\/2018\/06\/manual-practico-de-instalaciones-sanitarias-1-y-2-nisnovich-D_NQ_NP_8247-MLA20002665679_112013-F-768x537.jpg",768,537,true],"large":["https:\/\/biblio1.mdp.edu.ar\/centro-ventas\/wp-content\/uploads\/sites\/2\/2018\/06\/manual-practico-de-instalaciones-sanitarias-1-y-2-nisnovich-D_NQ_NP_8247-MLA20002665679_112013-F-1024x716.jpg",1024,716,true],"1536x1536":["https:\/\/biblio1.mdp.edu.ar\/centro-ventas\/wp-content\/uploads\/sites\/2\/2018\/06\/manual-practico-de-instalaciones-sanitarias-1-y-2-nisnovich-D_NQ_NP_8247-MLA20002665679_112013-F.jpg",1200,839,false],"2048x2048":["https:\/\/biblio1.mdp.edu.ar\/centro-ventas\/wp-content\/uploads\/sites\/2\/2018\/06\/manual-practico-de-instalaciones-sanitarias-1-y-2-nisnovich-D_NQ_NP_8247-MLA20002665679_112013-F.jpg",1200,839,false],"woocommerce_thumbnail":["https:\/\/biblio1.mdp.edu.ar\/centro-ventas\/wp-content\/uploads\/sites\/2\/2018\/06\/manual-practico-de-instalaciones-sanitarias-1-y-2-nisnovich-D_NQ_NP_8247-MLA20002665679_112013-F-250x175.jpg",250,175,true],"woocommerce_single":["https:\/\/biblio1.mdp.edu.ar\/centro-ventas\/wp-content\/uploads\/sites\/2\/2018\/06\/manual-practico-de-instalaciones-sanitarias-1-y-2-nisnovich-D_NQ_NP_8247-MLA20002665679_112013-F-768x537.jpg",600,420,true],"woocommerce_gallery_thumbnail":["https:\/\/biblio1.mdp.edu.ar\/centro-ventas\/wp-content\/uploads\/sites\/2\/2018\/06\/manual-practico-de-instalaciones-sanitarias-1-y-2-nisnovich-D_NQ_NP_8247-MLA20002665679_112013-F-100x100.jpg",100,100,true]},"uagb_author_info":{"display_name":"Maria Balerdi","author_link":"https:\/\/biblio1.mdp.edu.ar\/centro-ventas\/author\/"},"uagb_comment_info":0,"uagb_excerpt":"En este Tomo se explica c\u00f3mo proyectar y realizar las instalaciones para provisi\u00f3n de agua fr\u00eda y de agua caliente. En \u00e9l se trata, adem\u00e1s de todo lo relativo a las instalaciones de provisi\u00f3n de agua, algunos temas que todas las instalaciones tienen en com\u00fan: Los fen\u00f3menos f\u00edsicos que act\u00faan. Las etapas de proyecto. C\u00f3mo&hellip;","_links":{"self":[{"href":"https:\/\/biblio1.mdp.edu.ar\/centro-ventas\/wp-json\/wp\/v2\/product\/451","targetHints":{"allow":["GET"]}}],"collection":[{"href":"https:\/\/biblio1.mdp.edu.ar\/centro-ventas\/wp-json\/wp\/v2\/product"}],"about":[{"href":"https:\/\/biblio1.mdp.edu.ar\/centro-ventas\/wp-json\/wp\/v2\/types\/product"}],"wp:featuredmedia":[{"embeddable":true,"href":"https:\/\/biblio1.mdp.edu.ar\/centro-ventas\/wp-json\/wp\/v2\/media\/452"}],"wp:attachment":[{"href":"https:\/\/biblio1.mdp.edu.ar\/centro-ventas\/wp-json\/wp\/v2\/media?parent=451"}],"wp:term":[{"taxonomy":"product_cat","embeddable":true,"href":"https:\/\/biblio1.mdp.edu.ar\/centro-ventas\/wp-json\/wp\/v2\/product_cat?post=451"},{"taxonomy":"product_tag","embeddable":true,"href":"https:\/\/biblio1.mdp.edu.ar\/centro-ventas\/wp-json\/wp\/v2\/product_tag?post=451"}],"curies":[{"name":"wp","href":"https:\/\/api.w.org\/{rel}","templated":true}]}}