{"id":3997,"date":"2025-12-03T14:06:24","date_gmt":"2025-12-03T17:06:24","guid":{"rendered":"https:\/\/biblio1.mdp.edu.ar\/centro-ventas\/?post_type=product&#038;p=3997"},"modified":"2025-12-03T14:07:44","modified_gmt":"2025-12-03T17:07:44","slug":"casas-internacional-no170-casas-en-valencia","status":"publish","type":"product","link":"https:\/\/biblio1.mdp.edu.ar\/centro-ventas\/producto\/casas-internacional-no170-casas-en-valencia\/","title":{"rendered":"170 &#8211; Casas internacional &#8211; Casas en Valencia"},"content":{"rendered":"<p>Estrategias Contrapuestas<br \/>\nLa selecci\u00f3n de trabajos aqu\u00ed presentados ilustra un elenco de arquitectos j\u00f3venes (-50) o<br \/>\nmuy j\u00f3venes (-40) cuya obra -a veces, incluso, opera prima- muestra una calidad y madurez<br \/>\nm\u00e1s que destacable. Se pretende mostrar obras realizadas recientemente, coincidiendo con<br \/>\nuna situaci\u00f3n econ\u00f3mica que ha dificultado, a muchos de ellos, que puedan poner en pr\u00e1ctica<br \/>\nsus conocimientos en la vida real. Es por esta raz\u00f3n, que esta \u00abgeneraci\u00f3n casi perdida\u00bb es la<br \/>\nque se pretende poner en valor aqu\u00ed. Una generaci\u00f3n nueva, con una actitud distinta, pues<br \/>\nen algunos casos, llegan a involucrarse m\u00e1s all\u00e1 del contrato cliente-profesional para ser parte<br \/>\nintegrante del proceso, gesti\u00f3n y construcci\u00f3n de los proyectos, asumiendo y corriendo los<br \/>\nriesgos inherentes, que conlleva toda obra, para una exacta y satisfactoria finalizaci\u00f3n.<br \/>\nEllo se traduce en el trabajo con nuevos sistemas constructivos, en el desarrollo de nuevas<br \/>\nestrategias de gesti\u00f3n de proyecto, en la necesidad de dar respuesta a la ingente normativa<br \/>\nque complica todos los procesos, y provoca que muchos de los equipos est\u00e9n formados por<br \/>\npersonas que suelen trabajar de manera colaborativa. Lo que antes eran estudios profesionales<br \/>\ncon nombre y apellido, hoy aparecen siglas que integran personas y saberes dispares, suman<br \/>\nconocimientos, y trabajan de manera transversal con una mayor apertura de miras y en pos<br \/>\nde un resultado mucho m\u00e1s complejo y rico. Y que, adem\u00e1s, han recibido su educaci\u00f3n en<br \/>\nescuelas nacionales e internacionales, lo que permite ampliar sus campos referenciales, por no<br \/>\nhablar de la ubicuidad de la informaci\u00f3n a la que hoy todos tenemos acceso.<br \/>\nTrabajos que abarcan la variada geograf\u00eda del territorio. La Comunidad Valenciana no es<br \/>\ns\u00f3lo sol y playas. Se podr\u00eda hablar del mar y de la monta\u00f1a, aunque quiz\u00e1 ser\u00eda mejor referirnos<br \/>\nal regad\u00edo y al secano. Paisajes contrapuestos como la c\u00e1lida huerta valenciana, el t\u00f3rrido<br \/>\ndesierto alicantino, las frescas sierras castellonenses y la dura pre-meseta castellana. Todo ello<br \/>\norigina escenarios de trabajo muy diferentes, a los que las obras seleccionadas responden de<br \/>\nmodo muy diverso. Para ilustrarla, realizaremos un juego de contraposici\u00f3n por pares de miradas<br \/>\nen situaciones similares. Y as\u00ed descubrir c\u00f3mo, en base a criterios conscientes e intuiciones<br \/>\ninconscientes, en ese grado cero del l\u00e1piz frente al papel, surge la chispa de brillantez que la<br \/>\narquitectura pide, y que el conjunto de obras aqu\u00ed expuestas, sin duda, posee.<br \/>\nDos de estas viviendas se desarrollan en la ladera de una monta\u00f1a, y aunque nada parece<br \/>\nevidenciarlo a primera vista, nacen de un part\u00ed similar: la casa que flota sobre el territorio. Sin<br \/>\nembargo, en su proceso de materializaci\u00f3n, hallan caminos diferentes para definir su forma<br \/>\nfinal y la manera de relacionarse con el paisaje. Si bien la vivienda de Ascoz Arquitectura sufre<br \/>\n-goza m\u00e1s bien- de un progresivo extra\u00f1amiento respecto del lugar, termina por ocultarse en<br \/>\nlas entra\u00f1as de la ladera mediante una especie de geoda de espacios iluminados cenitalmente,<br \/>\nque culmina en una cubierta que mira al mar. La casa Coma 02, de Juan Marco, en cambio,<br \/>\nbusca mostrarse al paisaje como objeto artificial en contraposici\u00f3n a \u00e9ste, proponiendo una<br \/>\nrelaci\u00f3n interior-exterior, con diagonales de gran riqueza, que denotan su profundo conocimiento<br \/>\nde la obra de Lina Bo Bardi.<br \/>\nEn inmensas parcelas del \u00e1rido desierto alicantino se ubican la Casa Jijona, de DOOA<br \/>\nArquitecturas, con vol\u00famenes aristados y muros de piedra, y la Casa G+L, de Rocamora Dise\u00f1o<br \/>\ny MOHO arquitectos, que juega con la abstracci\u00f3n del hormig\u00f3n, el acero y el vidrio, reformu-lando una tipolog\u00eda de casa de campo de Elche. La diferencia entre ellas reside en c\u00f3mo la doble<br \/>\nescala es trabajada en cada caso. Mientras la primera aprehende el entorno con un porche gigante,<br \/>\nhaci\u00e9ndolo parte de la composici\u00f3n volum\u00e9trica, y en el interior reduce la escala mediante<br \/>\ncontroladas fisuras de luz; la segunda reduce la escala de las zonas exteriores mediante un h\u00e1bil<br \/>\njuego de celos\u00edas, patios y l\u00e1minas de agua, pero su espacio interior crea la sensaci\u00f3n de estar<br \/>\nsutilmente desproporcionado para reflejar con honestidad la inabarcable escala del lugar.<br \/>\nDos viviendas se diferencian de la pureza volum\u00e9trica del resto. Se trata de la casa de Silvia<br \/>\nAlonso, en J\u00e1vea, y la de Jaime Sepulcre, en Elche. Si bien la geometr\u00eda org\u00e1nica de la primera<br \/>\nnace a partir de un juego de trasposici\u00f3n conceptual entre l\u00edneas, planos, luz y deseos de los<br \/>\nusuarios, en tres niveles, la facetada piel del segundo responde m\u00e1s a geometr\u00edas fractales, en<br \/>\nuna sola planta. Las dulces curvas de la geometr\u00eda de la primera buscan introversi\u00f3n e intimidad<br \/>\nrespecto del entorno, creando una secuencia definida desde la secci\u00f3n. La segunda integra<br \/>\ndos entornos referenciales lejanos. El campo ilicitano y la California moderna. Quiz\u00e1 no tanto.<br \/>\nSus espacios continuos se abren con generosidad al entorno y dialogan con \u00e9ste bajo cubiertas<br \/>\nplegadas a la manera tradicional que recuerdan a las casas del lugar.<br \/>\nProponiendo actuaciones sobre lo ya construido, la Casa Forment, de Mano de Santo, y la<br \/>\nCasa IV, de Mesura, deb\u00edan optar por la estrategia del mantenimiento o sustituci\u00f3n, sobre la base<br \/>\nde un programa previo. La primera asume la rehabilitaci\u00f3n integral que respeta una gran parte<br \/>\ndel edificio existente extrayendo lo mejor de la casa original e incluso del arbolado previo, mediante<br \/>\nun arduo esfuerzo material, espacial y lum\u00ednico, con un resultado de evidente modernidad<br \/>\ny maduro compromiso con el encargo. La segunda se coloca junto a la preexistencia trabajando<br \/>\nun programa anexo, en forma de pabell\u00f3n, que alberga, bajo b\u00f3vedas de hormig\u00f3n con aromas<br \/>\na Bonet Castellana, y dialogando con muros creados expresamente por ceramistas locales, una<br \/>\nsombra habitada que integra los espacios exteriores en un continuum espacial de gran inter\u00e9s.<br \/>\nHay una manera de hacer, que se define como diagram\u00e1tica por su simplicidad compositiva<br \/>\nen planta y sometimiento del programa funcional a ella. A este entorno pertenecen la Casa GYA,<br \/>\nde EMAC, y la Casa Catamar\u00e1n, de Eneseis y CODA. En ambas la estrategia de bandas, estratos<br \/>\ny yuxtaposici\u00f3n de usos, definen la relaci\u00f3n de las partes entre s\u00ed y el lugar. Pero responden de<br \/>\nmanera diferente a esta simplicidad geom\u00e9trica. Si la primera, bajo un esquema funcional muy<br \/>\nsimple, envuelve el volumen en una piel que reformula el filtro mediterr\u00e1neo y plantea la idea<br \/>\nde la levedad mediante el recurso del camuflaje de su fachada norte; la segunda ataca ese tema<br \/>\nmediante un cubo flotante que provoca una fuerte tensi\u00f3n gravitacional por contraposici\u00f3n entre<br \/>\nvol\u00famenes ensartados con precisi\u00f3n moderna, a trav\u00e9s de una atractiva secci\u00f3n.<br \/>\nFinalmente, dos proyectos plantean una estrategia espacial en base a cubos de 3x3x3m. La<br \/>\nCasa de las 21 ventanas, de IGLOO, y la Casa 3X3, de Crux Arquitectos y MCP Arquitectura.<br \/>\nHasta aqu\u00ed las similitudes. Mientras la primera nace de un sistema prefabricado de madera,<br \/>\nla segunda crea una esponja de bloques porosos de hormig\u00f3n. La manera de entender su espacio<br \/>\nes opuesta. Si la primera propone una flexibilidad de uso mediante la continuidad, como<br \/>\nplano secuencia para que el habitante construya su vida, la segunda propone la discontinuidad<br \/>\nentre recintos, el absoluto extra\u00f1amiento de la parte respecto del todo, a la manera de V.Natali<br \/>\nen \u00abCube\u00bb, donde cada c\u00e9lula es igual a sus adyacentes. Si la primera \u00abcasa\u00bb plantea un futuro<br \/>\npresente muy real, la segunda \u00abruina\u00bb propone un futuro ficci\u00f3n quiz\u00e1 posible.<br \/>\nManuel Cerd\u00e1 P\u00e9rez (Valencia, 1968), es doctor arquitecto por la Universitat Polit\u00e8cnica de Val\u00e8ncia y<br \/>\nprofesor en el Taller I del Departamento de Proyectos Arquitect\u00f3nicos en la ETSA de Valencia (Escueta T\u00e9cnica<br \/>\nSuperior de Arquitectura). Combina su labor investigadora y docente con el ejercicio profesional centrado en la<br \/>\ninvestigaci\u00f3n sobre los nuevos modos de habitar. Ha obtenido diversos premios en concursos de vivienda social y<br \/>\nsu obra ha sido ampliamente difundida, destac\u00e1ndose dos libros monogr\u00e1ficos: \u00abManuel Cerd\u00e1 P\u00e9rez &#8211; Obra Incompleta<br \/>\n1999-2011\u00bb (Ed. Generales de la Construcci\u00f3n, 2011), y \u00abManuel Cerd\u00e1 P\u00e9rez &#8211; Opera Incompleta\u00bb<br \/>\n(Ed. Canova, 2004). Recientemente, se ha publicado su libro \u00abEl Espacio Ubicuo. Habitar en la era digital\u00bb,<br \/>\nen la Colecci\u00f3n Textos de Arquitectura y Dise\u00f1o de Nobuko \/ Dise\u00f1o Editorial.<\/p>\n","protected":false},"excerpt":{"rendered":"<p>Estrategias Contrapuestas La selecci\u00f3n de trabajos aqu\u00ed presentados ilustra un elenco de arquitectos j\u00f3venes (-50) o muy j\u00f3venes (-40) cuya obra -a veces, incluso, opera prima- muestra una calidad y madurez m\u00e1s que destacable. Se pretende mostrar obras realizadas recientemente, coincidiendo con una situaci\u00f3n econ\u00f3mica que ha dificultado, a muchos de ellos, que puedan poner [&hellip;]<\/p>\n","protected":false},"featured_media":3995,"template":"","meta":{"_acf_changed":false,"_eb_attr":"","_crdt_document":"","_uag_custom_page_level_css":"","_editorskit_title_hidden":false,"_editorskit_reading_time":0,"_editorskit_is_block_options_detached":false,"_editorskit_block_options_position":"{}","site-sidebar-layout":"default","site-content-layout":"","ast-site-content-layout":"default","site-content-style":"default","site-sidebar-style":"default","ast-global-header-display":"","ast-banner-title-visibility":"","ast-main-header-display":"","ast-hfb-above-header-display":"","ast-hfb-below-header-display":"","ast-hfb-mobile-header-display":"","site-post-title":"","ast-breadcrumbs-content":"","ast-featured-img":"","footer-sml-layout":"","ast-disable-related-posts":"","theme-transparent-header-meta":"default","adv-header-id-meta":"","stick-header-meta":"","header-above-stick-meta":"","header-main-stick-meta":"","header-below-stick-meta":"","astra-migrate-meta-layouts":"set","ast-page-background-enabled":"default","ast-page-background-meta":{"desktop":{"background-color":"var(--ast-global-color-4)","background-image":"","background-repeat":"repeat","background-position":"center center","background-size":"auto","background-attachment":"scroll","background-type":"","background-media":"","overlay-type":"","overlay-color":"","overlay-opacity":"","overlay-gradient":""},"tablet":{"background-color":"","background-image":"","background-repeat":"repeat","background-position":"center center","background-size":"auto","background-attachment":"scroll","background-type":"","background-media":"","overlay-type":"","overlay-color":"","overlay-opacity":"","overlay-gradient":""},"mobile":{"background-color":"","background-image":"","background-repeat":"repeat","background-position":"center center","background-size":"auto","background-attachment":"scroll","background-type":"","background-media":"","overlay-type":"","overlay-color":"","overlay-opacity":"","overlay-gradient":""}},"ast-content-background-meta":{"desktop":{"background-color":"var(--ast-global-color-5)","background-image":"","background-repeat":"repeat","background-position":"center center","background-size":"auto","background-attachment":"scroll","background-type":"","background-media":"","overlay-type":"","overlay-color":"","overlay-opacity":"","overlay-gradient":""},"tablet":{"background-color":"var(--ast-global-color-5)","background-image":"","background-repeat":"repeat","background-position":"center center","background-size":"auto","background-attachment":"scroll","background-type":"","background-media":"","overlay-type":"","overlay-color":"","overlay-opacity":"","overlay-gradient":""},"mobile":{"background-color":"var(--ast-global-color-5)","background-image":"","background-repeat":"repeat","background-position":"center center","background-size":"auto","background-attachment":"scroll","background-type":"","background-media":"","overlay-type":"","overlay-color":"","overlay-opacity":"","overlay-gradient":""}}},"product_cat":[98,31],"product_tag":[],"class_list":{"0":"post-3997","1":"product","2":"type-product","3":"status-publish","4":"has-post-thumbnail","6":"product_cat-casas-internacional","7":"product_cat-revistas","8":"desktop-align-left","9":"tablet-align-left","10":"mobile-align-left","12":"first","13":"instock","14":"sale","15":"shipping-taxable","16":"purchasable","17":"product-type-simple"},"acf":[],"uagb_featured_image_src":{"full":["https:\/\/biblio1.mdp.edu.ar\/centro-ventas\/wp-content\/uploads\/sites\/2\/2018\/10\/873773-mla27166074312_042018-o-e7113df86024cbeec815290225750297-480-0.jpg",480,443,false],"thumbnail":["https:\/\/biblio1.mdp.edu.ar\/centro-ventas\/wp-content\/uploads\/sites\/2\/2018\/10\/873773-mla27166074312_042018-o-e7113df86024cbeec815290225750297-480-0-150x150.jpg",150,150,true],"medium":["https:\/\/biblio1.mdp.edu.ar\/centro-ventas\/wp-content\/uploads\/sites\/2\/2018\/10\/873773-mla27166074312_042018-o-e7113df86024cbeec815290225750297-480-0-300x277.jpg",300,277,true],"medium_large":["https:\/\/biblio1.mdp.edu.ar\/centro-ventas\/wp-content\/uploads\/sites\/2\/2018\/10\/873773-mla27166074312_042018-o-e7113df86024cbeec815290225750297-480-0.jpg",480,443,false],"large":["https:\/\/biblio1.mdp.edu.ar\/centro-ventas\/wp-content\/uploads\/sites\/2\/2018\/10\/873773-mla27166074312_042018-o-e7113df86024cbeec815290225750297-480-0.jpg",480,443,false],"1536x1536":["https:\/\/biblio1.mdp.edu.ar\/centro-ventas\/wp-content\/uploads\/sites\/2\/2018\/10\/873773-mla27166074312_042018-o-e7113df86024cbeec815290225750297-480-0.jpg",480,443,false],"2048x2048":["https:\/\/biblio1.mdp.edu.ar\/centro-ventas\/wp-content\/uploads\/sites\/2\/2018\/10\/873773-mla27166074312_042018-o-e7113df86024cbeec815290225750297-480-0.jpg",480,443,false],"woocommerce_thumbnail":["https:\/\/biblio1.mdp.edu.ar\/centro-ventas\/wp-content\/uploads\/sites\/2\/2018\/10\/873773-mla27166074312_042018-o-e7113df86024cbeec815290225750297-480-0-300x277.jpg",300,277,true],"woocommerce_single":["https:\/\/biblio1.mdp.edu.ar\/centro-ventas\/wp-content\/uploads\/sites\/2\/2018\/10\/873773-mla27166074312_042018-o-e7113df86024cbeec815290225750297-480-0.jpg",480,443,false],"woocommerce_gallery_thumbnail":["https:\/\/biblio1.mdp.edu.ar\/centro-ventas\/wp-content\/uploads\/sites\/2\/2018\/10\/873773-mla27166074312_042018-o-e7113df86024cbeec815290225750297-480-0-100x100.jpg",100,100,true]},"uagb_author_info":{"display_name":"Cristina Bernabe","author_link":"https:\/\/biblio1.mdp.edu.ar\/centro-ventas\/author\/"},"uagb_comment_info":0,"uagb_excerpt":"Estrategias Contrapuestas La selecci\u00f3n de trabajos aqu\u00ed presentados ilustra un elenco de arquitectos j\u00f3venes (-50) o muy j\u00f3venes (-40) cuya obra -a veces, incluso, opera prima- muestra una calidad y madurez m\u00e1s que destacable. Se pretende mostrar obras realizadas recientemente, coincidiendo con una situaci\u00f3n econ\u00f3mica que ha dificultado, a muchos de ellos, que puedan poner&hellip;","_links":{"self":[{"href":"https:\/\/biblio1.mdp.edu.ar\/centro-ventas\/wp-json\/wp\/v2\/product\/3997","targetHints":{"allow":["GET"]}}],"collection":[{"href":"https:\/\/biblio1.mdp.edu.ar\/centro-ventas\/wp-json\/wp\/v2\/product"}],"about":[{"href":"https:\/\/biblio1.mdp.edu.ar\/centro-ventas\/wp-json\/wp\/v2\/types\/product"}],"wp:featuredmedia":[{"embeddable":true,"href":"https:\/\/biblio1.mdp.edu.ar\/centro-ventas\/wp-json\/wp\/v2\/media\/3995"}],"wp:attachment":[{"href":"https:\/\/biblio1.mdp.edu.ar\/centro-ventas\/wp-json\/wp\/v2\/media?parent=3997"}],"wp:term":[{"taxonomy":"product_cat","embeddable":true,"href":"https:\/\/biblio1.mdp.edu.ar\/centro-ventas\/wp-json\/wp\/v2\/product_cat?post=3997"},{"taxonomy":"product_tag","embeddable":true,"href":"https:\/\/biblio1.mdp.edu.ar\/centro-ventas\/wp-json\/wp\/v2\/product_tag?post=3997"}],"curies":[{"name":"wp","href":"https:\/\/api.w.org\/{rel}","templated":true}]}}