{"id":3984,"date":"2025-11-12T14:15:56","date_gmt":"2025-11-12T17:15:56","guid":{"rendered":"https:\/\/biblio1.mdp.edu.ar\/centro-ventas\/?post_type=product&#038;p=3984"},"modified":"2025-11-12T14:16:36","modified_gmt":"2025-11-12T17:16:36","slug":"3984","status":"publish","type":"product","link":"https:\/\/biblio1.mdp.edu.ar\/centro-ventas\/producto\/3984\/","title":{"rendered":"La intervenci\u00f3n en trabajo social &#8211; Sujetos, pr\u00e1cticas y pol\u00edticas"},"content":{"rendered":"<p>SUJETOS, PR\u00c1CTICAS Y POL\u00cdTICA<\/p>\n<p>Gabriela Romero y Viviana Verbauwede &#8211; compiladoras &#8211;<\/p>\n<p>En este libro est\u00e1n presentes, en primera instancia y como n\u00facleo articulador, los sujetos trabajadores sociales, art\u00edfices de estas p\u00e1ginas. En segundo t\u00e9rmino, las pr\u00e1cticas, como aquello que diariamente llevamos a cabo: a veces en forma acr\u00edtica, otras cuestionando y en otras reconociendo el poder transformador de las mismas. Aqu\u00ed la pol\u00edtica tiene un lugar central, porque partimos de la convicci\u00f3n de que el Trabajo Social es eminentemente pol\u00edtico, sus objetivos lo son, y por eso tenemos una deuda pendiente en la revisi\u00f3n concreta de nuestra pr\u00e1ctica profesional. Este trabajo pretende ser un aporte para ello. Encontraremos aqu\u00ed historias de vida de trabajadores sociales, quienes entrelazan su vida profesional con su vida personal. Diferentes perspectivas en las pol\u00edticas sociales y las instituciones estatales, con explicitaci\u00f3n de las decisiones gubernamentales, describiendo los espacios de intervenci\u00f3n profesional en las m\u00faltiples valoraciones de derechos. Miradas novedosas, distintas, no tradicionales ni hegem\u00f3nicas de la profesi\u00f3n, recorridos institucionales, personales y pol\u00edticos, tambi\u00e9n de trabajadores sociales que se encuentran en funciones p\u00fablicas de gesti\u00f3n de las pol\u00edticas sociales y\/o las instituciones. Este libro est\u00e1 dirigido a todos aquellos que quieran mirar diferentes modos en que se entrelazan los discursos, las pr\u00e1cticas y los sujetos en el campo de la intervenci\u00f3n del Trabajo Social, y constituye una invitaci\u00f3n a visibilizar y participar en la disputa pol\u00edtica de construcci\u00f3n de significados.<\/p>\n<p>\u00cdNDICE.<\/p>\n<p>Desentramando y volviendo a ligar hilos y nudos:<br \/>\nLa formaci\u00f3n, la intervenci\u00f3n y lo pol\u00edtico en el Trabajo Social.<br \/>\n-Entrevista a Susana Cazzaniga.<\/p>\n<p>EJE 1: Cuando las elecciones profesionales constituyen parte de nuestra vida.<\/p>\n<p>.- Raz\u00f3n y pasi\u00f3n , como base de construcci\u00f3n del oficio y la tarea, Mar\u00eda del Carmen Ludi.<br \/>\n.- Grupo de Mujeres \u00bb Nunca es tarde para so\u00f1ar\u00bb: Un espacio para cuidarnos el coraz\u00f3n, Mabel Garc\u00eda.<br \/>\n.- Trabajo Social y C\u00e1rcel: \u00bf Posibilidad o utop\u00eda?<br \/>\nExperiencia de intervenci\u00f3n en la Unidad Penal N\u00b0 1 de Paran\u00e1 , Mariela P\u00e9rez.<\/p>\n<p>EJE 2 : La construcci\u00f3n del espacio profesional entre las instituciones, las pol\u00edticas sociales y los sujetos de derecho.<\/p>\n<p>.- Trabajo Social, entre ollas y sartenes. Acerca de la intervenci\u00f3n profesional en un programa alimentario, Rosana Pieruzzini, Laura Arioli, Carina Rebosio.<br \/>\n.- Las materias pendientes para la participaci\u00f3n en planificaci\u00f3n de pol\u00edticas p\u00fablicas de ni\u00f1ez y adolescencia, Rub\u00e9n Zabinski.<br \/>\n.- Una historia, mil historias. Pol\u00edticas compensatorias y deudas pendientes del reconocimiento en discapacidad, Mar\u00eda Alfonsina Angelino, Mar\u00eda Eugenia<br \/>\nAlmeida.<br \/>\n.- Problemas socio-educativos . Reflexiones desde el Trabajo Social<br \/>\nLaura Bibiana Imbert.<br \/>\n.- De cerca nadie es normal: Tranformaciones, encrucijadas y apuestas en la Colonia Psiqui\u00e1trica de Oliveros al calor de la Ley Nacional de Salud Mental.<br \/>\nEvangelina Benassi.<\/p>\n<p>EJE 3: Nuevas formas, nuevas lecturas nuevas miradas para el Trabajo Social.<\/p>\n<p>.- Hacia la construcci\u00f3n de procesos po\u00e9ticos y pol\u00edticos desde cuerpos con-movidos, Marcos Peralta<br \/>\n.- Juventudes lectoras, capitales y pr\u00e1cticas. Una mirada desde el Trabajo Social, Valeria Rodrigo.<br \/>\n.- Legitimando lo obvio, Silvina Liliana Garay<\/p>\n<p>EJE 4: Los Trabajadores Sociales en la gesti\u00f3n de las pol\u00edticas sociales.<\/p>\n<p>.- \u00abUn Trabajador Social que no tiene en cuenta la dimensi\u00f3n sociopol\u00edtica en que vive realiza una pr\u00e1ctica disciplinar est\u00e9ril&#8230;\u00bb Entrevista a Alicia Alzugaray.<br \/>\n.- \u00abNo ten\u00eda que ser yo necesariamente, pero alguien ten\u00eda que tomar la Direcci\u00f3n&#8230;\u00bbEntrevista a Teresita Calzia.<br \/>\n.- \u00abUna de las cosas que ha mostrado el Trabajador Social es el miedo de ocupar ciertos lugares de gesti\u00f3n&#8230;\u00bb Entrevista a Sonia Vel\u00e1zquez.<\/p>\n<p>.- A modo de cierre&#8230;.<\/p>\n<p>.- Para continuar reflexionando<\/p>\n<p>Notas sobre Proyectos profesionales, historiograf\u00eda y perspectiva cr\u00edtica en la profesi\u00f3n.<br \/>\nGustavo Papilli y Federico Guzm\u00e1n Ramonda.<\/p>\n<p>Sobre las autoras:<\/p>\n<p>Viviana Marcela Verbauwede es Licenciada en Trabajo Social, Magister en Sociolog\u00eda y Ciencia Pol\u00edtica (FLACSO), doctoranda en la Facultad de Ciencias Sociales de la UBA, Docente e investigadora en la Facultad de Trabajo Social de la Universidad Nacional de Entre R\u00edos. Referente Territorial del Programa Abordaje Comunitario del Plan Nacional de Seguridad Alimentaria del Ministerio de Desarrollo Social de la Naci\u00f3n.<\/p>\n<p>Gabriela Cristina Romero es Magister en Trabajo Social. Docente investigadora y extensionista en la Facultad de Trabajo Social (UNER). Se desempe\u00f1a profesionalmente en el Centro de Atenci\u00f3n Primaria de Salud Humberto D\u00b4Angelo en Paran\u00e1.<\/p>\n","protected":false},"excerpt":{"rendered":"<p>SUJETOS, PR\u00c1CTICAS Y POL\u00cdTICA Gabriela Romero y Viviana Verbauwede &#8211; compiladoras &#8211; En este libro est\u00e1n presentes, en primera instancia y como n\u00facleo articulador, los sujetos trabajadores sociales, art\u00edfices de estas p\u00e1ginas. En segundo t\u00e9rmino, las pr\u00e1cticas, como aquello que diariamente llevamos a cabo: a veces en forma acr\u00edtica, otras cuestionando y en otras reconociendo [&hellip;]<\/p>\n","protected":false},"featured_media":3985,"template":"","meta":{"_acf_changed":false,"_eb_attr":"","_crdt_document":"","_uag_custom_page_level_css":"","_editorskit_title_hidden":false,"_editorskit_reading_time":0,"_editorskit_is_block_options_detached":false,"_editorskit_block_options_position":"{}","site-sidebar-layout":"default","site-content-layout":"","ast-site-content-layout":"default","site-content-style":"default","site-sidebar-style":"default","ast-global-header-display":"","ast-banner-title-visibility":"","ast-main-header-display":"","ast-hfb-above-header-display":"","ast-hfb-below-header-display":"","ast-hfb-mobile-header-display":"","site-post-title":"","ast-breadcrumbs-content":"","ast-featured-img":"","footer-sml-layout":"","ast-disable-related-posts":"","theme-transparent-header-meta":"default","adv-header-id-meta":"","stick-header-meta":"","header-above-stick-meta":"","header-main-stick-meta":"","header-below-stick-meta":"","astra-migrate-meta-layouts":"set","ast-page-background-enabled":"default","ast-page-background-meta":{"desktop":{"background-color":"var(--ast-global-color-4)","background-image":"","background-repeat":"repeat","background-position":"center center","background-size":"auto","background-attachment":"scroll","background-type":"","background-media":"","overlay-type":"","overlay-color":"","overlay-opacity":"","overlay-gradient":""},"tablet":{"background-color":"","background-image":"","background-repeat":"repeat","background-position":"center center","background-size":"auto","background-attachment":"scroll","background-type":"","background-media":"","overlay-type":"","overlay-color":"","overlay-opacity":"","overlay-gradient":""},"mobile":{"background-color":"","background-image":"","background-repeat":"repeat","background-position":"center center","background-size":"auto","background-attachment":"scroll","background-type":"","background-media":"","overlay-type":"","overlay-color":"","overlay-opacity":"","overlay-gradient":""}},"ast-content-background-meta":{"desktop":{"background-color":"var(--ast-global-color-5)","background-image":"","background-repeat":"repeat","background-position":"center center","background-size":"auto","background-attachment":"scroll","background-type":"","background-media":"","overlay-type":"","overlay-color":"","overlay-opacity":"","overlay-gradient":""},"tablet":{"background-color":"var(--ast-global-color-5)","background-image":"","background-repeat":"repeat","background-position":"center center","background-size":"auto","background-attachment":"scroll","background-type":"","background-media":"","overlay-type":"","overlay-color":"","overlay-opacity":"","overlay-gradient":""},"mobile":{"background-color":"var(--ast-global-color-5)","background-image":"","background-repeat":"repeat","background-position":"center center","background-size":"auto","background-attachment":"scroll","background-type":"","background-media":"","overlay-type":"","overlay-color":"","overlay-opacity":"","overlay-gradient":""}}},"product_cat":[697,28],"product_tag":[743,742,741,740],"class_list":{"0":"post-3984","1":"product","2":"type-product","3":"status-publish","4":"has-post-thumbnail","6":"product_cat-la-hendija","7":"product_cat-libro","8":"product_tag-politicas","9":"product_tag-practicas","10":"product_tag-sujetos","11":"product_tag-trabajosocial","12":"desktop-align-left","13":"tablet-align-left","14":"mobile-align-left","16":"first","17":"instock","18":"shipping-taxable","19":"purchasable","20":"product-type-simple"},"acf":[],"uagb_featured_image_src":{"full":["https:\/\/biblio1.mdp.edu.ar\/centro-ventas\/wp-content\/uploads\/sites\/2\/2025\/11\/laintervencion.jpg",400,531,false],"thumbnail":["https:\/\/biblio1.mdp.edu.ar\/centro-ventas\/wp-content\/uploads\/sites\/2\/2025\/11\/laintervencion-150x150.jpg",150,150,true],"medium":["https:\/\/biblio1.mdp.edu.ar\/centro-ventas\/wp-content\/uploads\/sites\/2\/2025\/11\/laintervencion-226x300.jpg",226,300,true],"medium_large":["https:\/\/biblio1.mdp.edu.ar\/centro-ventas\/wp-content\/uploads\/sites\/2\/2025\/11\/laintervencion.jpg",400,531,false],"large":["https:\/\/biblio1.mdp.edu.ar\/centro-ventas\/wp-content\/uploads\/sites\/2\/2025\/11\/laintervencion.jpg",400,531,false],"1536x1536":["https:\/\/biblio1.mdp.edu.ar\/centro-ventas\/wp-content\/uploads\/sites\/2\/2025\/11\/laintervencion.jpg",400,531,false],"2048x2048":["https:\/\/biblio1.mdp.edu.ar\/centro-ventas\/wp-content\/uploads\/sites\/2\/2025\/11\/laintervencion.jpg",400,531,false],"woocommerce_thumbnail":["https:\/\/biblio1.mdp.edu.ar\/centro-ventas\/wp-content\/uploads\/sites\/2\/2025\/11\/laintervencion-300x398.jpg",300,398,true],"woocommerce_single":["https:\/\/biblio1.mdp.edu.ar\/centro-ventas\/wp-content\/uploads\/sites\/2\/2025\/11\/laintervencion.jpg",400,531,false],"woocommerce_gallery_thumbnail":["https:\/\/biblio1.mdp.edu.ar\/centro-ventas\/wp-content\/uploads\/sites\/2\/2025\/11\/laintervencion-100x100.jpg",100,100,true]},"uagb_author_info":{"display_name":"Cristina Bernabe","author_link":"https:\/\/biblio1.mdp.edu.ar\/centro-ventas\/author\/"},"uagb_comment_info":0,"uagb_excerpt":"SUJETOS, PR\u00c1CTICAS Y POL\u00cdTICA Gabriela Romero y Viviana Verbauwede &#8211; compiladoras &#8211; En este libro est\u00e1n presentes, en primera instancia y como n\u00facleo articulador, los sujetos trabajadores sociales, art\u00edfices de estas p\u00e1ginas. En segundo t\u00e9rmino, las pr\u00e1cticas, como aquello que diariamente llevamos a cabo: a veces en forma acr\u00edtica, otras cuestionando y en otras reconociendo&hellip;","_links":{"self":[{"href":"https:\/\/biblio1.mdp.edu.ar\/centro-ventas\/wp-json\/wp\/v2\/product\/3984","targetHints":{"allow":["GET"]}}],"collection":[{"href":"https:\/\/biblio1.mdp.edu.ar\/centro-ventas\/wp-json\/wp\/v2\/product"}],"about":[{"href":"https:\/\/biblio1.mdp.edu.ar\/centro-ventas\/wp-json\/wp\/v2\/types\/product"}],"wp:featuredmedia":[{"embeddable":true,"href":"https:\/\/biblio1.mdp.edu.ar\/centro-ventas\/wp-json\/wp\/v2\/media\/3985"}],"wp:attachment":[{"href":"https:\/\/biblio1.mdp.edu.ar\/centro-ventas\/wp-json\/wp\/v2\/media?parent=3984"}],"wp:term":[{"taxonomy":"product_cat","embeddable":true,"href":"https:\/\/biblio1.mdp.edu.ar\/centro-ventas\/wp-json\/wp\/v2\/product_cat?post=3984"},{"taxonomy":"product_tag","embeddable":true,"href":"https:\/\/biblio1.mdp.edu.ar\/centro-ventas\/wp-json\/wp\/v2\/product_tag?post=3984"}],"curies":[{"name":"wp","href":"https:\/\/api.w.org\/{rel}","templated":true}]}}