{"id":3977,"date":"2025-10-27T17:37:27","date_gmt":"2025-10-27T20:37:27","guid":{"rendered":"https:\/\/biblio1.mdp.edu.ar\/centro-ventas\/?post_type=product&#038;p=3977"},"modified":"2025-10-27T17:40:11","modified_gmt":"2025-10-27T20:40:11","slug":"estudio-sobre-la-revolucion-y-otros-escritos","status":"publish","type":"product","link":"https:\/\/biblio1.mdp.edu.ar\/centro-ventas\/producto\/estudio-sobre-la-revolucion-y-otros-escritos\/","title":{"rendered":"Estudio sobre la Revoluci\u00f3n y otros escritos"},"content":{"rendered":"<p>Este volumen re\u00fane tres textos escritos por el riojano Joaqu\u00edn V. Gonz\u00e1lez (1863-1923) durante su etapa de estudiante en C\u00f3rdoba. El primero de ellos, en orden a su elaboraci\u00f3n e importancia, es el Estudio sobre la revoluci\u00f3n, tesis doctoral presentada por Gonz\u00e1lez a la Facultad de Derecho y Ciencias Sociales de la UNC en 1885 y defendida all\u00ed en 1886. De este trabajo, parcialmente censurado en esa ocasi\u00f3n, se presenta aqu\u00ed la versi\u00f3n completa, tal como ella debi\u00f3 leerse en forma manuscrita antes de pasar recortada a la imprenta.<\/p>\n<p>A la vez, esta edici\u00f3n integra dos textos anteriores de Gonz\u00e1lez que, seg\u00fan \u00e9l mismo llegar\u00eda a verlo, constituyen antecedentes muy directos de aquella tesis. Por un lado, La revoluci\u00f3n, conferencia le\u00edda en la Sociedad de Tip\u00f3grafos de C\u00f3rdoba el 11 de octubre de 1882 que, ciertamente, ensaya ciertas claves de interpretaci\u00f3n luego retomadas en el texto de 1885. Por otro, C\u00f3rdoba Religiosa, texto escrito en 1883 para un libro nunca publicado, en el cual queda prefigurado uno de los n\u00facleos conflictivos de la tesis: el cuestionamiento de las formas hist\u00f3ricas asumidas por el v\u00ednculo entre Estado e Iglesia y la postulaci\u00f3n de su radical autonom\u00eda.<\/p>\n","protected":false},"excerpt":{"rendered":"<p>Este volumen re\u00fane tres textos escritos por el riojano Joaqu\u00edn V. Gonz\u00e1lez (1863-1923) durante su etapa de estudiante en C\u00f3rdoba. El primero de ellos, en orden a su elaboraci\u00f3n e importancia, es el Estudio sobre la revoluci\u00f3n, tesis doctoral presentada por Gonz\u00e1lez a la Facultad de Derecho y Ciencias Sociales de la UNC en 1885 [&hellip;]<\/p>\n","protected":false},"featured_media":3978,"template":"","meta":{"_acf_changed":false,"_eb_attr":"","_crdt_document":"","_uag_custom_page_level_css":"","_editorskit_title_hidden":false,"_editorskit_reading_time":0,"_editorskit_is_block_options_detached":false,"_editorskit_block_options_position":"{}","site-sidebar-layout":"default","site-content-layout":"","ast-site-content-layout":"default","site-content-style":"default","site-sidebar-style":"default","ast-global-header-display":"","ast-banner-title-visibility":"","ast-main-header-display":"","ast-hfb-above-header-display":"","ast-hfb-below-header-display":"","ast-hfb-mobile-header-display":"","site-post-title":"","ast-breadcrumbs-content":"","ast-featured-img":"","footer-sml-layout":"","ast-disable-related-posts":"","theme-transparent-header-meta":"default","adv-header-id-meta":"","stick-header-meta":"","header-above-stick-meta":"","header-main-stick-meta":"","header-below-stick-meta":"","astra-migrate-meta-layouts":"set","ast-page-background-enabled":"default","ast-page-background-meta":{"desktop":{"background-color":"var(--ast-global-color-4)","background-image":"","background-repeat":"repeat","background-position":"center center","background-size":"auto","background-attachment":"scroll","background-type":"","background-media":"","overlay-type":"","overlay-color":"","overlay-opacity":"","overlay-gradient":""},"tablet":{"background-color":"","background-image":"","background-repeat":"repeat","background-position":"center center","background-size":"auto","background-attachment":"scroll","background-type":"","background-media":"","overlay-type":"","overlay-color":"","overlay-opacity":"","overlay-gradient":""},"mobile":{"background-color":"","background-image":"","background-repeat":"repeat","background-position":"center center","background-size":"auto","background-attachment":"scroll","background-type":"","background-media":"","overlay-type":"","overlay-color":"","overlay-opacity":"","overlay-gradient":""}},"ast-content-background-meta":{"desktop":{"background-color":"var(--ast-global-color-5)","background-image":"","background-repeat":"repeat","background-position":"center center","background-size":"auto","background-attachment":"scroll","background-type":"","background-media":"","overlay-type":"","overlay-color":"","overlay-opacity":"","overlay-gradient":""},"tablet":{"background-color":"var(--ast-global-color-5)","background-image":"","background-repeat":"repeat","background-position":"center center","background-size":"auto","background-attachment":"scroll","background-type":"","background-media":"","overlay-type":"","overlay-color":"","overlay-opacity":"","overlay-gradient":""},"mobile":{"background-color":"var(--ast-global-color-5)","background-image":"","background-repeat":"repeat","background-position":"center center","background-size":"auto","background-attachment":"scroll","background-type":"","background-media":"","overlay-type":"","overlay-color":"","overlay-opacity":"","overlay-gradient":""}}},"product_cat":[28,680],"product_tag":[590],"class_list":{"0":"post-3977","1":"product","2":"type-product","3":"status-publish","4":"has-post-thumbnail","6":"product_cat-libro","7":"product_cat-unc","8":"product_tag-revolucion-de-mayo","9":"desktop-align-left","10":"tablet-align-left","11":"mobile-align-left","13":"first","14":"instock","15":"shipping-taxable","16":"purchasable","17":"product-type-simple"},"acf":[],"uagb_featured_image_src":{"full":["https:\/\/biblio1.mdp.edu.ar\/centro-ventas\/wp-content\/uploads\/sites\/2\/2025\/10\/Estudio-Revolucion_Joaquin-V-Gonzalez-WEB.jpg",441,640,false],"thumbnail":["https:\/\/biblio1.mdp.edu.ar\/centro-ventas\/wp-content\/uploads\/sites\/2\/2025\/10\/Estudio-Revolucion_Joaquin-V-Gonzalez-WEB-150x150.jpg",150,150,true],"medium":["https:\/\/biblio1.mdp.edu.ar\/centro-ventas\/wp-content\/uploads\/sites\/2\/2025\/10\/Estudio-Revolucion_Joaquin-V-Gonzalez-WEB-207x300.jpg",207,300,true],"medium_large":["https:\/\/biblio1.mdp.edu.ar\/centro-ventas\/wp-content\/uploads\/sites\/2\/2025\/10\/Estudio-Revolucion_Joaquin-V-Gonzalez-WEB.jpg",441,640,false],"large":["https:\/\/biblio1.mdp.edu.ar\/centro-ventas\/wp-content\/uploads\/sites\/2\/2025\/10\/Estudio-Revolucion_Joaquin-V-Gonzalez-WEB.jpg",441,640,false],"1536x1536":["https:\/\/biblio1.mdp.edu.ar\/centro-ventas\/wp-content\/uploads\/sites\/2\/2025\/10\/Estudio-Revolucion_Joaquin-V-Gonzalez-WEB.jpg",441,640,false],"2048x2048":["https:\/\/biblio1.mdp.edu.ar\/centro-ventas\/wp-content\/uploads\/sites\/2\/2025\/10\/Estudio-Revolucion_Joaquin-V-Gonzalez-WEB.jpg",441,640,false],"woocommerce_thumbnail":["https:\/\/biblio1.mdp.edu.ar\/centro-ventas\/wp-content\/uploads\/sites\/2\/2025\/10\/Estudio-Revolucion_Joaquin-V-Gonzalez-WEB-300x435.jpg",300,435,true],"woocommerce_single":["https:\/\/biblio1.mdp.edu.ar\/centro-ventas\/wp-content\/uploads\/sites\/2\/2025\/10\/Estudio-Revolucion_Joaquin-V-Gonzalez-WEB.jpg",441,640,false],"woocommerce_gallery_thumbnail":["https:\/\/biblio1.mdp.edu.ar\/centro-ventas\/wp-content\/uploads\/sites\/2\/2025\/10\/Estudio-Revolucion_Joaquin-V-Gonzalez-WEB-100x100.jpg",100,100,true]},"uagb_author_info":{"display_name":"Cristina Bernabe","author_link":"https:\/\/biblio1.mdp.edu.ar\/centro-ventas\/author\/"},"uagb_comment_info":0,"uagb_excerpt":"Este volumen re\u00fane tres textos escritos por el riojano Joaqu\u00edn V. Gonz\u00e1lez (1863-1923) durante su etapa de estudiante en C\u00f3rdoba. El primero de ellos, en orden a su elaboraci\u00f3n e importancia, es el Estudio sobre la revoluci\u00f3n, tesis doctoral presentada por Gonz\u00e1lez a la Facultad de Derecho y Ciencias Sociales de la UNC en 1885&hellip;","_links":{"self":[{"href":"https:\/\/biblio1.mdp.edu.ar\/centro-ventas\/wp-json\/wp\/v2\/product\/3977","targetHints":{"allow":["GET"]}}],"collection":[{"href":"https:\/\/biblio1.mdp.edu.ar\/centro-ventas\/wp-json\/wp\/v2\/product"}],"about":[{"href":"https:\/\/biblio1.mdp.edu.ar\/centro-ventas\/wp-json\/wp\/v2\/types\/product"}],"wp:featuredmedia":[{"embeddable":true,"href":"https:\/\/biblio1.mdp.edu.ar\/centro-ventas\/wp-json\/wp\/v2\/media\/3978"}],"wp:attachment":[{"href":"https:\/\/biblio1.mdp.edu.ar\/centro-ventas\/wp-json\/wp\/v2\/media?parent=3977"}],"wp:term":[{"taxonomy":"product_cat","embeddable":true,"href":"https:\/\/biblio1.mdp.edu.ar\/centro-ventas\/wp-json\/wp\/v2\/product_cat?post=3977"},{"taxonomy":"product_tag","embeddable":true,"href":"https:\/\/biblio1.mdp.edu.ar\/centro-ventas\/wp-json\/wp\/v2\/product_tag?post=3977"}],"curies":[{"name":"wp","href":"https:\/\/api.w.org\/{rel}","templated":true}]}}