{"id":3962,"date":"2025-10-24T15:44:26","date_gmt":"2025-10-24T18:44:26","guid":{"rendered":"https:\/\/biblio1.mdp.edu.ar\/centro-ventas\/?post_type=product&#038;p=3962"},"modified":"2025-10-24T15:44:29","modified_gmt":"2025-10-24T18:44:29","slug":"la-constitucion-de-lo-social-aportes-para-el-dialogo-entre-sociologia-y-fenomenologia","status":"publish","type":"product","link":"https:\/\/biblio1.mdp.edu.ar\/centro-ventas\/producto\/la-constitucion-de-lo-social-aportes-para-el-dialogo-entre-sociologia-y-fenomenologia\/","title":{"rendered":"La constituci\u00f3n de lo social &#8211; Aportes para el di\u00e1logo entre sociolog\u00eda y fenomenolog\u00eda"},"content":{"rendered":"<p>La relaci\u00f3n entre sociolog\u00eda y fenomenolog\u00eda ha sido largamente debatida. Desde la escena local, este volumen hace su aporte a esta discusi\u00f3n, de renovada actualidad, en dos \u00e1reas fundamentales. En el terreno de la ontolog\u00eda social, muestra que la constituci\u00f3n de un mundo de sentido surge a partir de la actividad intencional de sujetos personales, de modo que pensar la constituci\u00f3n de estos conforma una proped\u00e9utica insoslayable para toda sociolog\u00eda del mundo social. Con ello, el an\u00e1lisis constitucional en sociolog\u00eda descansa en la psicolog\u00eda fenomenol\u00f3gica, sobre cuyas bases es posible formular tanto problem\u00e1ticas te\u00f3ricas y universales (como el orden social) cuanto experiencias culturales diversas (como la amistad). En el \u00e1mbito de la teor\u00eda de la acci\u00f3n, muestra de qu\u00e9 modo los h\u00e1bitos desencadenan pr\u00e1cticas reguladas por normas que no admiten explicaciones mecanicistas y dan lugar a la improvisaci\u00f3n (tal como lo evidencian determinadas expresiones musicales) y se indaga, desde una fenomenolog\u00eda radical, si acaso la acci\u00f3n puede deberle algo a la exterioridad que ciertas tradiciones sociol\u00f3gicas han mistificado y tomado equivocadamente como determinante de ella.<\/p>\n","protected":false},"excerpt":{"rendered":"<p>La relaci\u00f3n entre sociolog\u00eda y fenomenolog\u00eda ha sido largamente debatida. Desde la escena local, este volumen hace su aporte a esta discusi\u00f3n, de renovada actualidad, en dos \u00e1reas fundamentales. En el terreno de la ontolog\u00eda social, muestra que la constituci\u00f3n de un mundo de sentido surge a partir de la actividad intencional de sujetos personales, [&hellip;]<\/p>\n","protected":false},"featured_media":3963,"template":"","meta":{"_acf_changed":false,"_eb_attr":"","_crdt_document":"","_uag_custom_page_level_css":"","_editorskit_title_hidden":false,"_editorskit_reading_time":0,"_editorskit_is_block_options_detached":false,"_editorskit_block_options_position":"{}","site-sidebar-layout":"default","site-content-layout":"","ast-site-content-layout":"default","site-content-style":"default","site-sidebar-style":"default","ast-global-header-display":"","ast-banner-title-visibility":"","ast-main-header-display":"","ast-hfb-above-header-display":"","ast-hfb-below-header-display":"","ast-hfb-mobile-header-display":"","site-post-title":"","ast-breadcrumbs-content":"","ast-featured-img":"","footer-sml-layout":"","ast-disable-related-posts":"","theme-transparent-header-meta":"default","adv-header-id-meta":"","stick-header-meta":"","header-above-stick-meta":"","header-main-stick-meta":"","header-below-stick-meta":"","astra-migrate-meta-layouts":"set","ast-page-background-enabled":"default","ast-page-background-meta":{"desktop":{"background-color":"var(--ast-global-color-4)","background-image":"","background-repeat":"repeat","background-position":"center center","background-size":"auto","background-attachment":"scroll","background-type":"","background-media":"","overlay-type":"","overlay-color":"","overlay-opacity":"","overlay-gradient":""},"tablet":{"background-color":"","background-image":"","background-repeat":"repeat","background-position":"center center","background-size":"auto","background-attachment":"scroll","background-type":"","background-media":"","overlay-type":"","overlay-color":"","overlay-opacity":"","overlay-gradient":""},"mobile":{"background-color":"","background-image":"","background-repeat":"repeat","background-position":"center center","background-size":"auto","background-attachment":"scroll","background-type":"","background-media":"","overlay-type":"","overlay-color":"","overlay-opacity":"","overlay-gradient":""}},"ast-content-background-meta":{"desktop":{"background-color":"var(--ast-global-color-5)","background-image":"","background-repeat":"repeat","background-position":"center center","background-size":"auto","background-attachment":"scroll","background-type":"","background-media":"","overlay-type":"","overlay-color":"","overlay-opacity":"","overlay-gradient":""},"tablet":{"background-color":"var(--ast-global-color-5)","background-image":"","background-repeat":"repeat","background-position":"center center","background-size":"auto","background-attachment":"scroll","background-type":"","background-media":"","overlay-type":"","overlay-color":"","overlay-opacity":"","overlay-gradient":""},"mobile":{"background-color":"var(--ast-global-color-5)","background-image":"","background-repeat":"repeat","background-position":"center center","background-size":"auto","background-attachment":"scroll","background-type":"","background-media":"","overlay-type":"","overlay-color":"","overlay-opacity":"","overlay-gradient":""}}},"product_cat":[28,662],"product_tag":[177,734],"class_list":{"0":"post-3962","1":"product","2":"type-product","3":"status-publish","4":"has-post-thumbnail","6":"product_cat-libro","7":"product_cat-ungs","8":"product_tag-filosofia","9":"product_tag-humnidades","10":"desktop-align-left","11":"tablet-align-left","12":"mobile-align-left","14":"first","15":"instock","16":"shipping-taxable","17":"purchasable","18":"product-type-simple"},"acf":[],"uagb_featured_image_src":{"full":["https:\/\/biblio1.mdp.edu.ar\/centro-ventas\/wp-content\/uploads\/sites\/2\/2025\/10\/UCI-Hum19.jpg",590,826,false],"thumbnail":["https:\/\/biblio1.mdp.edu.ar\/centro-ventas\/wp-content\/uploads\/sites\/2\/2025\/10\/UCI-Hum19-150x150.jpg",150,150,true],"medium":["https:\/\/biblio1.mdp.edu.ar\/centro-ventas\/wp-content\/uploads\/sites\/2\/2025\/10\/UCI-Hum19-214x300.jpg",214,300,true],"medium_large":["https:\/\/biblio1.mdp.edu.ar\/centro-ventas\/wp-content\/uploads\/sites\/2\/2025\/10\/UCI-Hum19.jpg",590,826,false],"large":["https:\/\/biblio1.mdp.edu.ar\/centro-ventas\/wp-content\/uploads\/sites\/2\/2025\/10\/UCI-Hum19.jpg",590,826,false],"1536x1536":["https:\/\/biblio1.mdp.edu.ar\/centro-ventas\/wp-content\/uploads\/sites\/2\/2025\/10\/UCI-Hum19.jpg",590,826,false],"2048x2048":["https:\/\/biblio1.mdp.edu.ar\/centro-ventas\/wp-content\/uploads\/sites\/2\/2025\/10\/UCI-Hum19.jpg",590,826,false],"woocommerce_thumbnail":["https:\/\/biblio1.mdp.edu.ar\/centro-ventas\/wp-content\/uploads\/sites\/2\/2025\/10\/UCI-Hum19-300x420.jpg",300,420,true],"woocommerce_single":["https:\/\/biblio1.mdp.edu.ar\/centro-ventas\/wp-content\/uploads\/sites\/2\/2025\/10\/UCI-Hum19.jpg",590,826,false],"woocommerce_gallery_thumbnail":["https:\/\/biblio1.mdp.edu.ar\/centro-ventas\/wp-content\/uploads\/sites\/2\/2025\/10\/UCI-Hum19-100x100.jpg",100,100,true]},"uagb_author_info":{"display_name":"Cristina Bernabe","author_link":"https:\/\/biblio1.mdp.edu.ar\/centro-ventas\/author\/"},"uagb_comment_info":0,"uagb_excerpt":"La relaci\u00f3n entre sociolog\u00eda y fenomenolog\u00eda ha sido largamente debatida. Desde la escena local, este volumen hace su aporte a esta discusi\u00f3n, de renovada actualidad, en dos \u00e1reas fundamentales. En el terreno de la ontolog\u00eda social, muestra que la constituci\u00f3n de un mundo de sentido surge a partir de la actividad intencional de sujetos personales,&hellip;","_links":{"self":[{"href":"https:\/\/biblio1.mdp.edu.ar\/centro-ventas\/wp-json\/wp\/v2\/product\/3962","targetHints":{"allow":["GET"]}}],"collection":[{"href":"https:\/\/biblio1.mdp.edu.ar\/centro-ventas\/wp-json\/wp\/v2\/product"}],"about":[{"href":"https:\/\/biblio1.mdp.edu.ar\/centro-ventas\/wp-json\/wp\/v2\/types\/product"}],"wp:featuredmedia":[{"embeddable":true,"href":"https:\/\/biblio1.mdp.edu.ar\/centro-ventas\/wp-json\/wp\/v2\/media\/3963"}],"wp:attachment":[{"href":"https:\/\/biblio1.mdp.edu.ar\/centro-ventas\/wp-json\/wp\/v2\/media?parent=3962"}],"wp:term":[{"taxonomy":"product_cat","embeddable":true,"href":"https:\/\/biblio1.mdp.edu.ar\/centro-ventas\/wp-json\/wp\/v2\/product_cat?post=3962"},{"taxonomy":"product_tag","embeddable":true,"href":"https:\/\/biblio1.mdp.edu.ar\/centro-ventas\/wp-json\/wp\/v2\/product_tag?post=3962"}],"curies":[{"name":"wp","href":"https:\/\/api.w.org\/{rel}","templated":true}]}}