{"id":3958,"date":"2025-10-24T15:17:17","date_gmt":"2025-10-24T18:17:17","guid":{"rendered":"https:\/\/biblio1.mdp.edu.ar\/centro-ventas\/?post_type=product&#038;p=3958"},"modified":"2025-10-24T15:17:20","modified_gmt":"2025-10-24T18:17:20","slug":"ruptura-ideologica-del-catolicismo-argentino","status":"publish","type":"product","link":"https:\/\/biblio1.mdp.edu.ar\/centro-ventas\/producto\/ruptura-ideologica-del-catolicismo-argentino\/","title":{"rendered":"Ruptura ideol\u00f3gica del catolicismo argentino"},"content":{"rendered":"<p>\u00abDespu\u00e9s vino Levingston con la idea de que en la Argentina hab\u00eda que liquidar a 400 curas\u00bb, dice el entrevistado H\u00e9ctor Bot\u00e1n. \u00abYo estaba fascinado por el cristianismo primitivo\u00bb, dice Marcos Aguinis. \u00abY tambi\u00e9n ha sido una valla contra el marxismo que estos curas se metieran con el peronismo\u00bb, dice Antonio Quarracino. \u00ab(El arzobispo) Zaspe toda su vida temi\u00f3 por la divisi\u00f3n de la Iglesia y, al final, comprendi\u00f3 que la divisi\u00f3n era un hecho\u00bb, dice Domingo Bresci. As\u00ed se suceden opuestas opiniones y se exponen \u00edntimas experiencias en esta selecci\u00f3n de entrevistas, hechas para el libro El Movimiento de Sacerdotes para el Tercer Mundo. Un debate argentino, aparecido en 1992. Antes de ser publicado, el libro es entregado para su cr\u00edtica a dos l\u00edderes del Movimiento: uno, Jorge Vernazza, af\u00edn al peronismo, otro: Miguel Ramondetti, af\u00edn al socialismo. Estas dos devoluciones, que cierran esta publicaci\u00f3n, constituyen aportes extraordinarios sobre las ideas, las vidas, las fuerzas que cruzaron los campos religiosos y pol\u00edticos de la Argentina de varias d\u00e9cadas. Por eso se entiende el juicio de Horacio Verbitsky en el pr\u00f3logo: \u00abel valor sobresaliente de este material, indispensable para los historiadores de la segunda mitad del siglo XX argentino\u00bb<\/p>\n","protected":false},"excerpt":{"rendered":"<p>\u00abDespu\u00e9s vino Levingston con la idea de que en la Argentina hab\u00eda que liquidar a 400 curas\u00bb, dice el entrevistado H\u00e9ctor Bot\u00e1n. \u00abYo estaba fascinado por el cristianismo primitivo\u00bb, dice Marcos Aguinis. \u00abY tambi\u00e9n ha sido una valla contra el marxismo que estos curas se metieran con el peronismo\u00bb, dice Antonio Quarracino. \u00ab(El arzobispo) Zaspe [&hellip;]<\/p>\n","protected":false},"featured_media":3959,"template":"","meta":{"_acf_changed":false,"_eb_attr":"","_crdt_document":"","_uag_custom_page_level_css":"","_editorskit_title_hidden":false,"_editorskit_reading_time":0,"_editorskit_is_block_options_detached":false,"_editorskit_block_options_position":"{}","site-sidebar-layout":"default","site-content-layout":"","ast-site-content-layout":"default","site-content-style":"default","site-sidebar-style":"default","ast-global-header-display":"","ast-banner-title-visibility":"","ast-main-header-display":"","ast-hfb-above-header-display":"","ast-hfb-below-header-display":"","ast-hfb-mobile-header-display":"","site-post-title":"","ast-breadcrumbs-content":"","ast-featured-img":"","footer-sml-layout":"","ast-disable-related-posts":"","theme-transparent-header-meta":"default","adv-header-id-meta":"","stick-header-meta":"","header-above-stick-meta":"","header-main-stick-meta":"","header-below-stick-meta":"","astra-migrate-meta-layouts":"set","ast-page-background-enabled":"default","ast-page-background-meta":{"desktop":{"background-color":"var(--ast-global-color-4)","background-image":"","background-repeat":"repeat","background-position":"center center","background-size":"auto","background-attachment":"scroll","background-type":"","background-media":"","overlay-type":"","overlay-color":"","overlay-opacity":"","overlay-gradient":""},"tablet":{"background-color":"","background-image":"","background-repeat":"repeat","background-position":"center center","background-size":"auto","background-attachment":"scroll","background-type":"","background-media":"","overlay-type":"","overlay-color":"","overlay-opacity":"","overlay-gradient":""},"mobile":{"background-color":"","background-image":"","background-repeat":"repeat","background-position":"center center","background-size":"auto","background-attachment":"scroll","background-type":"","background-media":"","overlay-type":"","overlay-color":"","overlay-opacity":"","overlay-gradient":""}},"ast-content-background-meta":{"desktop":{"background-color":"var(--ast-global-color-5)","background-image":"","background-repeat":"repeat","background-position":"center center","background-size":"auto","background-attachment":"scroll","background-type":"","background-media":"","overlay-type":"","overlay-color":"","overlay-opacity":"","overlay-gradient":""},"tablet":{"background-color":"var(--ast-global-color-5)","background-image":"","background-repeat":"repeat","background-position":"center center","background-size":"auto","background-attachment":"scroll","background-type":"","background-media":"","overlay-type":"","overlay-color":"","overlay-opacity":"","overlay-gradient":""},"mobile":{"background-color":"var(--ast-global-color-5)","background-image":"","background-repeat":"repeat","background-position":"center center","background-size":"auto","background-attachment":"scroll","background-type":"","background-media":"","overlay-type":"","overlay-color":"","overlay-opacity":"","overlay-gradient":""}}},"product_cat":[28,662],"product_tag":[732,733,731],"class_list":{"0":"post-3958","1":"product","2":"type-product","3":"status-publish","4":"has-post-thumbnail","6":"product_cat-libro","7":"product_cat-ungs","8":"product_tag-catolicismo","9":"product_tag-estado-laico","10":"product_tag-iglesia-catolica","11":"desktop-align-left","12":"tablet-align-left","13":"mobile-align-left","15":"first","16":"instock","17":"shipping-taxable","18":"purchasable","19":"product-type-simple"},"acf":[],"uagb_featured_image_src":{"full":["https:\/\/biblio1.mdp.edu.ar\/centro-ventas\/wp-content\/uploads\/sites\/2\/2025\/10\/UCI-Hum23.jpg",590,826,false],"thumbnail":["https:\/\/biblio1.mdp.edu.ar\/centro-ventas\/wp-content\/uploads\/sites\/2\/2025\/10\/UCI-Hum23-150x150.jpg",150,150,true],"medium":["https:\/\/biblio1.mdp.edu.ar\/centro-ventas\/wp-content\/uploads\/sites\/2\/2025\/10\/UCI-Hum23-214x300.jpg",214,300,true],"medium_large":["https:\/\/biblio1.mdp.edu.ar\/centro-ventas\/wp-content\/uploads\/sites\/2\/2025\/10\/UCI-Hum23.jpg",590,826,false],"large":["https:\/\/biblio1.mdp.edu.ar\/centro-ventas\/wp-content\/uploads\/sites\/2\/2025\/10\/UCI-Hum23.jpg",590,826,false],"1536x1536":["https:\/\/biblio1.mdp.edu.ar\/centro-ventas\/wp-content\/uploads\/sites\/2\/2025\/10\/UCI-Hum23.jpg",590,826,false],"2048x2048":["https:\/\/biblio1.mdp.edu.ar\/centro-ventas\/wp-content\/uploads\/sites\/2\/2025\/10\/UCI-Hum23.jpg",590,826,false],"woocommerce_thumbnail":["https:\/\/biblio1.mdp.edu.ar\/centro-ventas\/wp-content\/uploads\/sites\/2\/2025\/10\/UCI-Hum23-300x420.jpg",300,420,true],"woocommerce_single":["https:\/\/biblio1.mdp.edu.ar\/centro-ventas\/wp-content\/uploads\/sites\/2\/2025\/10\/UCI-Hum23.jpg",590,826,false],"woocommerce_gallery_thumbnail":["https:\/\/biblio1.mdp.edu.ar\/centro-ventas\/wp-content\/uploads\/sites\/2\/2025\/10\/UCI-Hum23-100x100.jpg",100,100,true]},"uagb_author_info":{"display_name":"Cristina Bernabe","author_link":"https:\/\/biblio1.mdp.edu.ar\/centro-ventas\/author\/"},"uagb_comment_info":0,"uagb_excerpt":"\u00abDespu\u00e9s vino Levingston con la idea de que en la Argentina hab\u00eda que liquidar a 400 curas\u00bb, dice el entrevistado H\u00e9ctor Bot\u00e1n. \u00abYo estaba fascinado por el cristianismo primitivo\u00bb, dice Marcos Aguinis. \u00abY tambi\u00e9n ha sido una valla contra el marxismo que estos curas se metieran con el peronismo\u00bb, dice Antonio Quarracino. \u00ab(El arzobispo) Zaspe&hellip;","_links":{"self":[{"href":"https:\/\/biblio1.mdp.edu.ar\/centro-ventas\/wp-json\/wp\/v2\/product\/3958","targetHints":{"allow":["GET"]}}],"collection":[{"href":"https:\/\/biblio1.mdp.edu.ar\/centro-ventas\/wp-json\/wp\/v2\/product"}],"about":[{"href":"https:\/\/biblio1.mdp.edu.ar\/centro-ventas\/wp-json\/wp\/v2\/types\/product"}],"wp:featuredmedia":[{"embeddable":true,"href":"https:\/\/biblio1.mdp.edu.ar\/centro-ventas\/wp-json\/wp\/v2\/media\/3959"}],"wp:attachment":[{"href":"https:\/\/biblio1.mdp.edu.ar\/centro-ventas\/wp-json\/wp\/v2\/media?parent=3958"}],"wp:term":[{"taxonomy":"product_cat","embeddable":true,"href":"https:\/\/biblio1.mdp.edu.ar\/centro-ventas\/wp-json\/wp\/v2\/product_cat?post=3958"},{"taxonomy":"product_tag","embeddable":true,"href":"https:\/\/biblio1.mdp.edu.ar\/centro-ventas\/wp-json\/wp\/v2\/product_tag?post=3958"}],"curies":[{"name":"wp","href":"https:\/\/api.w.org\/{rel}","templated":true}]}}