{"id":3944,"date":"2025-10-23T15:35:24","date_gmt":"2025-10-23T18:35:24","guid":{"rendered":"https:\/\/biblio1.mdp.edu.ar\/centro-ventas\/?post_type=product&#038;p=3944"},"modified":"2025-10-23T15:35:27","modified_gmt":"2025-10-23T18:35:27","slug":"periodismo-y-elecciones-los-riesgos-de-la-manipulacion","status":"publish","type":"product","link":"https:\/\/biblio1.mdp.edu.ar\/centro-ventas\/producto\/periodismo-y-elecciones-los-riesgos-de-la-manipulacion\/","title":{"rendered":"Periodismo y elecciones &#8211; Los Riesgos de la Manipulaci\u00f3n"},"content":{"rendered":"<p>La crisis pol\u00edtica y social que afecta a la Argentina desde fines de 2001 puso en el ojo de la tormenta a instituciones de la democracia. Su expresi\u00f3n m\u00e1s dram\u00e1tica es la p\u00e9rdida de confianza en los representantes, en las autoridades constituidas y hasta en los fundamentos del Estado mismo. En ese agobiante contexto, tambi\u00e9n los medios de comunicaci\u00f3n son objeto de reclamos y de cr\u00edtica. A su turno, algunos comunicadores iniciaron una mirada introspectiva de su quehacer, procurando echar luz sobre errores y omisiones que han erosionado su credibilidad. <em>Periodismo y elecciones<\/em> es una indagaci\u00f3n en ese rumbo:\u00a0 el de las encuestas que pueden generara informaciones falsas; el de los titulares de primera plana que agigantan o reducen la profundidad de un hecho, distanciando a veces la informaci\u00f3n de la realidad para hacerla m\u00e1s edulcorada, y hasta el ocultamiento deliberado de hechos a causa de intereses extraperiod\u00edsticos de algunas empresas de comunicaci\u00f3n.<\/p>\n<p>La investigaci\u00f3n se basa en fuentes documentales de los propios medios, lo que permite realzar su objetividad. Una encuesta en el \u00e1rea metropolitana al hombre com\u00fan nos acerca la opini\u00f3n de la gente sobre medios y periodistas, y otras quince personalidades del quehacer pol\u00edtico, acad\u00e9mico y social nos ofrece una mirada para reflexionar. \u00bf Ha nacido otro periodismo? \u00bfAsistimos a un nuevo modelo de contar la realidad? \u00bf La noticia de hoy pretende informar al ciudadano u orientarlo? Estos y otros interrogantes son planteados en la obra, con la premisa de evitar el riesgo de la manipulaci\u00f3n en una sociedad que se ha tornado intransigente a la hora de valorar a sus instituciones y a todos los protagonistas que act\u00faan en el escenario cotidiano.<\/p>\n","protected":false},"excerpt":{"rendered":"<p>La crisis pol\u00edtica y social que afecta a la Argentina desde fines de 2001 puso en el ojo de la tormenta a instituciones de la democracia. Su expresi\u00f3n m\u00e1s dram\u00e1tica es la p\u00e9rdida de confianza en los representantes, en las autoridades constituidas y hasta en los fundamentos del Estado mismo. En ese agobiante contexto, tambi\u00e9n [&hellip;]<\/p>\n","protected":false},"featured_media":3945,"template":"","meta":{"_acf_changed":false,"_eb_attr":"","_crdt_document":"","_uag_custom_page_level_css":"","_editorskit_title_hidden":false,"_editorskit_reading_time":0,"_editorskit_is_block_options_detached":false,"_editorskit_block_options_position":"{}","site-sidebar-layout":"default","site-content-layout":"","ast-site-content-layout":"default","site-content-style":"default","site-sidebar-style":"default","ast-global-header-display":"","ast-banner-title-visibility":"","ast-main-header-display":"","ast-hfb-above-header-display":"","ast-hfb-below-header-display":"","ast-hfb-mobile-header-display":"","site-post-title":"","ast-breadcrumbs-content":"","ast-featured-img":"","footer-sml-layout":"","ast-disable-related-posts":"","theme-transparent-header-meta":"default","adv-header-id-meta":"","stick-header-meta":"","header-above-stick-meta":"","header-main-stick-meta":"","header-below-stick-meta":"","astra-migrate-meta-layouts":"set","ast-page-background-enabled":"default","ast-page-background-meta":{"desktop":{"background-color":"var(--ast-global-color-4)","background-image":"","background-repeat":"repeat","background-position":"center center","background-size":"auto","background-attachment":"scroll","background-type":"","background-media":"","overlay-type":"","overlay-color":"","overlay-opacity":"","overlay-gradient":""},"tablet":{"background-color":"","background-image":"","background-repeat":"repeat","background-position":"center center","background-size":"auto","background-attachment":"scroll","background-type":"","background-media":"","overlay-type":"","overlay-color":"","overlay-opacity":"","overlay-gradient":""},"mobile":{"background-color":"","background-image":"","background-repeat":"repeat","background-position":"center center","background-size":"auto","background-attachment":"scroll","background-type":"","background-media":"","overlay-type":"","overlay-color":"","overlay-opacity":"","overlay-gradient":""}},"ast-content-background-meta":{"desktop":{"background-color":"var(--ast-global-color-5)","background-image":"","background-repeat":"repeat","background-position":"center center","background-size":"auto","background-attachment":"scroll","background-type":"","background-media":"","overlay-type":"","overlay-color":"","overlay-opacity":"","overlay-gradient":""},"tablet":{"background-color":"var(--ast-global-color-5)","background-image":"","background-repeat":"repeat","background-position":"center center","background-size":"auto","background-attachment":"scroll","background-type":"","background-media":"","overlay-type":"","overlay-color":"","overlay-opacity":"","overlay-gradient":""},"mobile":{"background-color":"var(--ast-global-color-5)","background-image":"","background-repeat":"repeat","background-position":"center center","background-size":"auto","background-attachment":"scroll","background-type":"","background-media":"","overlay-type":"","overlay-color":"","overlay-opacity":"","overlay-gradient":""}}},"product_cat":[696,28],"product_tag":[93,407],"class_list":{"0":"post-3944","1":"product","2":"type-product","3":"status-publish","4":"has-post-thumbnail","6":"product_cat-la-crujia","7":"product_cat-libro","8":"product_tag-comunicacion","9":"product_tag-periodismo","10":"desktop-align-left","11":"tablet-align-left","12":"mobile-align-left","14":"first","15":"instock","16":"shipping-taxable","17":"purchasable","18":"product-type-simple"},"acf":[],"uagb_featured_image_src":{"full":["https:\/\/biblio1.mdp.edu.ar\/centro-ventas\/wp-content\/uploads\/sites\/2\/2025\/10\/D_NQ_NP_474811-MLA20632435712_032016-O.jpg",348,500,false],"thumbnail":["https:\/\/biblio1.mdp.edu.ar\/centro-ventas\/wp-content\/uploads\/sites\/2\/2025\/10\/D_NQ_NP_474811-MLA20632435712_032016-O-150x150.jpg",150,150,true],"medium":["https:\/\/biblio1.mdp.edu.ar\/centro-ventas\/wp-content\/uploads\/sites\/2\/2025\/10\/D_NQ_NP_474811-MLA20632435712_032016-O-209x300.jpg",209,300,true],"medium_large":["https:\/\/biblio1.mdp.edu.ar\/centro-ventas\/wp-content\/uploads\/sites\/2\/2025\/10\/D_NQ_NP_474811-MLA20632435712_032016-O.jpg",348,500,false],"large":["https:\/\/biblio1.mdp.edu.ar\/centro-ventas\/wp-content\/uploads\/sites\/2\/2025\/10\/D_NQ_NP_474811-MLA20632435712_032016-O.jpg",348,500,false],"1536x1536":["https:\/\/biblio1.mdp.edu.ar\/centro-ventas\/wp-content\/uploads\/sites\/2\/2025\/10\/D_NQ_NP_474811-MLA20632435712_032016-O.jpg",348,500,false],"2048x2048":["https:\/\/biblio1.mdp.edu.ar\/centro-ventas\/wp-content\/uploads\/sites\/2\/2025\/10\/D_NQ_NP_474811-MLA20632435712_032016-O.jpg",348,500,false],"woocommerce_thumbnail":["https:\/\/biblio1.mdp.edu.ar\/centro-ventas\/wp-content\/uploads\/sites\/2\/2025\/10\/D_NQ_NP_474811-MLA20632435712_032016-O-300x431.jpg",300,431,true],"woocommerce_single":["https:\/\/biblio1.mdp.edu.ar\/centro-ventas\/wp-content\/uploads\/sites\/2\/2025\/10\/D_NQ_NP_474811-MLA20632435712_032016-O.jpg",348,500,false],"woocommerce_gallery_thumbnail":["https:\/\/biblio1.mdp.edu.ar\/centro-ventas\/wp-content\/uploads\/sites\/2\/2025\/10\/D_NQ_NP_474811-MLA20632435712_032016-O-100x100.jpg",100,100,true]},"uagb_author_info":{"display_name":"Cristina Bernabe","author_link":"https:\/\/biblio1.mdp.edu.ar\/centro-ventas\/author\/"},"uagb_comment_info":0,"uagb_excerpt":"La crisis pol\u00edtica y social que afecta a la Argentina desde fines de 2001 puso en el ojo de la tormenta a instituciones de la democracia. Su expresi\u00f3n m\u00e1s dram\u00e1tica es la p\u00e9rdida de confianza en los representantes, en las autoridades constituidas y hasta en los fundamentos del Estado mismo. En ese agobiante contexto, tambi\u00e9n&hellip;","_links":{"self":[{"href":"https:\/\/biblio1.mdp.edu.ar\/centro-ventas\/wp-json\/wp\/v2\/product\/3944","targetHints":{"allow":["GET"]}}],"collection":[{"href":"https:\/\/biblio1.mdp.edu.ar\/centro-ventas\/wp-json\/wp\/v2\/product"}],"about":[{"href":"https:\/\/biblio1.mdp.edu.ar\/centro-ventas\/wp-json\/wp\/v2\/types\/product"}],"wp:featuredmedia":[{"embeddable":true,"href":"https:\/\/biblio1.mdp.edu.ar\/centro-ventas\/wp-json\/wp\/v2\/media\/3945"}],"wp:attachment":[{"href":"https:\/\/biblio1.mdp.edu.ar\/centro-ventas\/wp-json\/wp\/v2\/media?parent=3944"}],"wp:term":[{"taxonomy":"product_cat","embeddable":true,"href":"https:\/\/biblio1.mdp.edu.ar\/centro-ventas\/wp-json\/wp\/v2\/product_cat?post=3944"},{"taxonomy":"product_tag","embeddable":true,"href":"https:\/\/biblio1.mdp.edu.ar\/centro-ventas\/wp-json\/wp\/v2\/product_tag?post=3944"}],"curies":[{"name":"wp","href":"https:\/\/api.w.org\/{rel}","templated":true}]}}