{"id":3892,"date":"2025-10-16T15:49:35","date_gmt":"2025-10-16T18:49:35","guid":{"rendered":"https:\/\/biblio1.mdp.edu.ar\/centro-ventas\/?post_type=product&#038;p=3892"},"modified":"2025-10-16T15:49:35","modified_gmt":"2025-10-16T18:49:35","slug":"racismo-violencia-y-politica-pensar-el-indoamericano-dos-anos-despues","status":"publish","type":"product","link":"https:\/\/biblio1.mdp.edu.ar\/centro-ventas\/producto\/racismo-violencia-y-politica-pensar-el-indoamericano-dos-anos-despues\/","title":{"rendered":"Racismo, violencia y pol\u00edtica &#8211; Pensar el Indoamericano dos a\u00f1os despu\u00e9s"},"content":{"rendered":"<div class=\"libroDetalle introColecciones\">\n<div class=\"sinopsisLibro\">\n<p>El 7 de diciembre de 2010, la polic\u00eda reprimi\u00f3 severamente a un conjunto de familias que hab\u00edan ocupado una parte del predio del Parque Indoamericano. Esa acci\u00f3n policial provoc\u00f3 muertos y heridos y estimul\u00f3 la intervenci\u00f3n, tambi\u00e9n violenta, de grupos de presuntos representantes de los vecinos del barrio contra los ocupantes, as\u00ed como tambi\u00e9n un debate p\u00fablico y medi\u00e1tico en el que se evidenciaron todo tipo de prejuicios racistas, clasistas y xen\u00f3fobos. El jefe de gobierno de la Ciudad de Buenos Aires responsabiliz\u00f3 por la situaci\u00f3n a lo que llam\u00f3\u00a0 \u00abuna inmigraci\u00f3n descontrolada\u00bb, que algo grotescamente asoci\u00f3, sin ofrecer ninguna prueba veros\u00edmil de lo que dec\u00eda, con \u00abel avance de la delincuencia y el narcotr\u00e1fico\u00bb. Sus dichos fueron seriamente criticados, y con raz\u00f3n, pero lo cierto es que su voz estuvo lejos de ser la \u00fanica que se levant\u00f3, en esos d\u00edas y en los que siguieron, expresando este tipo de torpes y reaccionarias alucinaciones. A casi dos a\u00f1os de ocurridos, estos acontecimientos y sus consecuencias en la escena pol\u00edtica y p\u00fablica en la Argentina act\u00faan como disparadores de dos conjuntos distintos de consideraciones que este libro aborda. Por un lado, varios de los trabajos que re\u00fane este volumen se ocupan del modo en que operan las obsesiones racistas, discriminatorias y violentas en la cultura pol\u00edtica y en el espacio p\u00fablico argentinos. Por otro lado, otros de los textos que componen el libro se ocupan de situar los hechos ocurridos en el marco de una reflexi\u00f3n m\u00e1s general sobre los desaf\u00edos que las transformaciones producidas en nuestra sociedad en las \u00faltimas d\u00e9cadas (y especialmente en la de la gran reestructuraci\u00f3n neoliberal de los 90) plantean: la relaci\u00f3n entre procesos migratorios, transformaciones en el mercado inmobiliario e informalidad, y los problemas de la tierra y la vivienda.<\/p>\n<\/div>\n<\/div>\n<div class=\"libroDetalle introColecciones\"><\/div>\n","protected":false},"excerpt":{"rendered":"<p>El 7 de diciembre de 2010, la polic\u00eda reprimi\u00f3 severamente a un conjunto de familias que hab\u00edan ocupado una parte del predio del Parque Indoamericano. Esa acci\u00f3n policial provoc\u00f3 muertos y heridos y estimul\u00f3 la intervenci\u00f3n, tambi\u00e9n violenta, de grupos de presuntos representantes de los vecinos del barrio contra los ocupantes, as\u00ed como tambi\u00e9n un [&hellip;]<\/p>\n","protected":false},"featured_media":3893,"template":"","meta":{"_acf_changed":false,"_eb_attr":"","_crdt_document":"","_uag_custom_page_level_css":"","_editorskit_title_hidden":false,"_editorskit_reading_time":0,"_editorskit_is_block_options_detached":false,"_editorskit_block_options_position":"{}","site-sidebar-layout":"default","site-content-layout":"","ast-site-content-layout":"default","site-content-style":"default","site-sidebar-style":"default","ast-global-header-display":"","ast-banner-title-visibility":"","ast-main-header-display":"","ast-hfb-above-header-display":"","ast-hfb-below-header-display":"","ast-hfb-mobile-header-display":"","site-post-title":"","ast-breadcrumbs-content":"","ast-featured-img":"","footer-sml-layout":"","ast-disable-related-posts":"","theme-transparent-header-meta":"default","adv-header-id-meta":"","stick-header-meta":"","header-above-stick-meta":"","header-main-stick-meta":"","header-below-stick-meta":"","astra-migrate-meta-layouts":"set","ast-page-background-enabled":"default","ast-page-background-meta":{"desktop":{"background-color":"var(--ast-global-color-4)","background-image":"","background-repeat":"repeat","background-position":"center center","background-size":"auto","background-attachment":"scroll","background-type":"","background-media":"","overlay-type":"","overlay-color":"","overlay-opacity":"","overlay-gradient":""},"tablet":{"background-color":"","background-image":"","background-repeat":"repeat","background-position":"center center","background-size":"auto","background-attachment":"scroll","background-type":"","background-media":"","overlay-type":"","overlay-color":"","overlay-opacity":"","overlay-gradient":""},"mobile":{"background-color":"","background-image":"","background-repeat":"repeat","background-position":"center center","background-size":"auto","background-attachment":"scroll","background-type":"","background-media":"","overlay-type":"","overlay-color":"","overlay-opacity":"","overlay-gradient":""}},"ast-content-background-meta":{"desktop":{"background-color":"var(--ast-global-color-5)","background-image":"","background-repeat":"repeat","background-position":"center center","background-size":"auto","background-attachment":"scroll","background-type":"","background-media":"","overlay-type":"","overlay-color":"","overlay-opacity":"","overlay-gradient":""},"tablet":{"background-color":"var(--ast-global-color-5)","background-image":"","background-repeat":"repeat","background-position":"center center","background-size":"auto","background-attachment":"scroll","background-type":"","background-media":"","overlay-type":"","overlay-color":"","overlay-opacity":"","overlay-gradient":""},"mobile":{"background-color":"var(--ast-global-color-5)","background-image":"","background-repeat":"repeat","background-position":"center center","background-size":"auto","background-attachment":"scroll","background-type":"","background-media":"","overlay-type":"","overlay-color":"","overlay-opacity":"","overlay-gradient":""}}},"product_cat":[28,662],"product_tag":[720],"class_list":{"0":"post-3892","1":"product","2":"type-product","3":"status-publish","4":"has-post-thumbnail","6":"product_cat-libro","7":"product_cat-ungs","8":"product_tag-discriminacion","9":"desktop-align-left","10":"tablet-align-left","11":"mobile-align-left","13":"first","14":"instock","15":"shipping-taxable","16":"purchasable","17":"product-type-simple"},"acf":[],"uagb_featured_image_src":{"full":["https:\/\/biblio1.mdp.edu.ar\/centro-ventas\/wp-content\/uploads\/sites\/2\/2025\/10\/UCI-CM07.jpg",590,826,false],"thumbnail":["https:\/\/biblio1.mdp.edu.ar\/centro-ventas\/wp-content\/uploads\/sites\/2\/2025\/10\/UCI-CM07-150x150.jpg",150,150,true],"medium":["https:\/\/biblio1.mdp.edu.ar\/centro-ventas\/wp-content\/uploads\/sites\/2\/2025\/10\/UCI-CM07-214x300.jpg",214,300,true],"medium_large":["https:\/\/biblio1.mdp.edu.ar\/centro-ventas\/wp-content\/uploads\/sites\/2\/2025\/10\/UCI-CM07.jpg",590,826,false],"large":["https:\/\/biblio1.mdp.edu.ar\/centro-ventas\/wp-content\/uploads\/sites\/2\/2025\/10\/UCI-CM07.jpg",590,826,false],"1536x1536":["https:\/\/biblio1.mdp.edu.ar\/centro-ventas\/wp-content\/uploads\/sites\/2\/2025\/10\/UCI-CM07.jpg",590,826,false],"2048x2048":["https:\/\/biblio1.mdp.edu.ar\/centro-ventas\/wp-content\/uploads\/sites\/2\/2025\/10\/UCI-CM07.jpg",590,826,false],"woocommerce_thumbnail":["https:\/\/biblio1.mdp.edu.ar\/centro-ventas\/wp-content\/uploads\/sites\/2\/2025\/10\/UCI-CM07-300x420.jpg",300,420,true],"woocommerce_single":["https:\/\/biblio1.mdp.edu.ar\/centro-ventas\/wp-content\/uploads\/sites\/2\/2025\/10\/UCI-CM07.jpg",590,826,false],"woocommerce_gallery_thumbnail":["https:\/\/biblio1.mdp.edu.ar\/centro-ventas\/wp-content\/uploads\/sites\/2\/2025\/10\/UCI-CM07-100x100.jpg",100,100,true]},"uagb_author_info":{"display_name":"Cristina Bernabe","author_link":"https:\/\/biblio1.mdp.edu.ar\/centro-ventas\/author\/"},"uagb_comment_info":0,"uagb_excerpt":"El 7 de diciembre de 2010, la polic\u00eda reprimi\u00f3 severamente a un conjunto de familias que hab\u00edan ocupado una parte del predio del Parque Indoamericano. Esa acci\u00f3n policial provoc\u00f3 muertos y heridos y estimul\u00f3 la intervenci\u00f3n, tambi\u00e9n violenta, de grupos de presuntos representantes de los vecinos del barrio contra los ocupantes, as\u00ed como tambi\u00e9n un&hellip;","_links":{"self":[{"href":"https:\/\/biblio1.mdp.edu.ar\/centro-ventas\/wp-json\/wp\/v2\/product\/3892","targetHints":{"allow":["GET"]}}],"collection":[{"href":"https:\/\/biblio1.mdp.edu.ar\/centro-ventas\/wp-json\/wp\/v2\/product"}],"about":[{"href":"https:\/\/biblio1.mdp.edu.ar\/centro-ventas\/wp-json\/wp\/v2\/types\/product"}],"wp:featuredmedia":[{"embeddable":true,"href":"https:\/\/biblio1.mdp.edu.ar\/centro-ventas\/wp-json\/wp\/v2\/media\/3893"}],"wp:attachment":[{"href":"https:\/\/biblio1.mdp.edu.ar\/centro-ventas\/wp-json\/wp\/v2\/media?parent=3892"}],"wp:term":[{"taxonomy":"product_cat","embeddable":true,"href":"https:\/\/biblio1.mdp.edu.ar\/centro-ventas\/wp-json\/wp\/v2\/product_cat?post=3892"},{"taxonomy":"product_tag","embeddable":true,"href":"https:\/\/biblio1.mdp.edu.ar\/centro-ventas\/wp-json\/wp\/v2\/product_tag?post=3892"}],"curies":[{"name":"wp","href":"https:\/\/api.w.org\/{rel}","templated":true}]}}