{"id":3880,"date":"2025-10-09T14:42:06","date_gmt":"2025-10-09T17:42:06","guid":{"rendered":"https:\/\/biblio1.mdp.edu.ar\/centro-ventas\/?post_type=product&#038;p=3880"},"modified":"2025-10-09T14:42:11","modified_gmt":"2025-10-09T17:42:11","slug":"textos-escogidos-karl-polanyi","status":"publish","type":"product","link":"https:\/\/biblio1.mdp.edu.ar\/centro-ventas\/producto\/textos-escogidos-karl-polanyi\/","title":{"rendered":"Textos escogidos &#8211; Karl Polanyi"},"content":{"rendered":"<p>La Colecci\u00f3n Lecturas de econom\u00eda social tiene como objetivo difundir investigaciones cient\u00edficos destacadas, predominantemente te\u00f3ricas, cl\u00e1sicas o que actualizan el campo de las b\u00fasquedas de otra econom\u00eda<br \/>\nLa colecci\u00f3n busca compartir una visi\u00f3n cr\u00edtica de los procesos y teor\u00edas que pretenden autonomizar la estera econ\u00f3mica como mecanismo sin sujeto y reducir la naturaleza humana al homo economicus y sus motivaciones al utilitarismo.<br \/>\nHoy es evidente lo que Kart Polanyi anticipaba en contraposici\u00f3n al liberalismo econ\u00f3mico: globalizar la econom\u00eda como una econom\u00eda de mercado es una utop\u00eda intentar hacerlo es autodestructivo<br \/>\nEn los escritos seleccionados en este volumen, por primera vez disponibles en castellano, Polanyi aborda, adem\u00e1s, una cuesti\u00f3n m\u00e1s amplia: la tensi\u00f3n entre modernidad democr\u00e1tica y econom\u00eda. Tensi\u00f3n que actualiza el neoliberalismo con su afirmaci\u00f3n fatalista de que la sociedad de mercado no solo es deseable, sino inevitable. El pensamiento de Polanyi alienta la idea de que la sociedad se defender\u00e1 construyendo otra econom\u00eda, con mercado y no de mercado, reforzando las relaciones de reciprocidad y de redistribuci\u00f3n y desmercantilizando el trabajo y la naturaleza.<br \/>\nPara tal prop\u00f3sito, se requiere recuperar la naci\u00f3n entre \u00e9tica, econom\u00eda y pol\u00edtica. A ello contribuyen sus escritos con una actualidad sombrosa<br \/>\nSu obra esta abierta a desarrollos diversos, en di\u00e1logo con teor\u00edas y cosmovisiones actuales y es extraordinariamente f\u00e9rtil para pensar cr\u00edticamente en momentos de gran incertidumbre.<\/p>\n","protected":false},"excerpt":{"rendered":"<p>La Colecci\u00f3n Lecturas de econom\u00eda social tiene como objetivo difundir investigaciones cient\u00edficos destacadas, predominantemente te\u00f3ricas, cl\u00e1sicas o que actualizan el campo de las b\u00fasquedas de otra econom\u00eda La colecci\u00f3n busca compartir una visi\u00f3n cr\u00edtica de los procesos y teor\u00edas que pretenden autonomizar la estera econ\u00f3mica como mecanismo sin sujeto y reducir la naturaleza humana al [&hellip;]<\/p>\n","protected":false},"featured_media":3881,"template":"","meta":{"_acf_changed":false,"_eb_attr":"","_crdt_document":"","_uag_custom_page_level_css":"","_editorskit_title_hidden":false,"_editorskit_reading_time":0,"_editorskit_is_block_options_detached":false,"_editorskit_block_options_position":"{}","site-sidebar-layout":"default","site-content-layout":"","ast-site-content-layout":"default","site-content-style":"default","site-sidebar-style":"default","ast-global-header-display":"","ast-banner-title-visibility":"","ast-main-header-display":"","ast-hfb-above-header-display":"","ast-hfb-below-header-display":"","ast-hfb-mobile-header-display":"","site-post-title":"","ast-breadcrumbs-content":"","ast-featured-img":"","footer-sml-layout":"","ast-disable-related-posts":"","theme-transparent-header-meta":"default","adv-header-id-meta":"","stick-header-meta":"","header-above-stick-meta":"","header-main-stick-meta":"","header-below-stick-meta":"","astra-migrate-meta-layouts":"set","ast-page-background-enabled":"default","ast-page-background-meta":{"desktop":{"background-color":"var(--ast-global-color-4)","background-image":"","background-repeat":"repeat","background-position":"center center","background-size":"auto","background-attachment":"scroll","background-type":"","background-media":"","overlay-type":"","overlay-color":"","overlay-opacity":"","overlay-gradient":""},"tablet":{"background-color":"","background-image":"","background-repeat":"repeat","background-position":"center center","background-size":"auto","background-attachment":"scroll","background-type":"","background-media":"","overlay-type":"","overlay-color":"","overlay-opacity":"","overlay-gradient":""},"mobile":{"background-color":"","background-image":"","background-repeat":"repeat","background-position":"center center","background-size":"auto","background-attachment":"scroll","background-type":"","background-media":"","overlay-type":"","overlay-color":"","overlay-opacity":"","overlay-gradient":""}},"ast-content-background-meta":{"desktop":{"background-color":"var(--ast-global-color-5)","background-image":"","background-repeat":"repeat","background-position":"center center","background-size":"auto","background-attachment":"scroll","background-type":"","background-media":"","overlay-type":"","overlay-color":"","overlay-opacity":"","overlay-gradient":""},"tablet":{"background-color":"var(--ast-global-color-5)","background-image":"","background-repeat":"repeat","background-position":"center center","background-size":"auto","background-attachment":"scroll","background-type":"","background-media":"","overlay-type":"","overlay-color":"","overlay-opacity":"","overlay-gradient":""},"mobile":{"background-color":"var(--ast-global-color-5)","background-image":"","background-repeat":"repeat","background-position":"center center","background-size":"auto","background-attachment":"scroll","background-type":"","background-media":"","overlay-type":"","overlay-color":"","overlay-opacity":"","overlay-gradient":""}}},"product_cat":[28,662],"product_tag":[234,715],"class_list":{"0":"post-3880","1":"product","2":"type-product","3":"status-publish","4":"has-post-thumbnail","6":"product_cat-libro","7":"product_cat-ungs","8":"product_tag-economia","9":"product_tag-liberlismo-economico","10":"desktop-align-left","11":"tablet-align-left","12":"mobile-align-left","14":"first","15":"instock","16":"shipping-taxable","17":"purchasable","18":"product-type-simple"},"acf":[],"uagb_featured_image_src":{"full":["https:\/\/biblio1.mdp.edu.ar\/centro-ventas\/wp-content\/uploads\/sites\/2\/2025\/10\/UCI-9789876301329.jpg",300,420,false],"thumbnail":["https:\/\/biblio1.mdp.edu.ar\/centro-ventas\/wp-content\/uploads\/sites\/2\/2025\/10\/UCI-9789876301329-150x150.jpg",150,150,true],"medium":["https:\/\/biblio1.mdp.edu.ar\/centro-ventas\/wp-content\/uploads\/sites\/2\/2025\/10\/UCI-9789876301329-214x300.jpg",214,300,true],"medium_large":["https:\/\/biblio1.mdp.edu.ar\/centro-ventas\/wp-content\/uploads\/sites\/2\/2025\/10\/UCI-9789876301329.jpg",300,420,false],"large":["https:\/\/biblio1.mdp.edu.ar\/centro-ventas\/wp-content\/uploads\/sites\/2\/2025\/10\/UCI-9789876301329.jpg",300,420,false],"1536x1536":["https:\/\/biblio1.mdp.edu.ar\/centro-ventas\/wp-content\/uploads\/sites\/2\/2025\/10\/UCI-9789876301329.jpg",300,420,false],"2048x2048":["https:\/\/biblio1.mdp.edu.ar\/centro-ventas\/wp-content\/uploads\/sites\/2\/2025\/10\/UCI-9789876301329.jpg",300,420,false],"woocommerce_thumbnail":["https:\/\/biblio1.mdp.edu.ar\/centro-ventas\/wp-content\/uploads\/sites\/2\/2025\/10\/UCI-9789876301329.jpg",300,420,false],"woocommerce_single":["https:\/\/biblio1.mdp.edu.ar\/centro-ventas\/wp-content\/uploads\/sites\/2\/2025\/10\/UCI-9789876301329.jpg",300,420,false],"woocommerce_gallery_thumbnail":["https:\/\/biblio1.mdp.edu.ar\/centro-ventas\/wp-content\/uploads\/sites\/2\/2025\/10\/UCI-9789876301329-100x100.jpg",100,100,true]},"uagb_author_info":{"display_name":"Cristina Bernabe","author_link":"https:\/\/biblio1.mdp.edu.ar\/centro-ventas\/author\/"},"uagb_comment_info":0,"uagb_excerpt":"La Colecci\u00f3n Lecturas de econom\u00eda social tiene como objetivo difundir investigaciones cient\u00edficos destacadas, predominantemente te\u00f3ricas, cl\u00e1sicas o que actualizan el campo de las b\u00fasquedas de otra econom\u00eda La colecci\u00f3n busca compartir una visi\u00f3n cr\u00edtica de los procesos y teor\u00edas que pretenden autonomizar la estera econ\u00f3mica como mecanismo sin sujeto y reducir la naturaleza humana al&hellip;","_links":{"self":[{"href":"https:\/\/biblio1.mdp.edu.ar\/centro-ventas\/wp-json\/wp\/v2\/product\/3880","targetHints":{"allow":["GET"]}}],"collection":[{"href":"https:\/\/biblio1.mdp.edu.ar\/centro-ventas\/wp-json\/wp\/v2\/product"}],"about":[{"href":"https:\/\/biblio1.mdp.edu.ar\/centro-ventas\/wp-json\/wp\/v2\/types\/product"}],"wp:featuredmedia":[{"embeddable":true,"href":"https:\/\/biblio1.mdp.edu.ar\/centro-ventas\/wp-json\/wp\/v2\/media\/3881"}],"wp:attachment":[{"href":"https:\/\/biblio1.mdp.edu.ar\/centro-ventas\/wp-json\/wp\/v2\/media?parent=3880"}],"wp:term":[{"taxonomy":"product_cat","embeddable":true,"href":"https:\/\/biblio1.mdp.edu.ar\/centro-ventas\/wp-json\/wp\/v2\/product_cat?post=3880"},{"taxonomy":"product_tag","embeddable":true,"href":"https:\/\/biblio1.mdp.edu.ar\/centro-ventas\/wp-json\/wp\/v2\/product_tag?post=3880"}],"curies":[{"name":"wp","href":"https:\/\/api.w.org\/{rel}","templated":true}]}}