{"id":3876,"date":"2025-10-08T16:51:44","date_gmt":"2025-10-08T19:51:44","guid":{"rendered":"https:\/\/biblio1.mdp.edu.ar\/centro-ventas\/?post_type=product&#038;p=3876"},"modified":"2025-10-08T17:41:38","modified_gmt":"2025-10-08T20:41:38","slug":"las-brechas-del-pueblo-reflexiones-sobre-identidades-populares-y-populismo-2","status":"publish","type":"product","link":"https:\/\/biblio1.mdp.edu.ar\/centro-ventas\/producto\/las-brechas-del-pueblo-reflexiones-sobre-identidades-populares-y-populismo-2\/","title":{"rendered":"Las brechas del pueblo. Reflexiones sobre identidades populares y populismo"},"content":{"rendered":"<p>Rese\u00f1a Este libro &#8211; el primero de la presente colecci\u00f3n &#8211; constituye un rico aporte para construir mejor nuestras preguntas sobre un asunto central de la discusi\u00f3n te\u00f3rico-pol\u00edtica contempor\u00e1nea: el de la constituci\u00f3n del pueblo y de la pol\u00edtica popular. Sabemos que el pueblo no es una esencia, sino un sujeto que se constituye en la acci\u00f3n. Tambi\u00e9n (en especial a partir de la sugestiva tesis de Ernesto Laclau) que su fuerza surge de la tensi\u00f3n entre su ser universal y su ser particular. Laclau nos devela la centralidad de esta tensi\u00f3n, pero resuelve que la pol\u00edtica democr\u00e1tica significa siempre la constituci\u00f3n populista de la parte baja de la sociedad en el todo social. En cambio, aqu\u00ed se muestra que esta es solo una posibilidad, y que la potencia transformadora del populismo radica justamente en su capacidad para mantener esa tensi\u00f3n entre parte y todo. Movimiento de reparaci\u00f3n del da\u00f1o sufrido por la plebs, el populismo produce una divisi\u00f3n interna a la comunidad, pero mantiene la tensi\u00f3n entre su representaci\u00f3n de toda la comunidad y su reivindicaci\u00f3n de la sociedad postergada. Por eso se aleja tanto de la democracia liberal como del autoritarismo. Por eso, tambi\u00e9n, avanza como vector de igualaci\u00f3n social y pol\u00edtica, pero sin terminar de disolver las diferencias<\/p>\n","protected":false},"excerpt":{"rendered":"<p>Rese\u00f1a Este libro &#8211; el primero de la presente colecci\u00f3n &#8211; constituye un rico aporte para construir mejor nuestras preguntas sobre un asunto central de la discusi\u00f3n te\u00f3rico-pol\u00edtica contempor\u00e1nea: el de la constituci\u00f3n del pueblo y de la pol\u00edtica popular. Sabemos que el pueblo no es una esencia, sino un sujeto que se constituye en [&hellip;]<\/p>\n","protected":false},"featured_media":3877,"template":"","meta":{"_acf_changed":false,"_eb_attr":"","_crdt_document":"","_uag_custom_page_level_css":"","_editorskit_title_hidden":false,"_editorskit_reading_time":0,"_editorskit_is_block_options_detached":false,"_editorskit_block_options_position":"{}","site-sidebar-layout":"default","site-content-layout":"","ast-site-content-layout":"default","site-content-style":"default","site-sidebar-style":"default","ast-global-header-display":"","ast-banner-title-visibility":"","ast-main-header-display":"","ast-hfb-above-header-display":"","ast-hfb-below-header-display":"","ast-hfb-mobile-header-display":"","site-post-title":"","ast-breadcrumbs-content":"","ast-featured-img":"","footer-sml-layout":"","ast-disable-related-posts":"","theme-transparent-header-meta":"default","adv-header-id-meta":"","stick-header-meta":"","header-above-stick-meta":"","header-main-stick-meta":"","header-below-stick-meta":"","astra-migrate-meta-layouts":"set","ast-page-background-enabled":"default","ast-page-background-meta":{"desktop":{"background-color":"var(--ast-global-color-4)","background-image":"","background-repeat":"repeat","background-position":"center center","background-size":"auto","background-attachment":"scroll","background-type":"","background-media":"","overlay-type":"","overlay-color":"","overlay-opacity":"","overlay-gradient":""},"tablet":{"background-color":"","background-image":"","background-repeat":"repeat","background-position":"center center","background-size":"auto","background-attachment":"scroll","background-type":"","background-media":"","overlay-type":"","overlay-color":"","overlay-opacity":"","overlay-gradient":""},"mobile":{"background-color":"","background-image":"","background-repeat":"repeat","background-position":"center center","background-size":"auto","background-attachment":"scroll","background-type":"","background-media":"","overlay-type":"","overlay-color":"","overlay-opacity":"","overlay-gradient":""}},"ast-content-background-meta":{"desktop":{"background-color":"var(--ast-global-color-5)","background-image":"","background-repeat":"repeat","background-position":"center center","background-size":"auto","background-attachment":"scroll","background-type":"","background-media":"","overlay-type":"","overlay-color":"","overlay-opacity":"","overlay-gradient":""},"tablet":{"background-color":"var(--ast-global-color-5)","background-image":"","background-repeat":"repeat","background-position":"center center","background-size":"auto","background-attachment":"scroll","background-type":"","background-media":"","overlay-type":"","overlay-color":"","overlay-opacity":"","overlay-gradient":""},"mobile":{"background-color":"var(--ast-global-color-5)","background-image":"","background-repeat":"repeat","background-position":"center center","background-size":"auto","background-attachment":"scroll","background-type":"","background-media":"","overlay-type":"","overlay-color":"","overlay-opacity":"","overlay-gradient":""}}},"product_cat":[28,662],"product_tag":[161,666],"class_list":{"0":"post-3876","1":"product","2":"type-product","3":"status-publish","4":"has-post-thumbnail","6":"product_cat-libro","7":"product_cat-ungs","8":"product_tag-ciencias-politicas","9":"product_tag-teorias-politicas","10":"desktop-align-left","11":"tablet-align-left","12":"mobile-align-left","14":"first","15":"instock","16":"shipping-taxable","17":"purchasable","18":"product-type-simple"},"acf":[],"uagb_featured_image_src":{"full":["https:\/\/biblio1.mdp.edu.ar\/centro-ventas\/wp-content\/uploads\/sites\/2\/2025\/10\/UCI-9789876301565.jpg",300,420,false],"thumbnail":["https:\/\/biblio1.mdp.edu.ar\/centro-ventas\/wp-content\/uploads\/sites\/2\/2025\/10\/UCI-9789876301565-150x150.jpg",150,150,true],"medium":["https:\/\/biblio1.mdp.edu.ar\/centro-ventas\/wp-content\/uploads\/sites\/2\/2025\/10\/UCI-9789876301565-214x300.jpg",214,300,true],"medium_large":["https:\/\/biblio1.mdp.edu.ar\/centro-ventas\/wp-content\/uploads\/sites\/2\/2025\/10\/UCI-9789876301565.jpg",300,420,false],"large":["https:\/\/biblio1.mdp.edu.ar\/centro-ventas\/wp-content\/uploads\/sites\/2\/2025\/10\/UCI-9789876301565.jpg",300,420,false],"1536x1536":["https:\/\/biblio1.mdp.edu.ar\/centro-ventas\/wp-content\/uploads\/sites\/2\/2025\/10\/UCI-9789876301565.jpg",300,420,false],"2048x2048":["https:\/\/biblio1.mdp.edu.ar\/centro-ventas\/wp-content\/uploads\/sites\/2\/2025\/10\/UCI-9789876301565.jpg",300,420,false],"woocommerce_thumbnail":["https:\/\/biblio1.mdp.edu.ar\/centro-ventas\/wp-content\/uploads\/sites\/2\/2025\/10\/UCI-9789876301565.jpg",300,420,false],"woocommerce_single":["https:\/\/biblio1.mdp.edu.ar\/centro-ventas\/wp-content\/uploads\/sites\/2\/2025\/10\/UCI-9789876301565.jpg",300,420,false],"woocommerce_gallery_thumbnail":["https:\/\/biblio1.mdp.edu.ar\/centro-ventas\/wp-content\/uploads\/sites\/2\/2025\/10\/UCI-9789876301565-100x100.jpg",100,100,true]},"uagb_author_info":{"display_name":"Cristina Bernabe","author_link":"https:\/\/biblio1.mdp.edu.ar\/centro-ventas\/author\/"},"uagb_comment_info":0,"uagb_excerpt":"Rese\u00f1a Este libro &#8211; el primero de la presente colecci\u00f3n &#8211; constituye un rico aporte para construir mejor nuestras preguntas sobre un asunto central de la discusi\u00f3n te\u00f3rico-pol\u00edtica contempor\u00e1nea: el de la constituci\u00f3n del pueblo y de la pol\u00edtica popular. Sabemos que el pueblo no es una esencia, sino un sujeto que se constituye en&hellip;","_links":{"self":[{"href":"https:\/\/biblio1.mdp.edu.ar\/centro-ventas\/wp-json\/wp\/v2\/product\/3876","targetHints":{"allow":["GET"]}}],"collection":[{"href":"https:\/\/biblio1.mdp.edu.ar\/centro-ventas\/wp-json\/wp\/v2\/product"}],"about":[{"href":"https:\/\/biblio1.mdp.edu.ar\/centro-ventas\/wp-json\/wp\/v2\/types\/product"}],"wp:featuredmedia":[{"embeddable":true,"href":"https:\/\/biblio1.mdp.edu.ar\/centro-ventas\/wp-json\/wp\/v2\/media\/3877"}],"wp:attachment":[{"href":"https:\/\/biblio1.mdp.edu.ar\/centro-ventas\/wp-json\/wp\/v2\/media?parent=3876"}],"wp:term":[{"taxonomy":"product_cat","embeddable":true,"href":"https:\/\/biblio1.mdp.edu.ar\/centro-ventas\/wp-json\/wp\/v2\/product_cat?post=3876"},{"taxonomy":"product_tag","embeddable":true,"href":"https:\/\/biblio1.mdp.edu.ar\/centro-ventas\/wp-json\/wp\/v2\/product_tag?post=3876"}],"curies":[{"name":"wp","href":"https:\/\/api.w.org\/{rel}","templated":true}]}}