{"id":3811,"date":"2025-09-30T17:18:54","date_gmt":"2025-09-30T20:18:54","guid":{"rendered":"https:\/\/biblio1.mdp.edu.ar\/centro-ventas\/?post_type=product&#038;p=3811"},"modified":"2026-04-01T15:47:16","modified_gmt":"2026-04-01T18:47:16","slug":"la-perdida-de-realidad-en-la-clinica-psicoanalitica-de-las-neurosis","status":"publish","type":"product","link":"https:\/\/biblio1.mdp.edu.ar\/centro-ventas\/producto\/la-perdida-de-realidad-en-la-clinica-psicoanalitica-de-las-neurosis\/","title":{"rendered":"La \u00abp\u00e9rdida de realidad\u00bb en la Cl\u00ednica Psicoanal\u00edtica de las neurosis"},"content":{"rendered":"<div class=\"row\">\n<div class=\"col-md-7\"><span style=\"font-size: 16px\">El libro da cuenta de una investigaci\u00f3n sobre los fen\u00f3menos de \u201cp\u00e9rdida de realidad\u201d -despersonalizaci\u00f3n, desrealizaci\u00f3n, fen\u00f3menos \u201cd\u00e8j\u00e1\u201d, angustia, alucinaciones, etc-. Y al mismo tiempo, analiza la presencia de este tipo de fen\u00f3menos en la experiencia de terminaci\u00f3n de un tratamiento psicoanal\u00edtico.<\/span><\/div>\n<\/div>\n<div class=\"row\">\n<div class=\"col-md-7\">\n<p><span data-sheets-formula-bar-text-style=\"font-size:13px;color:#000000;font-weight:normal;text-decoration:none;font-family: Arial ;font-style:normal;text-decoration-skip-ink:none;\">El autor se interroga por la cura psicoanal\u00edtica, por sus efectos, y por las operaciones que se llevan a cabo en su devenir. Realiza un estudio de los fen\u00f3menos de \u201cp\u00e9rdida de realidad\u201d en las neurosis y las psicosis, y de las elaboraciones te\u00f3ricas a las que dieron lugar en la obra de Sigmund Freud y de Jacques Lacan, a fin de delimitar con precisi\u00f3n el papel y alcance de las nociones de \u201cRealidad\u201d, \u201cReal\u201d, \u201cP\u00e9rdida de Realidad\u201d en el contexto de la cl\u00ednica psicoanal\u00edtica de las neurosis.<\/span><\/p>\n<p><span data-sheets-formula-bar-text-style=\"font-size:13px;color:#000000;font-weight:normal;text-decoration:none;font-family: Arial ;font-style:normal;text-decoration-skip-ink:none;\">La obra pretende avanzar hacia la delimitaci\u00f3n de un modelo de direcci\u00f3n de la cura que tome en consideraci\u00f3n el papel que la realidad juega respecto a las diversas posiciones del sujeto (neurosis \u2013 psicosis), y espec\u00edficamente con relaci\u00f3n a la cura de la neurosis, integrar la dimensi\u00f3n de \u201cp\u00e9rdida de realidad\u201d como un punto a atravesar en la l\u00f3gica de la cura.<\/span><\/p>\n<\/div>\n<\/div>\n","protected":false},"excerpt":{"rendered":"<p>El libro da cuenta de una investigaci\u00f3n sobre los fen\u00f3menos de \u201cp\u00e9rdida de realidad\u201d -despersonalizaci\u00f3n, desrealizaci\u00f3n, fen\u00f3menos \u201cd\u00e8j\u00e1\u201d, angustia, alucinaciones, etc-. Y al mismo tiempo, analiza la presencia de este tipo de fen\u00f3menos en la experiencia de terminaci\u00f3n de un tratamiento psicoanal\u00edtico. El autor se interroga por la cura psicoanal\u00edtica, por sus efectos, y por [&hellip;]<\/p>\n","protected":false},"featured_media":3812,"template":"","meta":{"_acf_changed":false,"_eb_attr":"","_crdt_document":"","_uag_custom_page_level_css":"","_editorskit_title_hidden":false,"_editorskit_reading_time":0,"_editorskit_is_block_options_detached":false,"_editorskit_block_options_position":"{}","site-sidebar-layout":"default","site-content-layout":"","ast-site-content-layout":"default","site-content-style":"default","site-sidebar-style":"default","ast-global-header-display":"","ast-banner-title-visibility":"","ast-main-header-display":"","ast-hfb-above-header-display":"","ast-hfb-below-header-display":"","ast-hfb-mobile-header-display":"","site-post-title":"","ast-breadcrumbs-content":"","ast-featured-img":"","footer-sml-layout":"","ast-disable-related-posts":"","theme-transparent-header-meta":"default","adv-header-id-meta":"","stick-header-meta":"","header-above-stick-meta":"","header-main-stick-meta":"","header-below-stick-meta":"","astra-migrate-meta-layouts":"set","ast-page-background-enabled":"default","ast-page-background-meta":{"desktop":{"background-color":"var(--ast-global-color-4)","background-image":"","background-repeat":"repeat","background-position":"center center","background-size":"auto","background-attachment":"scroll","background-type":"","background-media":"","overlay-type":"","overlay-color":"","overlay-opacity":"","overlay-gradient":""},"tablet":{"background-color":"","background-image":"","background-repeat":"repeat","background-position":"center center","background-size":"auto","background-attachment":"scroll","background-type":"","background-media":"","overlay-type":"","overlay-color":"","overlay-opacity":"","overlay-gradient":""},"mobile":{"background-color":"","background-image":"","background-repeat":"repeat","background-position":"center center","background-size":"auto","background-attachment":"scroll","background-type":"","background-media":"","overlay-type":"","overlay-color":"","overlay-opacity":"","overlay-gradient":""}},"ast-content-background-meta":{"desktop":{"background-color":"var(--ast-global-color-5)","background-image":"","background-repeat":"repeat","background-position":"center center","background-size":"auto","background-attachment":"scroll","background-type":"","background-media":"","overlay-type":"","overlay-color":"","overlay-opacity":"","overlay-gradient":""},"tablet":{"background-color":"var(--ast-global-color-5)","background-image":"","background-repeat":"repeat","background-position":"center center","background-size":"auto","background-attachment":"scroll","background-type":"","background-media":"","overlay-type":"","overlay-color":"","overlay-opacity":"","overlay-gradient":""},"mobile":{"background-color":"var(--ast-global-color-5)","background-image":"","background-repeat":"repeat","background-position":"center center","background-size":"auto","background-attachment":"scroll","background-type":"","background-media":"","overlay-type":"","overlay-color":"","overlay-opacity":"","overlay-gradient":""}}},"product_cat":[32,28],"product_tag":[],"class_list":{"0":"post-3811","1":"product","2":"type-product","3":"status-publish","4":"has-post-thumbnail","6":"product_cat-edudem","7":"product_cat-libro","8":"desktop-align-left","9":"tablet-align-left","10":"mobile-align-left","12":"first","13":"instock","14":"featured","15":"shipping-taxable","16":"purchasable","17":"product-type-simple"},"acf":[],"uagb_featured_image_src":{"full":["https:\/\/biblio1.mdp.edu.ar\/centro-ventas\/wp-content\/uploads\/sites\/2\/2025\/09\/TAPA-la-perdida-de-la-realdad.jpg",1220,1954,false],"thumbnail":["https:\/\/biblio1.mdp.edu.ar\/centro-ventas\/wp-content\/uploads\/sites\/2\/2025\/09\/TAPA-la-perdida-de-la-realdad-150x150.jpg",150,150,true],"medium":["https:\/\/biblio1.mdp.edu.ar\/centro-ventas\/wp-content\/uploads\/sites\/2\/2025\/09\/TAPA-la-perdida-de-la-realdad-187x300.jpg",187,300,true],"medium_large":["https:\/\/biblio1.mdp.edu.ar\/centro-ventas\/wp-content\/uploads\/sites\/2\/2025\/09\/TAPA-la-perdida-de-la-realdad-768x1230.jpg",768,1230,true],"large":["https:\/\/biblio1.mdp.edu.ar\/centro-ventas\/wp-content\/uploads\/sites\/2\/2025\/09\/TAPA-la-perdida-de-la-realdad-639x1024.jpg",639,1024,true],"1536x1536":["https:\/\/biblio1.mdp.edu.ar\/centro-ventas\/wp-content\/uploads\/sites\/2\/2025\/09\/TAPA-la-perdida-de-la-realdad-959x1536.jpg",959,1536,true],"2048x2048":["https:\/\/biblio1.mdp.edu.ar\/centro-ventas\/wp-content\/uploads\/sites\/2\/2025\/09\/TAPA-la-perdida-de-la-realdad.jpg",1220,1954,false],"woocommerce_thumbnail":["https:\/\/biblio1.mdp.edu.ar\/centro-ventas\/wp-content\/uploads\/sites\/2\/2025\/09\/TAPA-la-perdida-de-la-realdad-300x480.jpg",300,480,true],"woocommerce_single":["https:\/\/biblio1.mdp.edu.ar\/centro-ventas\/wp-content\/uploads\/sites\/2\/2025\/09\/TAPA-la-perdida-de-la-realdad-600x961.jpg",600,961,true],"woocommerce_gallery_thumbnail":["https:\/\/biblio1.mdp.edu.ar\/centro-ventas\/wp-content\/uploads\/sites\/2\/2025\/09\/TAPA-la-perdida-de-la-realdad-100x100.jpg",100,100,true]},"uagb_author_info":{"display_name":"Cristina Bernabe","author_link":"https:\/\/biblio1.mdp.edu.ar\/centro-ventas\/author\/"},"uagb_comment_info":0,"uagb_excerpt":"El libro da cuenta de una investigaci\u00f3n sobre los fen\u00f3menos de \u201cp\u00e9rdida de realidad\u201d -despersonalizaci\u00f3n, desrealizaci\u00f3n, fen\u00f3menos \u201cd\u00e8j\u00e1\u201d, angustia, alucinaciones, etc-. Y al mismo tiempo, analiza la presencia de este tipo de fen\u00f3menos en la experiencia de terminaci\u00f3n de un tratamiento psicoanal\u00edtico. El autor se interroga por la cura psicoanal\u00edtica, por sus efectos, y por&hellip;","_links":{"self":[{"href":"https:\/\/biblio1.mdp.edu.ar\/centro-ventas\/wp-json\/wp\/v2\/product\/3811","targetHints":{"allow":["GET"]}}],"collection":[{"href":"https:\/\/biblio1.mdp.edu.ar\/centro-ventas\/wp-json\/wp\/v2\/product"}],"about":[{"href":"https:\/\/biblio1.mdp.edu.ar\/centro-ventas\/wp-json\/wp\/v2\/types\/product"}],"wp:featuredmedia":[{"embeddable":true,"href":"https:\/\/biblio1.mdp.edu.ar\/centro-ventas\/wp-json\/wp\/v2\/media\/3812"}],"wp:attachment":[{"href":"https:\/\/biblio1.mdp.edu.ar\/centro-ventas\/wp-json\/wp\/v2\/media?parent=3811"}],"wp:term":[{"taxonomy":"product_cat","embeddable":true,"href":"https:\/\/biblio1.mdp.edu.ar\/centro-ventas\/wp-json\/wp\/v2\/product_cat?post=3811"},{"taxonomy":"product_tag","embeddable":true,"href":"https:\/\/biblio1.mdp.edu.ar\/centro-ventas\/wp-json\/wp\/v2\/product_tag?post=3811"}],"curies":[{"name":"wp","href":"https:\/\/api.w.org\/{rel}","templated":true}]}}