{"id":3655,"date":"2025-08-25T15:54:14","date_gmt":"2025-08-25T18:54:14","guid":{"rendered":"https:\/\/biblio1.mdp.edu.ar\/centro-ventas\/?post_type=product&#038;p=3655"},"modified":"2025-08-25T16:02:36","modified_gmt":"2025-08-25T19:02:36","slug":"el-bicentenario-desde-una-mirada-interdisciplinaria","status":"publish","type":"product","link":"https:\/\/biblio1.mdp.edu.ar\/centro-ventas\/producto\/el-bicentenario-desde-una-mirada-interdisciplinaria\/","title":{"rendered":"El Bicentenario desde una mirada interdisciplinaria."},"content":{"rendered":"<p>El Bicentenario desde una mirada\u00a0 interdisciplinaria. Legados, conflictos y desaf\u00edos<br \/>\nEsta publicaci\u00f3n constituye una parte de las m\u00faltiples producciones realizadas en ocasi\u00f3n del Congreso El Bicentenario desde una<br \/>\nmirada interdisciplinaria: Legados, conflictos y desaf\u00edos, actividad central en la agenda organizada por la UNC en conmemoraci\u00f3n<br \/>\ndel Bicentenario de Mayo.<br \/>\nLas problem\u00e1ticas que se abordaron desde las diferentes disciplinas, al incorporar el contexto \u2013social, pol\u00edtico, econ\u00f3mico, cultural\u2013, posibilitaron el encuentro con trabajos sobre una misma o similares tem\u00e1ticas desde disciplinas diferentes. Con una mirada puesta en las tres dimensiones de la temporalidad, el pasado bisecular, el presente como experiencia y el futuro como horizonte de expectativas, se vincularon ejes tem\u00e1ticos con las circunstancias que hicieron de nuestro pa\u00eds lo que es, con sus debilidades y fortalezas<\/p>\n","protected":false},"excerpt":{"rendered":"<p>El Bicentenario desde una mirada\u00a0 interdisciplinaria. Legados, conflictos y desaf\u00edos Esta publicaci\u00f3n constituye una parte de las m\u00faltiples producciones realizadas en ocasi\u00f3n del Congreso El Bicentenario desde una mirada interdisciplinaria: Legados, conflictos y desaf\u00edos, actividad central en la agenda organizada por la UNC en conmemoraci\u00f3n del Bicentenario de Mayo. Las problem\u00e1ticas que se abordaron desde [&hellip;]<\/p>\n","protected":false},"featured_media":3657,"template":"","meta":{"_acf_changed":false,"_eb_attr":"","_crdt_document":"","_uag_custom_page_level_css":"","_editorskit_title_hidden":false,"_editorskit_reading_time":0,"_editorskit_is_block_options_detached":false,"_editorskit_block_options_position":"{}","site-sidebar-layout":"default","site-content-layout":"","ast-site-content-layout":"default","site-content-style":"default","site-sidebar-style":"default","ast-global-header-display":"","ast-banner-title-visibility":"","ast-main-header-display":"","ast-hfb-above-header-display":"","ast-hfb-below-header-display":"","ast-hfb-mobile-header-display":"","site-post-title":"","ast-breadcrumbs-content":"","ast-featured-img":"","footer-sml-layout":"","ast-disable-related-posts":"","theme-transparent-header-meta":"default","adv-header-id-meta":"","stick-header-meta":"","header-above-stick-meta":"","header-main-stick-meta":"","header-below-stick-meta":"","astra-migrate-meta-layouts":"set","ast-page-background-enabled":"default","ast-page-background-meta":{"desktop":{"background-color":"var(--ast-global-color-4)","background-image":"","background-repeat":"repeat","background-position":"center center","background-size":"auto","background-attachment":"scroll","background-type":"","background-media":"","overlay-type":"","overlay-color":"","overlay-opacity":"","overlay-gradient":""},"tablet":{"background-color":"","background-image":"","background-repeat":"repeat","background-position":"center center","background-size":"auto","background-attachment":"scroll","background-type":"","background-media":"","overlay-type":"","overlay-color":"","overlay-opacity":"","overlay-gradient":""},"mobile":{"background-color":"","background-image":"","background-repeat":"repeat","background-position":"center center","background-size":"auto","background-attachment":"scroll","background-type":"","background-media":"","overlay-type":"","overlay-color":"","overlay-opacity":"","overlay-gradient":""}},"ast-content-background-meta":{"desktop":{"background-color":"var(--ast-global-color-5)","background-image":"","background-repeat":"repeat","background-position":"center center","background-size":"auto","background-attachment":"scroll","background-type":"","background-media":"","overlay-type":"","overlay-color":"","overlay-opacity":"","overlay-gradient":""},"tablet":{"background-color":"var(--ast-global-color-5)","background-image":"","background-repeat":"repeat","background-position":"center center","background-size":"auto","background-attachment":"scroll","background-type":"","background-media":"","overlay-type":"","overlay-color":"","overlay-opacity":"","overlay-gradient":""},"mobile":{"background-color":"var(--ast-global-color-5)","background-image":"","background-repeat":"repeat","background-position":"center center","background-size":"auto","background-attachment":"scroll","background-type":"","background-media":"","overlay-type":"","overlay-color":"","overlay-opacity":"","overlay-gradient":""}}},"product_cat":[28,680],"product_tag":[681],"class_list":{"0":"post-3655","1":"product","2":"type-product","3":"status-publish","4":"has-post-thumbnail","6":"product_cat-libro","7":"product_cat-unc","8":"product_tag-bicentenario","9":"desktop-align-left","10":"tablet-align-left","11":"mobile-align-left","13":"first","14":"instock","15":"shipping-taxable","16":"purchasable","17":"product-type-simple"},"acf":[],"uagb_featured_image_src":{"full":["https:\/\/biblio1.mdp.edu.ar\/centro-ventas\/wp-content\/uploads\/sites\/2\/2025\/08\/D_NQ_NP_794991-MLA81198888158_122024-O.jpg",330,500,false],"thumbnail":["https:\/\/biblio1.mdp.edu.ar\/centro-ventas\/wp-content\/uploads\/sites\/2\/2025\/08\/D_NQ_NP_794991-MLA81198888158_122024-O-150x150.jpg",150,150,true],"medium":["https:\/\/biblio1.mdp.edu.ar\/centro-ventas\/wp-content\/uploads\/sites\/2\/2025\/08\/D_NQ_NP_794991-MLA81198888158_122024-O-198x300.jpg",198,300,true],"medium_large":["https:\/\/biblio1.mdp.edu.ar\/centro-ventas\/wp-content\/uploads\/sites\/2\/2025\/08\/D_NQ_NP_794991-MLA81198888158_122024-O.jpg",330,500,false],"large":["https:\/\/biblio1.mdp.edu.ar\/centro-ventas\/wp-content\/uploads\/sites\/2\/2025\/08\/D_NQ_NP_794991-MLA81198888158_122024-O.jpg",330,500,false],"1536x1536":["https:\/\/biblio1.mdp.edu.ar\/centro-ventas\/wp-content\/uploads\/sites\/2\/2025\/08\/D_NQ_NP_794991-MLA81198888158_122024-O.jpg",330,500,false],"2048x2048":["https:\/\/biblio1.mdp.edu.ar\/centro-ventas\/wp-content\/uploads\/sites\/2\/2025\/08\/D_NQ_NP_794991-MLA81198888158_122024-O.jpg",330,500,false],"woocommerce_thumbnail":["https:\/\/biblio1.mdp.edu.ar\/centro-ventas\/wp-content\/uploads\/sites\/2\/2025\/08\/D_NQ_NP_794991-MLA81198888158_122024-O-300x455.jpg",300,455,true],"woocommerce_single":["https:\/\/biblio1.mdp.edu.ar\/centro-ventas\/wp-content\/uploads\/sites\/2\/2025\/08\/D_NQ_NP_794991-MLA81198888158_122024-O.jpg",330,500,false],"woocommerce_gallery_thumbnail":["https:\/\/biblio1.mdp.edu.ar\/centro-ventas\/wp-content\/uploads\/sites\/2\/2025\/08\/D_NQ_NP_794991-MLA81198888158_122024-O-100x100.jpg",100,100,true]},"uagb_author_info":{"display_name":"Cristina Bernabe","author_link":"https:\/\/biblio1.mdp.edu.ar\/centro-ventas\/author\/"},"uagb_comment_info":0,"uagb_excerpt":"El Bicentenario desde una mirada\u00a0 interdisciplinaria. Legados, conflictos y desaf\u00edos Esta publicaci\u00f3n constituye una parte de las m\u00faltiples producciones realizadas en ocasi\u00f3n del Congreso El Bicentenario desde una mirada interdisciplinaria: Legados, conflictos y desaf\u00edos, actividad central en la agenda organizada por la UNC en conmemoraci\u00f3n del Bicentenario de Mayo. Las problem\u00e1ticas que se abordaron desde&hellip;","_links":{"self":[{"href":"https:\/\/biblio1.mdp.edu.ar\/centro-ventas\/wp-json\/wp\/v2\/product\/3655","targetHints":{"allow":["GET"]}}],"collection":[{"href":"https:\/\/biblio1.mdp.edu.ar\/centro-ventas\/wp-json\/wp\/v2\/product"}],"about":[{"href":"https:\/\/biblio1.mdp.edu.ar\/centro-ventas\/wp-json\/wp\/v2\/types\/product"}],"wp:featuredmedia":[{"embeddable":true,"href":"https:\/\/biblio1.mdp.edu.ar\/centro-ventas\/wp-json\/wp\/v2\/media\/3657"}],"wp:attachment":[{"href":"https:\/\/biblio1.mdp.edu.ar\/centro-ventas\/wp-json\/wp\/v2\/media?parent=3655"}],"wp:term":[{"taxonomy":"product_cat","embeddable":true,"href":"https:\/\/biblio1.mdp.edu.ar\/centro-ventas\/wp-json\/wp\/v2\/product_cat?post=3655"},{"taxonomy":"product_tag","embeddable":true,"href":"https:\/\/biblio1.mdp.edu.ar\/centro-ventas\/wp-json\/wp\/v2\/product_tag?post=3655"}],"curies":[{"name":"wp","href":"https:\/\/api.w.org\/{rel}","templated":true}]}}