{"id":3610,"date":"2025-07-18T15:24:12","date_gmt":"2025-07-18T18:24:12","guid":{"rendered":"https:\/\/biblio1.mdp.edu.ar\/centro-ventas\/?post_type=product&#038;p=3610"},"modified":"2025-08-13T15:09:16","modified_gmt":"2025-08-13T18:09:16","slug":"vida-y-tiempo-de-la-republica-contingencia-y-conflicto-politico-en-maquiavelo","status":"publish","type":"product","link":"https:\/\/biblio1.mdp.edu.ar\/centro-ventas\/producto\/vida-y-tiempo-de-la-republica-contingencia-y-conflicto-politico-en-maquiavelo\/","title":{"rendered":"Vida y tiempo de la rep\u00fablica &#8211; Contingencia y conflicto pol\u00edtico en Maquiavelo"},"content":{"rendered":"<div class=\"libroDetalle introColecciones\">\n<div class=\"datosLibro\"><span style=\"font-size: 16px\">Este libro explora en la filigrana de la obra de Maquiavelo, que luego de casi 500 a\u00f1os de condena moral vuelve a establecer un nutrido di\u00e1logo con el pensamiento pol\u00edtico, la asunci\u00f3n de la contingencia y el conflicto como factum de la pol\u00edtica. Hasta qu\u00e9 punto seremos capaces de asumir todas las consecuencias que se siguen de afirmar una pol\u00edtica de la contingencia y el conflicto es el interrogante que ordena el trazo general de este trabajo, que hunde sus instrumentos en el pensamiento pol\u00edtico renacentista y dialoga con la filosof\u00eda contempor\u00e1nea, llamando la atenci\u00f3n sobre cierto consensualismo en torno a la aceptaci\u00f3n de la conflictividad, que corre el riesgo de despotenciar sus m\u00e1s vivas consecuencias te\u00f3ricas y pol\u00edticas. El deseo, la divisi\u00f3n, la ocasi\u00f3n, la fortuna y la virt\u00fa, aparecen como \u00edndices de un trayecto donde el pensamiento maquiaveliano es perseguido a partir de las ideas de vida y tiempo, para alcanzar en la tensi\u00f3n entre democracia y rep\u00fablica el sentido y la potencia pol\u00edtica de la producci\u00f3n institucional del gobierno popular. Este estudio se mide con el necesario cuestionamiento inscripto en la reflexi\u00f3n de Maquiavelo sobre un pensamiento cr\u00edtico que, sin perder su radicalidad, ilumine las posibilidades de la producci\u00f3n colectiva de la pol\u00edtica.<\/span><\/div>\n<\/div>\n","protected":false},"excerpt":{"rendered":"<p>Este libro explora en la filigrana de la obra de Maquiavelo, que luego de casi 500 a\u00f1os de condena moral vuelve a establecer un nutrido di\u00e1logo con el pensamiento pol\u00edtico, la asunci\u00f3n de la contingencia y el conflicto como factum de la pol\u00edtica. Hasta qu\u00e9 punto seremos capaces de asumir todas las consecuencias que se [&hellip;]<\/p>\n","protected":false},"featured_media":3612,"template":"","meta":{"_acf_changed":false,"_eb_attr":"","_crdt_document":"","_uag_custom_page_level_css":"","_editorskit_title_hidden":false,"_editorskit_reading_time":0,"_editorskit_is_block_options_detached":false,"_editorskit_block_options_position":"{}","site-sidebar-layout":"default","site-content-layout":"","ast-site-content-layout":"default","site-content-style":"default","site-sidebar-style":"default","ast-global-header-display":"","ast-banner-title-visibility":"","ast-main-header-display":"","ast-hfb-above-header-display":"","ast-hfb-below-header-display":"","ast-hfb-mobile-header-display":"","site-post-title":"","ast-breadcrumbs-content":"","ast-featured-img":"","footer-sml-layout":"","ast-disable-related-posts":"","theme-transparent-header-meta":"default","adv-header-id-meta":"","stick-header-meta":"","header-above-stick-meta":"","header-main-stick-meta":"","header-below-stick-meta":"","astra-migrate-meta-layouts":"set","ast-page-background-enabled":"default","ast-page-background-meta":{"desktop":{"background-color":"var(--ast-global-color-4)","background-image":"","background-repeat":"repeat","background-position":"center center","background-size":"auto","background-attachment":"scroll","background-type":"","background-media":"","overlay-type":"","overlay-color":"","overlay-opacity":"","overlay-gradient":""},"tablet":{"background-color":"","background-image":"","background-repeat":"repeat","background-position":"center center","background-size":"auto","background-attachment":"scroll","background-type":"","background-media":"","overlay-type":"","overlay-color":"","overlay-opacity":"","overlay-gradient":""},"mobile":{"background-color":"","background-image":"","background-repeat":"repeat","background-position":"center center","background-size":"auto","background-attachment":"scroll","background-type":"","background-media":"","overlay-type":"","overlay-color":"","overlay-opacity":"","overlay-gradient":""}},"ast-content-background-meta":{"desktop":{"background-color":"var(--ast-global-color-5)","background-image":"","background-repeat":"repeat","background-position":"center center","background-size":"auto","background-attachment":"scroll","background-type":"","background-media":"","overlay-type":"","overlay-color":"","overlay-opacity":"","overlay-gradient":""},"tablet":{"background-color":"var(--ast-global-color-5)","background-image":"","background-repeat":"repeat","background-position":"center center","background-size":"auto","background-attachment":"scroll","background-type":"","background-media":"","overlay-type":"","overlay-color":"","overlay-opacity":"","overlay-gradient":""},"mobile":{"background-color":"var(--ast-global-color-5)","background-image":"","background-repeat":"repeat","background-position":"center center","background-size":"auto","background-attachment":"scroll","background-type":"","background-media":"","overlay-type":"","overlay-color":"","overlay-opacity":"","overlay-gradient":""}}},"product_cat":[28,662],"product_tag":[161,177,196],"class_list":{"0":"post-3610","1":"product","2":"type-product","3":"status-publish","4":"has-post-thumbnail","6":"product_cat-libro","7":"product_cat-ungs","8":"product_tag-ciencias-politicas","9":"product_tag-filosofia","10":"product_tag-humanidades","11":"desktop-align-left","12":"tablet-align-left","13":"mobile-align-left","15":"first","16":"instock","17":"shipping-taxable","18":"purchasable","19":"product-type-simple"},"acf":[],"uagb_featured_image_src":{"full":["https:\/\/biblio1.mdp.edu.ar\/centro-ventas\/wp-content\/uploads\/sites\/2\/2025\/07\/UCI-9789876301626.jpg",300,420,false],"thumbnail":["https:\/\/biblio1.mdp.edu.ar\/centro-ventas\/wp-content\/uploads\/sites\/2\/2025\/07\/UCI-9789876301626-150x150.jpg",150,150,true],"medium":["https:\/\/biblio1.mdp.edu.ar\/centro-ventas\/wp-content\/uploads\/sites\/2\/2025\/07\/UCI-9789876301626-214x300.jpg",214,300,true],"medium_large":["https:\/\/biblio1.mdp.edu.ar\/centro-ventas\/wp-content\/uploads\/sites\/2\/2025\/07\/UCI-9789876301626.jpg",300,420,false],"large":["https:\/\/biblio1.mdp.edu.ar\/centro-ventas\/wp-content\/uploads\/sites\/2\/2025\/07\/UCI-9789876301626.jpg",300,420,false],"1536x1536":["https:\/\/biblio1.mdp.edu.ar\/centro-ventas\/wp-content\/uploads\/sites\/2\/2025\/07\/UCI-9789876301626.jpg",300,420,false],"2048x2048":["https:\/\/biblio1.mdp.edu.ar\/centro-ventas\/wp-content\/uploads\/sites\/2\/2025\/07\/UCI-9789876301626.jpg",300,420,false],"woocommerce_thumbnail":["https:\/\/biblio1.mdp.edu.ar\/centro-ventas\/wp-content\/uploads\/sites\/2\/2025\/07\/UCI-9789876301626.jpg",300,420,false],"woocommerce_single":["https:\/\/biblio1.mdp.edu.ar\/centro-ventas\/wp-content\/uploads\/sites\/2\/2025\/07\/UCI-9789876301626.jpg",300,420,false],"woocommerce_gallery_thumbnail":["https:\/\/biblio1.mdp.edu.ar\/centro-ventas\/wp-content\/uploads\/sites\/2\/2025\/07\/UCI-9789876301626-100x100.jpg",100,100,true]},"uagb_author_info":{"display_name":"Cristina Bernabe","author_link":"https:\/\/biblio1.mdp.edu.ar\/centro-ventas\/author\/"},"uagb_comment_info":0,"uagb_excerpt":"Este libro explora en la filigrana de la obra de Maquiavelo, que luego de casi 500 a\u00f1os de condena moral vuelve a establecer un nutrido di\u00e1logo con el pensamiento pol\u00edtico, la asunci\u00f3n de la contingencia y el conflicto como factum de la pol\u00edtica. Hasta qu\u00e9 punto seremos capaces de asumir todas las consecuencias que se&hellip;","_links":{"self":[{"href":"https:\/\/biblio1.mdp.edu.ar\/centro-ventas\/wp-json\/wp\/v2\/product\/3610","targetHints":{"allow":["GET"]}}],"collection":[{"href":"https:\/\/biblio1.mdp.edu.ar\/centro-ventas\/wp-json\/wp\/v2\/product"}],"about":[{"href":"https:\/\/biblio1.mdp.edu.ar\/centro-ventas\/wp-json\/wp\/v2\/types\/product"}],"wp:featuredmedia":[{"embeddable":true,"href":"https:\/\/biblio1.mdp.edu.ar\/centro-ventas\/wp-json\/wp\/v2\/media\/3612"}],"wp:attachment":[{"href":"https:\/\/biblio1.mdp.edu.ar\/centro-ventas\/wp-json\/wp\/v2\/media?parent=3610"}],"wp:term":[{"taxonomy":"product_cat","embeddable":true,"href":"https:\/\/biblio1.mdp.edu.ar\/centro-ventas\/wp-json\/wp\/v2\/product_cat?post=3610"},{"taxonomy":"product_tag","embeddable":true,"href":"https:\/\/biblio1.mdp.edu.ar\/centro-ventas\/wp-json\/wp\/v2\/product_tag?post=3610"}],"curies":[{"name":"wp","href":"https:\/\/api.w.org\/{rel}","templated":true}]}}