{"id":3608,"date":"2025-07-18T15:22:03","date_gmt":"2025-07-18T18:22:03","guid":{"rendered":"https:\/\/biblio1.mdp.edu.ar\/centro-ventas\/?post_type=product&#038;p=3608"},"modified":"2025-08-13T15:08:26","modified_gmt":"2025-08-13T18:08:26","slug":"educacion-matematica-aportes-a-la-formacion-docente-desde-distintos-enfoques-teoricos","status":"publish","type":"product","link":"https:\/\/biblio1.mdp.edu.ar\/centro-ventas\/producto\/educacion-matematica-aportes-a-la-formacion-docente-desde-distintos-enfoques-teoricos\/","title":{"rendered":"Educaci\u00f3n Matem\u00e1tica &#8211; Aportes a la formaci\u00f3n docente desde distintos enfoques te\u00f3ricos"},"content":{"rendered":"<p>La formaci\u00f3n del profesor debe incluir un conocimiento sobre tem\u00e1ticas de Educaci\u00f3n Matem\u00e1tica que le permita entender las teor\u00edas subyacentes a los lineamientos curriculares, incorporar resultados de investigaciones y fundamentar sus propias decisiones matem\u00e1tico-did\u00e1cticas. Cada uno de los once cap\u00edtulos de este libro presenta, de la mano de autores que han trabajado y contribuido a su desarrollo, una tem\u00e1tica diferente: alg\u00fan enfoque de Did\u00e1ctica de la Matem\u00e1tica, alguna l\u00ednea de investigaci\u00f3n en Educaci\u00f3n Matem\u00e1tica, alguna aproximaci\u00f3n did\u00e1ctico-metodol\u00f3gica y Filosof\u00eda e Historia de la Matem\u00e1tica. Cada cap\u00edtulo enfatiza lo que caracteriza a cada tem\u00e1tica, describe algunos de sus elementos te\u00f3ricos m\u00e1s relevantes y explicita distintas vinculaciones pr\u00e1cticas con la formaci\u00f3n de profesores. Esta obra posibilita a estudiantes de profesorados de Matem\u00e1tica, docentes formados y en actividad y tambi\u00e9n a formadores de profesores actualizar sus conocimientos en distintas tem\u00e1ticas de Educaci\u00f3n Matem\u00e1tica y contribuir con su desarrollo profesional.<\/p>\n","protected":false},"excerpt":{"rendered":"<p>La formaci\u00f3n del profesor debe incluir un conocimiento sobre tem\u00e1ticas de Educaci\u00f3n Matem\u00e1tica que le permita entender las teor\u00edas subyacentes a los lineamientos curriculares, incorporar resultados de investigaciones y fundamentar sus propias decisiones matem\u00e1tico-did\u00e1cticas. Cada uno de los once cap\u00edtulos de este libro presenta, de la mano de autores que han trabajado y contribuido a [&hellip;]<\/p>\n","protected":false},"featured_media":3609,"template":"","meta":{"_acf_changed":false,"_eb_attr":"","_crdt_document":"","_uag_custom_page_level_css":"","_editorskit_title_hidden":false,"_editorskit_reading_time":0,"_editorskit_is_block_options_detached":false,"_editorskit_block_options_position":"{}","site-sidebar-layout":"default","site-content-layout":"","ast-site-content-layout":"default","site-content-style":"default","site-sidebar-style":"default","ast-global-header-display":"","ast-banner-title-visibility":"","ast-main-header-display":"","ast-hfb-above-header-display":"","ast-hfb-below-header-display":"","ast-hfb-mobile-header-display":"","site-post-title":"","ast-breadcrumbs-content":"","ast-featured-img":"","footer-sml-layout":"","ast-disable-related-posts":"","theme-transparent-header-meta":"default","adv-header-id-meta":"","stick-header-meta":"","header-above-stick-meta":"","header-main-stick-meta":"","header-below-stick-meta":"","astra-migrate-meta-layouts":"set","ast-page-background-enabled":"default","ast-page-background-meta":{"desktop":{"background-color":"var(--ast-global-color-4)","background-image":"","background-repeat":"repeat","background-position":"center center","background-size":"auto","background-attachment":"scroll","background-type":"","background-media":"","overlay-type":"","overlay-color":"","overlay-opacity":"","overlay-gradient":""},"tablet":{"background-color":"","background-image":"","background-repeat":"repeat","background-position":"center center","background-size":"auto","background-attachment":"scroll","background-type":"","background-media":"","overlay-type":"","overlay-color":"","overlay-opacity":"","overlay-gradient":""},"mobile":{"background-color":"","background-image":"","background-repeat":"repeat","background-position":"center center","background-size":"auto","background-attachment":"scroll","background-type":"","background-media":"","overlay-type":"","overlay-color":"","overlay-opacity":"","overlay-gradient":""}},"ast-content-background-meta":{"desktop":{"background-color":"var(--ast-global-color-5)","background-image":"","background-repeat":"repeat","background-position":"center center","background-size":"auto","background-attachment":"scroll","background-type":"","background-media":"","overlay-type":"","overlay-color":"","overlay-opacity":"","overlay-gradient":""},"tablet":{"background-color":"var(--ast-global-color-5)","background-image":"","background-repeat":"repeat","background-position":"center center","background-size":"auto","background-attachment":"scroll","background-type":"","background-media":"","overlay-type":"","overlay-color":"","overlay-opacity":"","overlay-gradient":""},"mobile":{"background-color":"var(--ast-global-color-5)","background-image":"","background-repeat":"repeat","background-position":"center center","background-size":"auto","background-attachment":"scroll","background-type":"","background-media":"","overlay-type":"","overlay-color":"","overlay-opacity":"","overlay-gradient":""}}},"product_cat":[28,662],"product_tag":[385,668,667],"class_list":{"0":"post-3608","1":"product","2":"type-product","3":"status-publish","4":"has-post-thumbnail","6":"product_cat-libro","7":"product_cat-ungs","8":"product_tag-educacion","9":"product_tag-formacion-docente","10":"product_tag-matematica","11":"desktop-align-left","12":"tablet-align-left","13":"mobile-align-left","15":"first","16":"instock","17":"shipping-taxable","18":"purchasable","19":"product-type-simple"},"acf":[],"uagb_featured_image_src":{"full":["https:\/\/biblio1.mdp.edu.ar\/centro-ventas\/wp-content\/uploads\/sites\/2\/2025\/07\/UCI-9789876301169.jpg",590,825,false],"thumbnail":["https:\/\/biblio1.mdp.edu.ar\/centro-ventas\/wp-content\/uploads\/sites\/2\/2025\/07\/UCI-9789876301169-150x150.jpg",150,150,true],"medium":["https:\/\/biblio1.mdp.edu.ar\/centro-ventas\/wp-content\/uploads\/sites\/2\/2025\/07\/UCI-9789876301169-215x300.jpg",215,300,true],"medium_large":["https:\/\/biblio1.mdp.edu.ar\/centro-ventas\/wp-content\/uploads\/sites\/2\/2025\/07\/UCI-9789876301169.jpg",590,825,false],"large":["https:\/\/biblio1.mdp.edu.ar\/centro-ventas\/wp-content\/uploads\/sites\/2\/2025\/07\/UCI-9789876301169.jpg",590,825,false],"1536x1536":["https:\/\/biblio1.mdp.edu.ar\/centro-ventas\/wp-content\/uploads\/sites\/2\/2025\/07\/UCI-9789876301169.jpg",590,825,false],"2048x2048":["https:\/\/biblio1.mdp.edu.ar\/centro-ventas\/wp-content\/uploads\/sites\/2\/2025\/07\/UCI-9789876301169.jpg",590,825,false],"woocommerce_thumbnail":["https:\/\/biblio1.mdp.edu.ar\/centro-ventas\/wp-content\/uploads\/sites\/2\/2025\/07\/UCI-9789876301169-300x419.jpg",300,419,true],"woocommerce_single":["https:\/\/biblio1.mdp.edu.ar\/centro-ventas\/wp-content\/uploads\/sites\/2\/2025\/07\/UCI-9789876301169.jpg",590,825,false],"woocommerce_gallery_thumbnail":["https:\/\/biblio1.mdp.edu.ar\/centro-ventas\/wp-content\/uploads\/sites\/2\/2025\/07\/UCI-9789876301169-100x100.jpg",100,100,true]},"uagb_author_info":{"display_name":"Cristina Bernabe","author_link":"https:\/\/biblio1.mdp.edu.ar\/centro-ventas\/author\/"},"uagb_comment_info":0,"uagb_excerpt":"La formaci\u00f3n del profesor debe incluir un conocimiento sobre tem\u00e1ticas de Educaci\u00f3n Matem\u00e1tica que le permita entender las teor\u00edas subyacentes a los lineamientos curriculares, incorporar resultados de investigaciones y fundamentar sus propias decisiones matem\u00e1tico-did\u00e1cticas. Cada uno de los once cap\u00edtulos de este libro presenta, de la mano de autores que han trabajado y contribuido a&hellip;","_links":{"self":[{"href":"https:\/\/biblio1.mdp.edu.ar\/centro-ventas\/wp-json\/wp\/v2\/product\/3608","targetHints":{"allow":["GET"]}}],"collection":[{"href":"https:\/\/biblio1.mdp.edu.ar\/centro-ventas\/wp-json\/wp\/v2\/product"}],"about":[{"href":"https:\/\/biblio1.mdp.edu.ar\/centro-ventas\/wp-json\/wp\/v2\/types\/product"}],"wp:featuredmedia":[{"embeddable":true,"href":"https:\/\/biblio1.mdp.edu.ar\/centro-ventas\/wp-json\/wp\/v2\/media\/3609"}],"wp:attachment":[{"href":"https:\/\/biblio1.mdp.edu.ar\/centro-ventas\/wp-json\/wp\/v2\/media?parent=3608"}],"wp:term":[{"taxonomy":"product_cat","embeddable":true,"href":"https:\/\/biblio1.mdp.edu.ar\/centro-ventas\/wp-json\/wp\/v2\/product_cat?post=3608"},{"taxonomy":"product_tag","embeddable":true,"href":"https:\/\/biblio1.mdp.edu.ar\/centro-ventas\/wp-json\/wp\/v2\/product_tag?post=3608"}],"curies":[{"name":"wp","href":"https:\/\/api.w.org\/{rel}","templated":true}]}}