{"id":3570,"date":"2025-07-02T16:40:00","date_gmt":"2025-07-02T19:40:00","guid":{"rendered":"https:\/\/biblio1.mdp.edu.ar\/centro-ventas\/?post_type=product&#038;p=3570"},"modified":"2025-07-18T13:51:43","modified_gmt":"2025-07-18T16:51:43","slug":"evolucion-historica-y-juridica-de-los-procesos-de-integracion-de-la-union-europea-y-el-mercosur","status":"publish","type":"product","link":"https:\/\/biblio1.mdp.edu.ar\/centro-ventas\/producto\/evolucion-historica-y-juridica-de-los-procesos-de-integracion-de-la-union-europea-y-el-mercosur\/","title":{"rendered":"Evoluci\u00f3n hist\u00f3rica y jur\u00eddica de los procesos de integraci\u00f3n de la Uni\u00f3n Europea y el Mercosur"},"content":{"rendered":"<p>Los procesos de integraci\u00f3n regional que llevan varias d\u00e9cadas de existencia, tanto en Am\u00e9rica Latina como en Europa, han obligado a los pa\u00edses que los protagonizan a hacer una profunda reflexi\u00f3n sobre los modos de legislar los nuevos aspectos que surgen de esa integraci\u00f3n. En este volumen, un significativo n\u00famero de especialistas analiza las transformaciones operadas a lo largo de los a\u00f1os en la organizaci\u00f3n jur\u00eddica de los bloques regionales del Mercosur y de la Uni\u00f3n Europea. Los temas de reflexi\u00f3n abordados se despliegan en un multifac\u00e9tico abanico que incluye problem\u00e1ticas asociadas a la historia, al derecho, a la econom\u00eda, a la educaci\u00f3n, a la circulaci\u00f3n por los territorios comprendidos en el bloque y a otras cuestiones. Asimismo, tambi\u00e9n presentan interrogantes a prop\u00f3sito de los alcances logrados y de las asignaturas pendientes.<\/p>\n","protected":false},"excerpt":{"rendered":"<p>Los procesos de integraci\u00f3n regional que llevan varias d\u00e9cadas de existencia, tanto en Am\u00e9rica Latina como en Europa, han obligado a los pa\u00edses que los protagonizan a hacer una profunda reflexi\u00f3n sobre los modos de legislar los nuevos aspectos que surgen de esa integraci\u00f3n. En este volumen, un significativo n\u00famero de especialistas analiza las transformaciones [&hellip;]<\/p>\n","protected":false},"featured_media":3571,"template":"","meta":{"_acf_changed":false,"_eb_attr":"","_crdt_document":"","_uag_custom_page_level_css":"","_editorskit_title_hidden":false,"_editorskit_reading_time":0,"_editorskit_is_block_options_detached":false,"_editorskit_block_options_position":"{}","site-sidebar-layout":"default","site-content-layout":"","ast-site-content-layout":"default","site-content-style":"default","site-sidebar-style":"default","ast-global-header-display":"","ast-banner-title-visibility":"","ast-main-header-display":"","ast-hfb-above-header-display":"","ast-hfb-below-header-display":"","ast-hfb-mobile-header-display":"","site-post-title":"","ast-breadcrumbs-content":"","ast-featured-img":"","footer-sml-layout":"","ast-disable-related-posts":"","theme-transparent-header-meta":"default","adv-header-id-meta":"","stick-header-meta":"","header-above-stick-meta":"","header-main-stick-meta":"","header-below-stick-meta":"","astra-migrate-meta-layouts":"set","ast-page-background-enabled":"default","ast-page-background-meta":{"desktop":{"background-color":"var(--ast-global-color-4)","background-image":"","background-repeat":"repeat","background-position":"center center","background-size":"auto","background-attachment":"scroll","background-type":"","background-media":"","overlay-type":"","overlay-color":"","overlay-opacity":"","overlay-gradient":""},"tablet":{"background-color":"","background-image":"","background-repeat":"repeat","background-position":"center center","background-size":"auto","background-attachment":"scroll","background-type":"","background-media":"","overlay-type":"","overlay-color":"","overlay-opacity":"","overlay-gradient":""},"mobile":{"background-color":"","background-image":"","background-repeat":"repeat","background-position":"center center","background-size":"auto","background-attachment":"scroll","background-type":"","background-media":"","overlay-type":"","overlay-color":"","overlay-opacity":"","overlay-gradient":""}},"ast-content-background-meta":{"desktop":{"background-color":"var(--ast-global-color-5)","background-image":"","background-repeat":"repeat","background-position":"center center","background-size":"auto","background-attachment":"scroll","background-type":"","background-media":"","overlay-type":"","overlay-color":"","overlay-opacity":"","overlay-gradient":""},"tablet":{"background-color":"var(--ast-global-color-5)","background-image":"","background-repeat":"repeat","background-position":"center center","background-size":"auto","background-attachment":"scroll","background-type":"","background-media":"","overlay-type":"","overlay-color":"","overlay-opacity":"","overlay-gradient":""},"mobile":{"background-color":"var(--ast-global-color-5)","background-image":"","background-repeat":"repeat","background-position":"center center","background-size":"auto","background-attachment":"scroll","background-type":"","background-media":"","overlay-type":"","overlay-color":"","overlay-opacity":"","overlay-gradient":""}}},"product_cat":[632,130,28,637],"product_tag":[161,57],"class_list":{"0":"post-3570","1":"product","2":"type-product","3":"status-publish","4":"has-post-thumbnail","6":"product_cat-derecho","7":"product_cat-eudeba-libro","8":"product_cat-libro","9":"product_cat-punto-de-venta-derecho","10":"product_tag-ciencias-politicas","11":"product_tag-derecho","12":"desktop-align-left","13":"tablet-align-left","14":"mobile-align-left","16":"first","17":"instock","18":"shipping-taxable","19":"purchasable","20":"product-type-simple"},"acf":[],"uagb_featured_image_src":{"full":["https:\/\/biblio1.mdp.edu.ar\/centro-ventas\/wp-content\/uploads\/sites\/2\/2025\/07\/9789502318578-c7c90a7b8c0ee5a97017482712136048-640-0.jpg",640,867,false],"thumbnail":["https:\/\/biblio1.mdp.edu.ar\/centro-ventas\/wp-content\/uploads\/sites\/2\/2025\/07\/9789502318578-c7c90a7b8c0ee5a97017482712136048-640-0-150x150.jpg",150,150,true],"medium":["https:\/\/biblio1.mdp.edu.ar\/centro-ventas\/wp-content\/uploads\/sites\/2\/2025\/07\/9789502318578-c7c90a7b8c0ee5a97017482712136048-640-0-221x300.jpg",221,300,true],"medium_large":["https:\/\/biblio1.mdp.edu.ar\/centro-ventas\/wp-content\/uploads\/sites\/2\/2025\/07\/9789502318578-c7c90a7b8c0ee5a97017482712136048-640-0.jpg",640,867,false],"large":["https:\/\/biblio1.mdp.edu.ar\/centro-ventas\/wp-content\/uploads\/sites\/2\/2025\/07\/9789502318578-c7c90a7b8c0ee5a97017482712136048-640-0.jpg",640,867,false],"1536x1536":["https:\/\/biblio1.mdp.edu.ar\/centro-ventas\/wp-content\/uploads\/sites\/2\/2025\/07\/9789502318578-c7c90a7b8c0ee5a97017482712136048-640-0.jpg",640,867,false],"2048x2048":["https:\/\/biblio1.mdp.edu.ar\/centro-ventas\/wp-content\/uploads\/sites\/2\/2025\/07\/9789502318578-c7c90a7b8c0ee5a97017482712136048-640-0.jpg",640,867,false],"woocommerce_thumbnail":["https:\/\/biblio1.mdp.edu.ar\/centro-ventas\/wp-content\/uploads\/sites\/2\/2025\/07\/9789502318578-c7c90a7b8c0ee5a97017482712136048-640-0-300x406.jpg",300,406,true],"woocommerce_single":["https:\/\/biblio1.mdp.edu.ar\/centro-ventas\/wp-content\/uploads\/sites\/2\/2025\/07\/9789502318578-c7c90a7b8c0ee5a97017482712136048-640-0-600x813.jpg",600,813,true],"woocommerce_gallery_thumbnail":["https:\/\/biblio1.mdp.edu.ar\/centro-ventas\/wp-content\/uploads\/sites\/2\/2025\/07\/9789502318578-c7c90a7b8c0ee5a97017482712136048-640-0-100x100.jpg",100,100,true]},"uagb_author_info":{"display_name":"Cristina Bernabe","author_link":"https:\/\/biblio1.mdp.edu.ar\/centro-ventas\/author\/"},"uagb_comment_info":0,"uagb_excerpt":"Los procesos de integraci\u00f3n regional que llevan varias d\u00e9cadas de existencia, tanto en Am\u00e9rica Latina como en Europa, han obligado a los pa\u00edses que los protagonizan a hacer una profunda reflexi\u00f3n sobre los modos de legislar los nuevos aspectos que surgen de esa integraci\u00f3n. En este volumen, un significativo n\u00famero de especialistas analiza las transformaciones&hellip;","_links":{"self":[{"href":"https:\/\/biblio1.mdp.edu.ar\/centro-ventas\/wp-json\/wp\/v2\/product\/3570","targetHints":{"allow":["GET"]}}],"collection":[{"href":"https:\/\/biblio1.mdp.edu.ar\/centro-ventas\/wp-json\/wp\/v2\/product"}],"about":[{"href":"https:\/\/biblio1.mdp.edu.ar\/centro-ventas\/wp-json\/wp\/v2\/types\/product"}],"wp:featuredmedia":[{"embeddable":true,"href":"https:\/\/biblio1.mdp.edu.ar\/centro-ventas\/wp-json\/wp\/v2\/media\/3571"}],"wp:attachment":[{"href":"https:\/\/biblio1.mdp.edu.ar\/centro-ventas\/wp-json\/wp\/v2\/media?parent=3570"}],"wp:term":[{"taxonomy":"product_cat","embeddable":true,"href":"https:\/\/biblio1.mdp.edu.ar\/centro-ventas\/wp-json\/wp\/v2\/product_cat?post=3570"},{"taxonomy":"product_tag","embeddable":true,"href":"https:\/\/biblio1.mdp.edu.ar\/centro-ventas\/wp-json\/wp\/v2\/product_tag?post=3570"}],"curies":[{"name":"wp","href":"https:\/\/api.w.org\/{rel}","templated":true}]}}