{"id":3519,"date":"2025-06-18T16:21:30","date_gmt":"2025-06-18T19:21:30","guid":{"rendered":"https:\/\/biblio1.mdp.edu.ar\/centro-ventas\/?post_type=product&#038;p=3519"},"modified":"2025-06-18T16:21:34","modified_gmt":"2025-06-18T19:21:34","slug":"constitucion-de-la-ciudad-autonoma-de-buenos-aires","status":"publish","type":"product","link":"https:\/\/biblio1.mdp.edu.ar\/centro-ventas\/producto\/constitucion-de-la-ciudad-autonoma-de-buenos-aires\/","title":{"rendered":"Constituci\u00f3n de la Ciudad Aut\u00f3noma de Buenos Aires"},"content":{"rendered":"<p>El presente libro es una coedici\u00f3n con el Colegio de Escribanos de la Capital Federal. El libro incluye el texto completo de la Constituci\u00f3n y una aproximaci\u00f3n cr\u00edtica para facilitar su comprensi\u00f3n. Se desarrollan y analizan los aspectos constitucionales, doctrinarios y jurisprudenciales del concepto de \u00abautonom\u00eda\u00bb de la Ciudad de Buenos Aires, intentando rescatar el sentido de su nuevo status jur\u00eddico. Para ello se indaga y se recorre el camino que va desde la reforma de la Constituci\u00f3n Nacional hasta la sanci\u00f3n del Estatuto Organizativo, profundizando el alcance de las facultades legislativas y jurisdiccionales y el r\u00e9gimen de gobierno de la Ciudad. Situados en el nuevo texto constitucional, Gil Dom\u00ednguez se encarga de exponer, de manera cr\u00edtica, los distintos aspectos que esta Constituci\u00f3n ofrece en varias materias: derechos humanos, procesos constitucionales, orientaci\u00f3n teleol\u00f3gica, el paradigma de democracia social y pluralista, la bio\u00e9tica, las pol\u00edticas especiales y la organizaci\u00f3n del poder.<\/p>\n","protected":false},"excerpt":{"rendered":"<p>El presente libro es una coedici\u00f3n con el Colegio de Escribanos de la Capital Federal. El libro incluye el texto completo de la Constituci\u00f3n y una aproximaci\u00f3n cr\u00edtica para facilitar su comprensi\u00f3n. Se desarrollan y analizan los aspectos constitucionales, doctrinarios y jurisprudenciales del concepto de \u00abautonom\u00eda\u00bb de la Ciudad de Buenos Aires, intentando rescatar el [&hellip;]<\/p>\n","protected":false},"featured_media":3520,"template":"","meta":{"_acf_changed":false,"_eb_attr":"","_crdt_document":"","_uag_custom_page_level_css":"","_editorskit_title_hidden":false,"_editorskit_reading_time":0,"_editorskit_is_block_options_detached":false,"_editorskit_block_options_position":"{}","site-sidebar-layout":"default","site-content-layout":"","ast-site-content-layout":"default","site-content-style":"default","site-sidebar-style":"default","ast-global-header-display":"","ast-banner-title-visibility":"","ast-main-header-display":"","ast-hfb-above-header-display":"","ast-hfb-below-header-display":"","ast-hfb-mobile-header-display":"","site-post-title":"","ast-breadcrumbs-content":"","ast-featured-img":"","footer-sml-layout":"","ast-disable-related-posts":"","theme-transparent-header-meta":"default","adv-header-id-meta":"","stick-header-meta":"","header-above-stick-meta":"","header-main-stick-meta":"","header-below-stick-meta":"","astra-migrate-meta-layouts":"set","ast-page-background-enabled":"default","ast-page-background-meta":{"desktop":{"background-color":"var(--ast-global-color-4)","background-image":"","background-repeat":"repeat","background-position":"center center","background-size":"auto","background-attachment":"scroll","background-type":"","background-media":"","overlay-type":"","overlay-color":"","overlay-opacity":"","overlay-gradient":""},"tablet":{"background-color":"","background-image":"","background-repeat":"repeat","background-position":"center center","background-size":"auto","background-attachment":"scroll","background-type":"","background-media":"","overlay-type":"","overlay-color":"","overlay-opacity":"","overlay-gradient":""},"mobile":{"background-color":"","background-image":"","background-repeat":"repeat","background-position":"center center","background-size":"auto","background-attachment":"scroll","background-type":"","background-media":"","overlay-type":"","overlay-color":"","overlay-opacity":"","overlay-gradient":""}},"ast-content-background-meta":{"desktop":{"background-color":"var(--ast-global-color-5)","background-image":"","background-repeat":"repeat","background-position":"center center","background-size":"auto","background-attachment":"scroll","background-type":"","background-media":"","overlay-type":"","overlay-color":"","overlay-opacity":"","overlay-gradient":""},"tablet":{"background-color":"var(--ast-global-color-5)","background-image":"","background-repeat":"repeat","background-position":"center center","background-size":"auto","background-attachment":"scroll","background-type":"","background-media":"","overlay-type":"","overlay-color":"","overlay-opacity":"","overlay-gradient":""},"mobile":{"background-color":"var(--ast-global-color-5)","background-image":"","background-repeat":"repeat","background-position":"center center","background-size":"auto","background-attachment":"scroll","background-type":"","background-media":"","overlay-type":"","overlay-color":"","overlay-opacity":"","overlay-gradient":""}}},"product_cat":[632,130,28,637],"product_tag":[641,642,57],"class_list":{"0":"post-3519","1":"product","2":"type-product","3":"status-publish","4":"has-post-thumbnail","6":"product_cat-derecho","7":"product_cat-eudeba-libro","8":"product_cat-libro","9":"product_cat-punto-de-venta-derecho","10":"product_tag-caba","11":"product_tag-constitucion-de-la-ciudad","12":"product_tag-derecho","13":"desktop-align-left","14":"tablet-align-left","15":"mobile-align-left","17":"first","18":"instock","19":"shipping-taxable","20":"purchasable","21":"product-type-simple"},"acf":[],"uagb_featured_image_src":{"full":["https:\/\/biblio1.mdp.edu.ar\/centro-ventas\/wp-content\/uploads\/sites\/2\/2025\/06\/9789502306674-b907b83918214373fc17482705109206-640-0.jpg",457,663,false],"thumbnail":["https:\/\/biblio1.mdp.edu.ar\/centro-ventas\/wp-content\/uploads\/sites\/2\/2025\/06\/9789502306674-b907b83918214373fc17482705109206-640-0-150x150.jpg",150,150,true],"medium":["https:\/\/biblio1.mdp.edu.ar\/centro-ventas\/wp-content\/uploads\/sites\/2\/2025\/06\/9789502306674-b907b83918214373fc17482705109206-640-0-207x300.jpg",207,300,true],"medium_large":["https:\/\/biblio1.mdp.edu.ar\/centro-ventas\/wp-content\/uploads\/sites\/2\/2025\/06\/9789502306674-b907b83918214373fc17482705109206-640-0.jpg",457,663,false],"large":["https:\/\/biblio1.mdp.edu.ar\/centro-ventas\/wp-content\/uploads\/sites\/2\/2025\/06\/9789502306674-b907b83918214373fc17482705109206-640-0.jpg",457,663,false],"1536x1536":["https:\/\/biblio1.mdp.edu.ar\/centro-ventas\/wp-content\/uploads\/sites\/2\/2025\/06\/9789502306674-b907b83918214373fc17482705109206-640-0.jpg",457,663,false],"2048x2048":["https:\/\/biblio1.mdp.edu.ar\/centro-ventas\/wp-content\/uploads\/sites\/2\/2025\/06\/9789502306674-b907b83918214373fc17482705109206-640-0.jpg",457,663,false],"woocommerce_thumbnail":["https:\/\/biblio1.mdp.edu.ar\/centro-ventas\/wp-content\/uploads\/sites\/2\/2025\/06\/9789502306674-b907b83918214373fc17482705109206-640-0-300x435.jpg",300,435,true],"woocommerce_single":["https:\/\/biblio1.mdp.edu.ar\/centro-ventas\/wp-content\/uploads\/sites\/2\/2025\/06\/9789502306674-b907b83918214373fc17482705109206-640-0.jpg",457,663,false],"woocommerce_gallery_thumbnail":["https:\/\/biblio1.mdp.edu.ar\/centro-ventas\/wp-content\/uploads\/sites\/2\/2025\/06\/9789502306674-b907b83918214373fc17482705109206-640-0-100x100.jpg",100,100,true]},"uagb_author_info":{"display_name":"Cristina Bernabe","author_link":"https:\/\/biblio1.mdp.edu.ar\/centro-ventas\/author\/"},"uagb_comment_info":0,"uagb_excerpt":"El presente libro es una coedici\u00f3n con el Colegio de Escribanos de la Capital Federal. El libro incluye el texto completo de la Constituci\u00f3n y una aproximaci\u00f3n cr\u00edtica para facilitar su comprensi\u00f3n. Se desarrollan y analizan los aspectos constitucionales, doctrinarios y jurisprudenciales del concepto de \u00abautonom\u00eda\u00bb de la Ciudad de Buenos Aires, intentando rescatar el&hellip;","_links":{"self":[{"href":"https:\/\/biblio1.mdp.edu.ar\/centro-ventas\/wp-json\/wp\/v2\/product\/3519","targetHints":{"allow":["GET"]}}],"collection":[{"href":"https:\/\/biblio1.mdp.edu.ar\/centro-ventas\/wp-json\/wp\/v2\/product"}],"about":[{"href":"https:\/\/biblio1.mdp.edu.ar\/centro-ventas\/wp-json\/wp\/v2\/types\/product"}],"wp:featuredmedia":[{"embeddable":true,"href":"https:\/\/biblio1.mdp.edu.ar\/centro-ventas\/wp-json\/wp\/v2\/media\/3520"}],"wp:attachment":[{"href":"https:\/\/biblio1.mdp.edu.ar\/centro-ventas\/wp-json\/wp\/v2\/media?parent=3519"}],"wp:term":[{"taxonomy":"product_cat","embeddable":true,"href":"https:\/\/biblio1.mdp.edu.ar\/centro-ventas\/wp-json\/wp\/v2\/product_cat?post=3519"},{"taxonomy":"product_tag","embeddable":true,"href":"https:\/\/biblio1.mdp.edu.ar\/centro-ventas\/wp-json\/wp\/v2\/product_tag?post=3519"}],"curies":[{"name":"wp","href":"https:\/\/api.w.org\/{rel}","templated":true}]}}