{"id":3451,"date":"2024-12-18T17:59:49","date_gmt":"2024-12-18T20:59:49","guid":{"rendered":"https:\/\/biblio1.mdp.edu.ar\/centro-ventas\/?post_type=product&#038;p=3451"},"modified":"2026-04-01T15:02:50","modified_gmt":"2026-04-01T18:02:50","slug":"universidad-y-utopia-ciencias-sociales-en-la-argentina-de-los-60-y-70","status":"publish","type":"product","link":"https:\/\/biblio1.mdp.edu.ar\/centro-ventas\/producto\/universidad-y-utopia-ciencias-sociales-en-la-argentina-de-los-60-y-70\/","title":{"rendered":"Universidad y utop\u00eda &#8211; Ciencias sociales en la Argentina de los 60 y 70"},"content":{"rendered":"<p>\u201cUniversidad y Utop\u00eda\u201d abarca\u00a0 una serie de enfoques provenientes de la antropolog\u00eda social, la historia oral, la sociolog\u00eda de la ciencia, la historia de las ideas y la psicolog\u00eda. Es adem\u00e1s una muestra de los esfuerzos individuales y colectivos de un grupo de investigaci\u00f3n heterog\u00e9neo y heterodoxo.<br \/>\nAlgunos de los temas de este volumen, esencialmente narrativo, son las teor\u00edas, los\u00a0 climas de \u00e9poca, los\u00a0 sue\u00f1os y las frustraciones, la represi\u00f3n, las utop\u00edas y la muerte.<\/p>\n","protected":false},"excerpt":{"rendered":"<p>\u201cUniversidad y Utop\u00eda\u201d abarca\u00a0 una serie de enfoques provenientes de la antropolog\u00eda social, la historia oral, la sociolog\u00eda de la ciencia, la historia de las ideas y la psicolog\u00eda. Es adem\u00e1s una muestra de los esfuerzos individuales y colectivos de un grupo de investigaci\u00f3n heterog\u00e9neo y heterodoxo. Algunos de los temas de este volumen, esencialmente [&hellip;]<\/p>\n","protected":false},"featured_media":3452,"template":"","meta":{"_acf_changed":false,"_eb_attr":"","_crdt_document":"","_uag_custom_page_level_css":"","_editorskit_title_hidden":false,"_editorskit_reading_time":0,"_editorskit_is_block_options_detached":false,"_editorskit_block_options_position":"{}","site-sidebar-layout":"default","site-content-layout":"","ast-site-content-layout":"default","site-content-style":"default","site-sidebar-style":"default","ast-global-header-display":"","ast-banner-title-visibility":"","ast-main-header-display":"","ast-hfb-above-header-display":"","ast-hfb-below-header-display":"","ast-hfb-mobile-header-display":"","site-post-title":"","ast-breadcrumbs-content":"","ast-featured-img":"","footer-sml-layout":"","ast-disable-related-posts":"","theme-transparent-header-meta":"default","adv-header-id-meta":"","stick-header-meta":"","header-above-stick-meta":"","header-main-stick-meta":"","header-below-stick-meta":"","astra-migrate-meta-layouts":"set","ast-page-background-enabled":"default","ast-page-background-meta":{"desktop":{"background-color":"var(--ast-global-color-4)","background-image":"","background-repeat":"repeat","background-position":"center center","background-size":"auto","background-attachment":"scroll","background-type":"","background-media":"","overlay-type":"","overlay-color":"","overlay-opacity":"","overlay-gradient":""},"tablet":{"background-color":"","background-image":"","background-repeat":"repeat","background-position":"center center","background-size":"auto","background-attachment":"scroll","background-type":"","background-media":"","overlay-type":"","overlay-color":"","overlay-opacity":"","overlay-gradient":""},"mobile":{"background-color":"","background-image":"","background-repeat":"repeat","background-position":"center center","background-size":"auto","background-attachment":"scroll","background-type":"","background-media":"","overlay-type":"","overlay-color":"","overlay-opacity":"","overlay-gradient":""}},"ast-content-background-meta":{"desktop":{"background-color":"var(--ast-global-color-5)","background-image":"","background-repeat":"repeat","background-position":"center center","background-size":"auto","background-attachment":"scroll","background-type":"","background-media":"","overlay-type":"","overlay-color":"","overlay-opacity":"","overlay-gradient":""},"tablet":{"background-color":"var(--ast-global-color-5)","background-image":"","background-repeat":"repeat","background-position":"center center","background-size":"auto","background-attachment":"scroll","background-type":"","background-media":"","overlay-type":"","overlay-color":"","overlay-opacity":"","overlay-gradient":""},"mobile":{"background-color":"var(--ast-global-color-5)","background-image":"","background-repeat":"repeat","background-position":"center center","background-size":"auto","background-attachment":"scroll","background-type":"","background-media":"","overlay-type":"","overlay-color":"","overlay-opacity":"","overlay-gradient":""}}},"product_cat":[32,28,124],"product_tag":[389,595,594],"class_list":{"0":"post-3451","1":"product","2":"type-product","3":"status-publish","4":"has-post-thumbnail","6":"product_cat-edudem","7":"product_cat-libro","8":"product_cat-serie-simbolos","9":"product_tag-ciencias-sociales","10":"product_tag-dictadura","11":"product_tag-militancia","12":"desktop-align-left","13":"tablet-align-left","14":"mobile-align-left","16":"first","17":"instock","18":"shipping-taxable","19":"purchasable","20":"product-type-simple"},"acf":[],"uagb_featured_image_src":{"full":["https:\/\/biblio1.mdp.edu.ar\/centro-ventas\/wp-content\/uploads\/sites\/2\/2024\/12\/43150080ba262e4ec25b05d90e9450c2-large.jpg",768,1103,false],"thumbnail":["https:\/\/biblio1.mdp.edu.ar\/centro-ventas\/wp-content\/uploads\/sites\/2\/2024\/12\/43150080ba262e4ec25b05d90e9450c2-large-150x150.jpg",150,150,true],"medium":["https:\/\/biblio1.mdp.edu.ar\/centro-ventas\/wp-content\/uploads\/sites\/2\/2024\/12\/43150080ba262e4ec25b05d90e9450c2-large-209x300.jpg",209,300,true],"medium_large":["https:\/\/biblio1.mdp.edu.ar\/centro-ventas\/wp-content\/uploads\/sites\/2\/2024\/12\/43150080ba262e4ec25b05d90e9450c2-large.jpg",768,1103,false],"large":["https:\/\/biblio1.mdp.edu.ar\/centro-ventas\/wp-content\/uploads\/sites\/2\/2024\/12\/43150080ba262e4ec25b05d90e9450c2-large-713x1024.jpg",713,1024,true],"1536x1536":["https:\/\/biblio1.mdp.edu.ar\/centro-ventas\/wp-content\/uploads\/sites\/2\/2024\/12\/43150080ba262e4ec25b05d90e9450c2-large.jpg",768,1103,false],"2048x2048":["https:\/\/biblio1.mdp.edu.ar\/centro-ventas\/wp-content\/uploads\/sites\/2\/2024\/12\/43150080ba262e4ec25b05d90e9450c2-large.jpg",768,1103,false],"woocommerce_thumbnail":["https:\/\/biblio1.mdp.edu.ar\/centro-ventas\/wp-content\/uploads\/sites\/2\/2024\/12\/43150080ba262e4ec25b05d90e9450c2-large-300x431.jpg",300,431,true],"woocommerce_single":["https:\/\/biblio1.mdp.edu.ar\/centro-ventas\/wp-content\/uploads\/sites\/2\/2024\/12\/43150080ba262e4ec25b05d90e9450c2-large-600x862.jpg",600,862,true],"woocommerce_gallery_thumbnail":["https:\/\/biblio1.mdp.edu.ar\/centro-ventas\/wp-content\/uploads\/sites\/2\/2024\/12\/43150080ba262e4ec25b05d90e9450c2-large-100x100.jpg",100,100,true]},"uagb_author_info":{"display_name":"Cristina Bernabe","author_link":"https:\/\/biblio1.mdp.edu.ar\/centro-ventas\/author\/"},"uagb_comment_info":0,"uagb_excerpt":"\u201cUniversidad y Utop\u00eda\u201d abarca\u00a0 una serie de enfoques provenientes de la antropolog\u00eda social, la historia oral, la sociolog\u00eda de la ciencia, la historia de las ideas y la psicolog\u00eda. Es adem\u00e1s una muestra de los esfuerzos individuales y colectivos de un grupo de investigaci\u00f3n heterog\u00e9neo y heterodoxo. Algunos de los temas de este volumen, esencialmente&hellip;","_links":{"self":[{"href":"https:\/\/biblio1.mdp.edu.ar\/centro-ventas\/wp-json\/wp\/v2\/product\/3451","targetHints":{"allow":["GET"]}}],"collection":[{"href":"https:\/\/biblio1.mdp.edu.ar\/centro-ventas\/wp-json\/wp\/v2\/product"}],"about":[{"href":"https:\/\/biblio1.mdp.edu.ar\/centro-ventas\/wp-json\/wp\/v2\/types\/product"}],"wp:featuredmedia":[{"embeddable":true,"href":"https:\/\/biblio1.mdp.edu.ar\/centro-ventas\/wp-json\/wp\/v2\/media\/3452"}],"wp:attachment":[{"href":"https:\/\/biblio1.mdp.edu.ar\/centro-ventas\/wp-json\/wp\/v2\/media?parent=3451"}],"wp:term":[{"taxonomy":"product_cat","embeddable":true,"href":"https:\/\/biblio1.mdp.edu.ar\/centro-ventas\/wp-json\/wp\/v2\/product_cat?post=3451"},{"taxonomy":"product_tag","embeddable":true,"href":"https:\/\/biblio1.mdp.edu.ar\/centro-ventas\/wp-json\/wp\/v2\/product_tag?post=3451"}],"curies":[{"name":"wp","href":"https:\/\/api.w.org\/{rel}","templated":true}]}}