{"id":3371,"date":"2024-11-29T13:15:06","date_gmt":"2024-11-29T16:15:06","guid":{"rendered":"https:\/\/biblio1.mdp.edu.ar\/centro-ventas\/?post_type=product&#038;p=3371"},"modified":"2026-03-30T13:48:31","modified_gmt":"2026-03-30T16:48:31","slug":"aprender-y-ensenar-historia-en-la-escuela-secundaria","status":"publish","type":"product","link":"https:\/\/biblio1.mdp.edu.ar\/centro-ventas\/producto\/aprender-y-ensenar-historia-en-la-escuela-secundaria\/","title":{"rendered":"Aprender y ense\u00f1ar historia en la escuela secundaria"},"content":{"rendered":"<p>La obra plantea el desaf\u00edo de aprender y ense\u00f1ar Historia en la escuela secundaria, desde los tiempos prehist\u00f3ricos hasta la conquista de Am\u00e9rica. Ello implica entender qui\u00e9nes somos los seres humanos, d\u00f3nde estamos y c\u00f3mo llegamos hasta aqu\u00ed, supone interrogar nuestras concepciones sobre el tiempo, el espacio y los actores sociales. Para ello los autores han elegido distintos escenarios donde la humanidad fue y es protagonista. Un primer escenario implica reconocer la existencia de muchos mundos, donde \u201cmundos\u201d significa las diversas realidades que debieron enfrentar los grupos humanos. Un segundo escenario aparece con el mundo americano. Por \u00faltimo, un tercero donde aparecen estos \u201cotros\u201d mundos: Mesopotamia y sus ciudades, Egipto y las formas de trabajo, Grecia y la aparici\u00f3n de la democracia y Roma y una incipiente idea de unificaci\u00f3n del mundo mediterr\u00e1neo.<\/p>\n<p>Anteponer la realidad americana a la evoluci\u00f3n del pasado de la tradici\u00f3n grecolatina es, sin dudas, una elecci\u00f3n discutible. Sin embargo, los autores creen que en el conocimiento profundo de lo americano se puede hallar muchas de las respuestas a los problemas urgentes que arroja el presente.<\/p>\n<p>Este libro realiza un abordaje en sinton\u00eda con lo planteado por el dise\u00f1o curricular de la Provincia de Buenos Aires para el primer a\u00f1o de la ESB, e incluye una secci\u00f3n titulada Historias vivas y presentes para mostrar las conexiones del pasado con la actualidad a fin de entusiasmar al alumnado con el aprendizaje de la asignatura.<\/p>\n<p>&nbsp;<\/p>\n<p>&nbsp;<\/p>\n<div class=\"col-md-3\"><\/div>\n","protected":false},"excerpt":{"rendered":"<p>La obra plantea el desaf\u00edo de aprender y ense\u00f1ar Historia en la escuela secundaria, desde los tiempos prehist\u00f3ricos hasta la conquista de Am\u00e9rica. Ello implica entender qui\u00e9nes somos los seres humanos, d\u00f3nde estamos y c\u00f3mo llegamos hasta aqu\u00ed, supone interrogar nuestras concepciones sobre el tiempo, el espacio y los actores sociales. Para ello los autores [&hellip;]<\/p>\n","protected":false},"featured_media":3372,"template":"","meta":{"_acf_changed":false,"_eb_attr":"","_crdt_document":"","_uag_custom_page_level_css":"","_editorskit_title_hidden":false,"_editorskit_reading_time":0,"_editorskit_is_block_options_detached":false,"_editorskit_block_options_position":"{}","site-sidebar-layout":"default","site-content-layout":"","ast-site-content-layout":"default","site-content-style":"default","site-sidebar-style":"default","ast-global-header-display":"","ast-banner-title-visibility":"","ast-main-header-display":"","ast-hfb-above-header-display":"","ast-hfb-below-header-display":"","ast-hfb-mobile-header-display":"","site-post-title":"","ast-breadcrumbs-content":"","ast-featured-img":"","footer-sml-layout":"","ast-disable-related-posts":"","theme-transparent-header-meta":"default","adv-header-id-meta":"","stick-header-meta":"","header-above-stick-meta":"","header-main-stick-meta":"","header-below-stick-meta":"","astra-migrate-meta-layouts":"set","ast-page-background-enabled":"default","ast-page-background-meta":{"desktop":{"background-color":"var(--ast-global-color-4)","background-image":"","background-repeat":"repeat","background-position":"center center","background-size":"auto","background-attachment":"scroll","background-type":"","background-media":"","overlay-type":"","overlay-color":"","overlay-opacity":"","overlay-gradient":""},"tablet":{"background-color":"","background-image":"","background-repeat":"repeat","background-position":"center center","background-size":"auto","background-attachment":"scroll","background-type":"","background-media":"","overlay-type":"","overlay-color":"","overlay-opacity":"","overlay-gradient":""},"mobile":{"background-color":"","background-image":"","background-repeat":"repeat","background-position":"center center","background-size":"auto","background-attachment":"scroll","background-type":"","background-media":"","overlay-type":"","overlay-color":"","overlay-opacity":"","overlay-gradient":""}},"ast-content-background-meta":{"desktop":{"background-color":"var(--ast-global-color-5)","background-image":"","background-repeat":"repeat","background-position":"center center","background-size":"auto","background-attachment":"scroll","background-type":"","background-media":"","overlay-type":"","overlay-color":"","overlay-opacity":"","overlay-gradient":""},"tablet":{"background-color":"var(--ast-global-color-5)","background-image":"","background-repeat":"repeat","background-position":"center center","background-size":"auto","background-attachment":"scroll","background-type":"","background-media":"","overlay-type":"","overlay-color":"","overlay-opacity":"","overlay-gradient":""},"mobile":{"background-color":"var(--ast-global-color-5)","background-image":"","background-repeat":"repeat","background-position":"center center","background-size":"auto","background-attachment":"scroll","background-type":"","background-media":"","overlay-type":"","overlay-color":"","overlay-opacity":"","overlay-gradient":""}}},"product_cat":[115,32,28,637],"product_tag":[575,190,117],"class_list":{"0":"post-3371","1":"product","2":"type-product","3":"status-publish","4":"has-post-thumbnail","6":"product_cat-herramientas","7":"product_cat-edudem","8":"product_cat-libro","9":"product_cat-punto-de-venta-derecho","10":"product_tag-educacion-media","11":"product_tag-ensenanza","12":"product_tag-historia","13":"desktop-align-left","14":"tablet-align-left","15":"mobile-align-left","17":"first","18":"instock","19":"shipping-taxable","20":"purchasable","21":"product-type-simple"},"acf":[],"uagb_featured_image_src":{"full":["https:\/\/biblio1.mdp.edu.ar\/centro-ventas\/wp-content\/uploads\/sites\/2\/2024\/11\/TAPA-aprender-y-ensenar-historia.jpg",1485,2243,false],"thumbnail":["https:\/\/biblio1.mdp.edu.ar\/centro-ventas\/wp-content\/uploads\/sites\/2\/2024\/11\/TAPA-aprender-y-ensenar-historia-150x150.jpg",150,150,true],"medium":["https:\/\/biblio1.mdp.edu.ar\/centro-ventas\/wp-content\/uploads\/sites\/2\/2024\/11\/TAPA-aprender-y-ensenar-historia-199x300.jpg",199,300,true],"medium_large":["https:\/\/biblio1.mdp.edu.ar\/centro-ventas\/wp-content\/uploads\/sites\/2\/2024\/11\/TAPA-aprender-y-ensenar-historia-768x1160.jpg",768,1160,true],"large":["https:\/\/biblio1.mdp.edu.ar\/centro-ventas\/wp-content\/uploads\/sites\/2\/2024\/11\/TAPA-aprender-y-ensenar-historia-678x1024.jpg",678,1024,true],"1536x1536":["https:\/\/biblio1.mdp.edu.ar\/centro-ventas\/wp-content\/uploads\/sites\/2\/2024\/11\/TAPA-aprender-y-ensenar-historia-1017x1536.jpg",1017,1536,true],"2048x2048":["https:\/\/biblio1.mdp.edu.ar\/centro-ventas\/wp-content\/uploads\/sites\/2\/2024\/11\/TAPA-aprender-y-ensenar-historia-1356x2048.jpg",1356,2048,true],"woocommerce_thumbnail":["https:\/\/biblio1.mdp.edu.ar\/centro-ventas\/wp-content\/uploads\/sites\/2\/2024\/11\/TAPA-aprender-y-ensenar-historia-300x453.jpg",300,453,true],"woocommerce_single":["https:\/\/biblio1.mdp.edu.ar\/centro-ventas\/wp-content\/uploads\/sites\/2\/2024\/11\/TAPA-aprender-y-ensenar-historia-600x906.jpg",600,906,true],"woocommerce_gallery_thumbnail":["https:\/\/biblio1.mdp.edu.ar\/centro-ventas\/wp-content\/uploads\/sites\/2\/2024\/11\/TAPA-aprender-y-ensenar-historia-100x100.jpg",100,100,true]},"uagb_author_info":{"display_name":"Cristina Bernabe","author_link":"https:\/\/biblio1.mdp.edu.ar\/centro-ventas\/author\/"},"uagb_comment_info":0,"uagb_excerpt":"La obra plantea el desaf\u00edo de aprender y ense\u00f1ar Historia en la escuela secundaria, desde los tiempos prehist\u00f3ricos hasta la conquista de Am\u00e9rica. Ello implica entender qui\u00e9nes somos los seres humanos, d\u00f3nde estamos y c\u00f3mo llegamos hasta aqu\u00ed, supone interrogar nuestras concepciones sobre el tiempo, el espacio y los actores sociales. Para ello los autores&hellip;","_links":{"self":[{"href":"https:\/\/biblio1.mdp.edu.ar\/centro-ventas\/wp-json\/wp\/v2\/product\/3371","targetHints":{"allow":["GET"]}}],"collection":[{"href":"https:\/\/biblio1.mdp.edu.ar\/centro-ventas\/wp-json\/wp\/v2\/product"}],"about":[{"href":"https:\/\/biblio1.mdp.edu.ar\/centro-ventas\/wp-json\/wp\/v2\/types\/product"}],"wp:featuredmedia":[{"embeddable":true,"href":"https:\/\/biblio1.mdp.edu.ar\/centro-ventas\/wp-json\/wp\/v2\/media\/3372"}],"wp:attachment":[{"href":"https:\/\/biblio1.mdp.edu.ar\/centro-ventas\/wp-json\/wp\/v2\/media?parent=3371"}],"wp:term":[{"taxonomy":"product_cat","embeddable":true,"href":"https:\/\/biblio1.mdp.edu.ar\/centro-ventas\/wp-json\/wp\/v2\/product_cat?post=3371"},{"taxonomy":"product_tag","embeddable":true,"href":"https:\/\/biblio1.mdp.edu.ar\/centro-ventas\/wp-json\/wp\/v2\/product_tag?post=3371"}],"curies":[{"name":"wp","href":"https:\/\/api.w.org\/{rel}","templated":true}]}}

Aprender y enseñar historia en la escuela secundaria

<p>La obra plantea el desafío de aprender y enseñar Historia en la escuela secundaria, desde los tiempos prehistóricos hasta la conquista de América. Ello implica entender quiénes somos los seres humanos, dónde estamos y cómo llegamos hasta aquí, supone interrogar nuestras concepciones sobre el tiempo, el espacio y los actores sociales. Para ello los autores han elegido distintos escenarios donde la humanidad fue y es protagonista. Un primer escenario implica reconocer la existencia de muchos mundos, donde “mundos” significa las diversas realidades que debieron enfrentar los grupos humanos. Un segundo escenario aparece con el mundo americano. Por último, un tercero donde aparecen estos “otros” mundos: Mesopotamia y sus ciudades, Egipto y las formas de trabajo, Grecia y la aparición de la democracia y Roma y una incipiente idea de unificación del mundo mediterráneo.</p>
<p>Anteponer la realidad americana a la evolución del pasado de la tradición grecolatina es, sin dudas, una elección discutible. Sin embargo, los autores creen que en el conocimiento profundo de lo americano se puede hallar muchas de las respuestas a los problemas urgentes que arroja el presente.</p>
<p>Este libro realiza un abordaje en sintonía con lo planteado por el diseño curricular de la Provincia de Buenos Aires para el primer año de la ESB, e incluye una sección titulada Historias vivas y presentes para mostrar las conexiones del pasado con la actualidad a fin de entusiasmar al alumnado con el aprendizaje de la asignatura.</p>
<p>&nbsp;</p>
<p>&nbsp;</p>
<div class="col-md-3"></div>

<p>La obra plantea el desafío de aprender y enseñar Historia en la escuela secundaria, desde los tiempos prehistóricos hasta la conquista de América. Ello implica entender quiénes somos los seres humanos, dónde estamos y cómo llegamos hasta aquí, supone interrogar nuestras concepciones sobre el tiempo, el espacio y los actores sociales. Para ello los autores [&hellip;]</p>

La obra plantea el desafío de aprender y enseñar Historia en la escuela secundaria, desde los tiempos prehistóricos hasta la conquista de América. Ello implica entender quiénes somos los seres humanos, dónde estamos y cómo llegamos hasta aquí, supone interrogar nuestras concepciones sobre el tiempo, el espacio y los actores sociales. Para ello los autores&hellip;
