{"id":3321,"date":"2024-06-25T15:51:47","date_gmt":"2024-06-25T18:51:47","guid":{"rendered":"https:\/\/biblio1.mdp.edu.ar\/centro-ventas\/?post_type=product&#038;p=3321"},"modified":"2026-03-30T13:45:27","modified_gmt":"2026-03-30T16:45:27","slug":"analisis-de-fallas","status":"publish","type":"product","link":"https:\/\/biblio1.mdp.edu.ar\/centro-ventas\/producto\/analisis-de-fallas\/","title":{"rendered":"An\u00e1lisis de Fallas"},"content":{"rendered":"<p>A medida que los sistemas y componentes se vuelven m\u00e1s complejos, tambi\u00e9n lo hacen los mecanismos por los que fallan. Y debido a esto, entender las causas de las fallas nunca ha sido de mayor relevancia. Las metodolog\u00edas modernas para el an\u00e1lisis de causas reales de fallas responden a la necesidad de interpretar:<\/p>\n<p style=\"text-align: center\">\u00bfPor qu\u00e9 ocurren las fallas?<br \/>\n\u00bfC\u00f3mo ocurren las fallas?<br \/>\n\u00bfC\u00f3mo evitar la recurrencia?<\/p>\n<p style=\"text-align: left\">Este libro aborda las fallas de elementos estructurales, esto es, aquellos componentes cuya misi\u00f3n b\u00e1sica es soportar cargas mec\u00e1nicas.<\/p>\n<p style=\"text-align: left\">Los conceptos y desarrollos presentados en este texto provienen de la experiencia obtenida a partir de un trabajo multidisciplinario implementado durante 20 a\u00f1os entre la Universidad Nacional de Mar del Plata, el Instituto de Investigaciones en Ciencia de Materiales (INTEMA-CONICET) y la empresa GIE Integridad de Instalaciones.<\/p>\n","protected":false},"excerpt":{"rendered":"<p>A medida que los sistemas y componentes se vuelven m\u00e1s complejos, tambi\u00e9n lo hacen los mecanismos por los que fallan. Y debido a esto, entender las causas de las fallas nunca ha sido de mayor relevancia. Las metodolog\u00edas modernas para el an\u00e1lisis de causas reales de fallas responden a la necesidad de interpretar: \u00bfPor qu\u00e9 [&hellip;]<\/p>\n","protected":false},"featured_media":3322,"template":"","meta":{"_acf_changed":false,"_eb_attr":"","_crdt_document":"","_uag_custom_page_level_css":"","_editorskit_title_hidden":false,"_editorskit_reading_time":0,"_editorskit_is_block_options_detached":false,"_editorskit_block_options_position":"{}","site-sidebar-layout":"default","site-content-layout":"","ast-site-content-layout":"default","site-content-style":"default","site-sidebar-style":"default","ast-global-header-display":"","ast-banner-title-visibility":"","ast-main-header-display":"","ast-hfb-above-header-display":"","ast-hfb-below-header-display":"","ast-hfb-mobile-header-display":"","site-post-title":"","ast-breadcrumbs-content":"","ast-featured-img":"","footer-sml-layout":"","ast-disable-related-posts":"","theme-transparent-header-meta":"default","adv-header-id-meta":"","stick-header-meta":"","header-above-stick-meta":"","header-main-stick-meta":"","header-below-stick-meta":"","astra-migrate-meta-layouts":"set","ast-page-background-enabled":"default","ast-page-background-meta":{"desktop":{"background-color":"var(--ast-global-color-4)","background-image":"","background-repeat":"repeat","background-position":"center center","background-size":"auto","background-attachment":"scroll","background-type":"","background-media":"","overlay-type":"","overlay-color":"","overlay-opacity":"","overlay-gradient":""},"tablet":{"background-color":"","background-image":"","background-repeat":"repeat","background-position":"center center","background-size":"auto","background-attachment":"scroll","background-type":"","background-media":"","overlay-type":"","overlay-color":"","overlay-opacity":"","overlay-gradient":""},"mobile":{"background-color":"","background-image":"","background-repeat":"repeat","background-position":"center center","background-size":"auto","background-attachment":"scroll","background-type":"","background-media":"","overlay-type":"","overlay-color":"","overlay-opacity":"","overlay-gradient":""}},"ast-content-background-meta":{"desktop":{"background-color":"var(--ast-global-color-5)","background-image":"","background-repeat":"repeat","background-position":"center center","background-size":"auto","background-attachment":"scroll","background-type":"","background-media":"","overlay-type":"","overlay-color":"","overlay-opacity":"","overlay-gradient":""},"tablet":{"background-color":"var(--ast-global-color-5)","background-image":"","background-repeat":"repeat","background-position":"center center","background-size":"auto","background-attachment":"scroll","background-type":"","background-media":"","overlay-type":"","overlay-color":"","overlay-opacity":"","overlay-gradient":""},"mobile":{"background-color":"var(--ast-global-color-5)","background-image":"","background-repeat":"repeat","background-position":"center center","background-size":"auto","background-attachment":"scroll","background-type":"","background-media":"","overlay-type":"","overlay-color":"","overlay-opacity":"","overlay-gradient":""}}},"product_cat":[32,28],"product_tag":[],"class_list":{"0":"post-3321","1":"product","2":"type-product","3":"status-publish","4":"has-post-thumbnail","6":"product_cat-edudem","7":"product_cat-libro","8":"desktop-align-left","9":"tablet-align-left","10":"mobile-align-left","12":"first","13":"instock","14":"shipping-taxable","15":"purchasable","16":"product-type-simple"},"acf":[],"uagb_featured_image_src":{"full":["https:\/\/biblio1.mdp.edu.ar\/centro-ventas\/wp-content\/uploads\/sites\/2\/2024\/06\/euci-119789871921171-d7fb7edf3ab497aae817173854990688-480-0-1.jpg",480,698,false],"thumbnail":["https:\/\/biblio1.mdp.edu.ar\/centro-ventas\/wp-content\/uploads\/sites\/2\/2024\/06\/euci-119789871921171-d7fb7edf3ab497aae817173854990688-480-0-1-150x150.jpg",150,150,true],"medium":["https:\/\/biblio1.mdp.edu.ar\/centro-ventas\/wp-content\/uploads\/sites\/2\/2024\/06\/euci-119789871921171-d7fb7edf3ab497aae817173854990688-480-0-1-206x300.jpg",206,300,true],"medium_large":["https:\/\/biblio1.mdp.edu.ar\/centro-ventas\/wp-content\/uploads\/sites\/2\/2024\/06\/euci-119789871921171-d7fb7edf3ab497aae817173854990688-480-0-1.jpg",480,698,false],"large":["https:\/\/biblio1.mdp.edu.ar\/centro-ventas\/wp-content\/uploads\/sites\/2\/2024\/06\/euci-119789871921171-d7fb7edf3ab497aae817173854990688-480-0-1.jpg",480,698,false],"1536x1536":["https:\/\/biblio1.mdp.edu.ar\/centro-ventas\/wp-content\/uploads\/sites\/2\/2024\/06\/euci-119789871921171-d7fb7edf3ab497aae817173854990688-480-0-1.jpg",480,698,false],"2048x2048":["https:\/\/biblio1.mdp.edu.ar\/centro-ventas\/wp-content\/uploads\/sites\/2\/2024\/06\/euci-119789871921171-d7fb7edf3ab497aae817173854990688-480-0-1.jpg",480,698,false],"woocommerce_thumbnail":["https:\/\/biblio1.mdp.edu.ar\/centro-ventas\/wp-content\/uploads\/sites\/2\/2024\/06\/euci-119789871921171-d7fb7edf3ab497aae817173854990688-480-0-1-300x436.jpg",300,436,true],"woocommerce_single":["https:\/\/biblio1.mdp.edu.ar\/centro-ventas\/wp-content\/uploads\/sites\/2\/2024\/06\/euci-119789871921171-d7fb7edf3ab497aae817173854990688-480-0-1.jpg",480,698,false],"woocommerce_gallery_thumbnail":["https:\/\/biblio1.mdp.edu.ar\/centro-ventas\/wp-content\/uploads\/sites\/2\/2024\/06\/euci-119789871921171-d7fb7edf3ab497aae817173854990688-480-0-1-100x100.jpg",100,100,true]},"uagb_author_info":{"display_name":"Cristina Bernabe","author_link":"https:\/\/biblio1.mdp.edu.ar\/centro-ventas\/author\/"},"uagb_comment_info":0,"uagb_excerpt":"A medida que los sistemas y componentes se vuelven m\u00e1s complejos, tambi\u00e9n lo hacen los mecanismos por los que fallan. Y debido a esto, entender las causas de las fallas nunca ha sido de mayor relevancia. Las metodolog\u00edas modernas para el an\u00e1lisis de causas reales de fallas responden a la necesidad de interpretar: \u00bfPor qu\u00e9&hellip;","_links":{"self":[{"href":"https:\/\/biblio1.mdp.edu.ar\/centro-ventas\/wp-json\/wp\/v2\/product\/3321","targetHints":{"allow":["GET"]}}],"collection":[{"href":"https:\/\/biblio1.mdp.edu.ar\/centro-ventas\/wp-json\/wp\/v2\/product"}],"about":[{"href":"https:\/\/biblio1.mdp.edu.ar\/centro-ventas\/wp-json\/wp\/v2\/types\/product"}],"wp:featuredmedia":[{"embeddable":true,"href":"https:\/\/biblio1.mdp.edu.ar\/centro-ventas\/wp-json\/wp\/v2\/media\/3322"}],"wp:attachment":[{"href":"https:\/\/biblio1.mdp.edu.ar\/centro-ventas\/wp-json\/wp\/v2\/media?parent=3321"}],"wp:term":[{"taxonomy":"product_cat","embeddable":true,"href":"https:\/\/biblio1.mdp.edu.ar\/centro-ventas\/wp-json\/wp\/v2\/product_cat?post=3321"},{"taxonomy":"product_tag","embeddable":true,"href":"https:\/\/biblio1.mdp.edu.ar\/centro-ventas\/wp-json\/wp\/v2\/product_tag?post=3321"}],"curies":[{"name":"wp","href":"https:\/\/api.w.org\/{rel}","templated":true}]}}