{"id":3263,"date":"2024-06-08T11:32:18","date_gmt":"2024-06-08T14:32:18","guid":{"rendered":"https:\/\/biblio1.mdp.edu.ar\/centro-ventas\/?post_type=product&#038;p=3263"},"modified":"2024-09-20T10:57:24","modified_gmt":"2024-09-20T13:57:24","slug":"plazas-fundacionales-del-mar-del-plata-en-busca-del-paraiso-2","status":"publish","type":"product","link":"https:\/\/biblio1.mdp.edu.ar\/centro-ventas\/producto\/plazas-fundacionales-del-mar-del-plata-en-busca-del-paraiso-2\/","title":{"rendered":"Plazas Fundacionales del Mar del Plata, en busca del Para\u00edso"},"content":{"rendered":"<p>Su autora, Lic. Marta Lamas, investig\u00f3 sobre la historia y evoluci\u00f3n de las siete plazas iniciales del primitivo poblado (1874), hasta su dise\u00f1o definitivo como espacios verdes (1940), a trav\u00e9s de sus diversas funciones e instalaciones. Se relatan, entre otras historias interesantes, el funcionamiento de una Plaza de Toros, la construcci\u00f3n de un Jard\u00edn Bot\u00e1nico y la instalaci\u00f3n de un Vel\u00f3dromo, antecesor urbano del actual Campo Municipal de Deportes, y el detalle no menor de haber estado atravesada la plaza principal por un arroyo. Asimismo, trata sobre la formaci\u00f3n de parques que desde principios del siglo pasado se construyeron a lo largo del litoral mar\u00edtimo, que junto a las Explanadas y los paseos costeros fueron conformando el paisaje caracter\u00edstico de la rivera. Los textos est\u00e1n acompa\u00f1ados de fotograf\u00edas que muestran la evoluci\u00f3n de estos espacios y sus primitivas construcciones.<\/p>\n","protected":false},"excerpt":{"rendered":"<p>Su autora, Lic. Marta Lamas, investig\u00f3 sobre la historia y evoluci\u00f3n de las siete plazas iniciales del primitivo poblado (1874), hasta su dise\u00f1o definitivo como espacios verdes (1940), a trav\u00e9s de sus diversas funciones e instalaciones. Se relatan, entre otras historias interesantes, el funcionamiento de una Plaza de Toros, la construcci\u00f3n de un Jard\u00edn Bot\u00e1nico [&hellip;]<\/p>\n","protected":false},"featured_media":3264,"template":"","meta":{"_acf_changed":false,"_eb_attr":"","_crdt_document":"","_uag_custom_page_level_css":"","_editorskit_title_hidden":false,"_editorskit_reading_time":0,"_editorskit_is_block_options_detached":false,"_editorskit_block_options_position":"{}","site-sidebar-layout":"default","site-content-layout":"","ast-site-content-layout":"default","site-content-style":"default","site-sidebar-style":"default","ast-global-header-display":"","ast-banner-title-visibility":"","ast-main-header-display":"","ast-hfb-above-header-display":"","ast-hfb-below-header-display":"","ast-hfb-mobile-header-display":"","site-post-title":"","ast-breadcrumbs-content":"","ast-featured-img":"","footer-sml-layout":"","ast-disable-related-posts":"","theme-transparent-header-meta":"default","adv-header-id-meta":"","stick-header-meta":"","header-above-stick-meta":"","header-main-stick-meta":"","header-below-stick-meta":"","astra-migrate-meta-layouts":"set","ast-page-background-enabled":"default","ast-page-background-meta":{"desktop":{"background-color":"var(--ast-global-color-4)","background-image":"","background-repeat":"repeat","background-position":"center center","background-size":"auto","background-attachment":"scroll","background-type":"","background-media":"","overlay-type":"","overlay-color":"","overlay-opacity":"","overlay-gradient":""},"tablet":{"background-color":"","background-image":"","background-repeat":"repeat","background-position":"center center","background-size":"auto","background-attachment":"scroll","background-type":"","background-media":"","overlay-type":"","overlay-color":"","overlay-opacity":"","overlay-gradient":""},"mobile":{"background-color":"","background-image":"","background-repeat":"repeat","background-position":"center center","background-size":"auto","background-attachment":"scroll","background-type":"","background-media":"","overlay-type":"","overlay-color":"","overlay-opacity":"","overlay-gradient":""}},"ast-content-background-meta":{"desktop":{"background-color":"var(--ast-global-color-5)","background-image":"","background-repeat":"repeat","background-position":"center center","background-size":"auto","background-attachment":"scroll","background-type":"","background-media":"","overlay-type":"","overlay-color":"","overlay-opacity":"","overlay-gradient":""},"tablet":{"background-color":"var(--ast-global-color-5)","background-image":"","background-repeat":"repeat","background-position":"center center","background-size":"auto","background-attachment":"scroll","background-type":"","background-media":"","overlay-type":"","overlay-color":"","overlay-opacity":"","overlay-gradient":""},"mobile":{"background-color":"var(--ast-global-color-5)","background-image":"","background-repeat":"repeat","background-position":"center center","background-size":"auto","background-attachment":"scroll","background-type":"","background-media":"","overlay-type":"","overlay-color":"","overlay-opacity":"","overlay-gradient":""}}},"product_cat":[28,167],"product_tag":[270],"class_list":{"0":"post-3263","1":"product","2":"type-product","3":"status-publish","4":"has-post-thumbnail","6":"product_cat-libro","7":"product_cat-mar-del-plata","8":"product_tag-historia-de-mar-del-plata","9":"desktop-align-left","10":"tablet-align-left","11":"mobile-align-left","13":"first","14":"instock","15":"shipping-taxable","16":"purchasable","17":"product-type-simple"},"acf":[],"uagb_featured_image_src":{"full":["https:\/\/biblio1.mdp.edu.ar\/centro-ventas\/wp-content\/uploads\/sites\/2\/2024\/05\/WhatsApp-Image-2024-05-08-at-11.12.282.jpg",1600,1234,false],"thumbnail":["https:\/\/biblio1.mdp.edu.ar\/centro-ventas\/wp-content\/uploads\/sites\/2\/2024\/05\/WhatsApp-Image-2024-05-08-at-11.12.282-150x150.jpg",150,150,true],"medium":["https:\/\/biblio1.mdp.edu.ar\/centro-ventas\/wp-content\/uploads\/sites\/2\/2024\/05\/WhatsApp-Image-2024-05-08-at-11.12.282-300x231.jpg",300,231,true],"medium_large":["https:\/\/biblio1.mdp.edu.ar\/centro-ventas\/wp-content\/uploads\/sites\/2\/2024\/05\/WhatsApp-Image-2024-05-08-at-11.12.282-768x592.jpg",768,592,true],"large":["https:\/\/biblio1.mdp.edu.ar\/centro-ventas\/wp-content\/uploads\/sites\/2\/2024\/05\/WhatsApp-Image-2024-05-08-at-11.12.282-1024x790.jpg",1024,790,true],"1536x1536":["https:\/\/biblio1.mdp.edu.ar\/centro-ventas\/wp-content\/uploads\/sites\/2\/2024\/05\/WhatsApp-Image-2024-05-08-at-11.12.282-1536x1185.jpg",1536,1185,true],"2048x2048":["https:\/\/biblio1.mdp.edu.ar\/centro-ventas\/wp-content\/uploads\/sites\/2\/2024\/05\/WhatsApp-Image-2024-05-08-at-11.12.282.jpg",1600,1234,false],"woocommerce_thumbnail":["https:\/\/biblio1.mdp.edu.ar\/centro-ventas\/wp-content\/uploads\/sites\/2\/2024\/05\/WhatsApp-Image-2024-05-08-at-11.12.282-300x231.jpg",300,231,true],"woocommerce_single":["https:\/\/biblio1.mdp.edu.ar\/centro-ventas\/wp-content\/uploads\/sites\/2\/2024\/05\/WhatsApp-Image-2024-05-08-at-11.12.282-600x463.jpg",600,463,true],"woocommerce_gallery_thumbnail":["https:\/\/biblio1.mdp.edu.ar\/centro-ventas\/wp-content\/uploads\/sites\/2\/2024\/05\/WhatsApp-Image-2024-05-08-at-11.12.282-100x100.jpg",100,100,true]},"uagb_author_info":{"display_name":"Maria Balerdi","author_link":"https:\/\/biblio1.mdp.edu.ar\/centro-ventas\/author\/"},"uagb_comment_info":0,"uagb_excerpt":"Su autora, Lic. Marta Lamas, investig\u00f3 sobre la historia y evoluci\u00f3n de las siete plazas iniciales del primitivo poblado (1874), hasta su dise\u00f1o definitivo como espacios verdes (1940), a trav\u00e9s de sus diversas funciones e instalaciones. Se relatan, entre otras historias interesantes, el funcionamiento de una Plaza de Toros, la construcci\u00f3n de un Jard\u00edn Bot\u00e1nico&hellip;","_links":{"self":[{"href":"https:\/\/biblio1.mdp.edu.ar\/centro-ventas\/wp-json\/wp\/v2\/product\/3263","targetHints":{"allow":["GET"]}}],"collection":[{"href":"https:\/\/biblio1.mdp.edu.ar\/centro-ventas\/wp-json\/wp\/v2\/product"}],"about":[{"href":"https:\/\/biblio1.mdp.edu.ar\/centro-ventas\/wp-json\/wp\/v2\/types\/product"}],"wp:featuredmedia":[{"embeddable":true,"href":"https:\/\/biblio1.mdp.edu.ar\/centro-ventas\/wp-json\/wp\/v2\/media\/3264"}],"wp:attachment":[{"href":"https:\/\/biblio1.mdp.edu.ar\/centro-ventas\/wp-json\/wp\/v2\/media?parent=3263"}],"wp:term":[{"taxonomy":"product_cat","embeddable":true,"href":"https:\/\/biblio1.mdp.edu.ar\/centro-ventas\/wp-json\/wp\/v2\/product_cat?post=3263"},{"taxonomy":"product_tag","embeddable":true,"href":"https:\/\/biblio1.mdp.edu.ar\/centro-ventas\/wp-json\/wp\/v2\/product_tag?post=3263"}],"curies":[{"name":"wp","href":"https:\/\/api.w.org\/{rel}","templated":true}]}}