{"id":320,"date":"2018-06-07T12:23:48","date_gmt":"2018-06-07T15:23:48","guid":{"rendered":"http:\/\/biblio1.mdp.edu.ar\/centro-ventas\/producto\/import-placeholder-for-169\/"},"modified":"2025-08-14T13:40:21","modified_gmt":"2025-08-14T16:40:21","slug":"embriologia-clinica","status":"publish","type":"product","link":"https:\/\/biblio1.mdp.edu.ar\/centro-ventas\/producto\/embriologia-clinica\/","title":{"rendered":"Embriolog\u00eda Cl\u00ednica, Moore-Persaud 9a ed. 2013"},"content":{"rendered":"<p style=\"text-align: right\">\n<p>Nueva edici\u00f3n del <b>texto de referencia en la disciplina<\/b>, Moore, Embriolog\u00eda Cl\u00ednica, altamente consolidada en el mercado internacional y que cuenta con la presencia de los <b>autores m\u00e1s reputados mundialmente en la disciplina<\/b>. Ofrece la m\u00e1s completa informaci\u00f3n con un <b>enfoque altamente visual y con orientaci\u00f3n cl\u00ednica<\/b> de la Embriolog\u00eda.<\/p>\n<p>Presentaci\u00f3n altamente visual con una <b>magn\u00edfica iconograf\u00eda; 559 magn\u00edficas ilustraciones a todo color,<\/b> lo que facilita el aprendizaje y la comprensi\u00f3n de los diferentes procesos y estadios del desarrollo.<\/p>\n<p>La nueva edici\u00f3n presenta el <b>recurso online en ingl\u00e9s StudentConsu<\/b>lt y <b>Evolve para los profesores<\/b>. StudentConsult incluye: todo el texto, todas las im\u00e1genes del libro, 250 preguntas cortas de m\u00faltiple opci\u00f3n de respuesta, 17 animaciones que cubren todos los estadios del desarrollo y las mismas animaciones descargables en iPad. Evolve (tambi\u00e9n en ingl\u00e9s) incluye: un banco de im\u00e1genes y un banco de 350 preguntas.<\/p>\n","protected":false},"excerpt":{"rendered":"<p>Nueva edici\u00f3n del texto de referencia en la disciplina, Moore, Embriolog\u00eda Cl\u00ednica, altamente consolidada en el mercado internacional y que cuenta con la presencia de los autores m\u00e1s reputados mundialmente en la disciplina. Ofrece la m\u00e1s completa informaci\u00f3n con un enfoque altamente visual y con orientaci\u00f3n cl\u00ednica de la Embriolog\u00eda. Presentaci\u00f3n altamente visual con una [&hellip;]<\/p>\n","protected":false},"featured_media":360,"template":"","meta":{"_acf_changed":false,"_eb_attr":"","_crdt_document":"","_uag_custom_page_level_css":"","_editorskit_title_hidden":false,"_editorskit_reading_time":0,"_editorskit_is_block_options_detached":false,"_editorskit_block_options_position":"{}","site-sidebar-layout":"default","site-content-layout":"default","ast-site-content-layout":"default","site-content-style":"default","site-sidebar-style":"default","ast-global-header-display":"","ast-banner-title-visibility":"","ast-main-header-display":"","ast-hfb-above-header-display":"","ast-hfb-below-header-display":"","ast-hfb-mobile-header-display":"","site-post-title":"","ast-breadcrumbs-content":"","ast-featured-img":"","footer-sml-layout":"","ast-disable-related-posts":"","theme-transparent-header-meta":"default","adv-header-id-meta":"","stick-header-meta":"","header-above-stick-meta":"","header-main-stick-meta":"","header-below-stick-meta":"","astra-migrate-meta-layouts":"default","ast-page-background-enabled":"default","ast-page-background-meta":{"desktop":{"background-color":"var(--ast-global-color-4)","background-image":"","background-repeat":"repeat","background-position":"center center","background-size":"auto","background-attachment":"scroll","background-type":"","background-media":"","overlay-type":"","overlay-color":"","overlay-opacity":"","overlay-gradient":""},"tablet":{"background-color":"","background-image":"","background-repeat":"repeat","background-position":"center center","background-size":"auto","background-attachment":"scroll","background-type":"","background-media":"","overlay-type":"","overlay-color":"","overlay-opacity":"","overlay-gradient":""},"mobile":{"background-color":"","background-image":"","background-repeat":"repeat","background-position":"center center","background-size":"auto","background-attachment":"scroll","background-type":"","background-media":"","overlay-type":"","overlay-color":"","overlay-opacity":"","overlay-gradient":""}},"ast-content-background-meta":{"desktop":{"background-color":"var(--ast-global-color-5)","background-image":"","background-repeat":"repeat","background-position":"center center","background-size":"auto","background-attachment":"scroll","background-type":"","background-media":"","overlay-type":"","overlay-color":"","overlay-opacity":"","overlay-gradient":""},"tablet":{"background-color":"var(--ast-global-color-5)","background-image":"","background-repeat":"repeat","background-position":"center center","background-size":"auto","background-attachment":"scroll","background-type":"","background-media":"","overlay-type":"","overlay-color":"","overlay-opacity":"","overlay-gradient":""},"mobile":{"background-color":"var(--ast-global-color-5)","background-image":"","background-repeat":"repeat","background-position":"center center","background-size":"auto","background-attachment":"scroll","background-type":"","background-media":"","overlay-type":"","overlay-color":"","overlay-opacity":"","overlay-gradient":""}}},"product_cat":[28,29,168],"product_tag":[101,19,102],"class_list":{"0":"post-320","1":"product","2":"type-product","3":"status-publish","4":"has-post-thumbnail","6":"product_cat-libro","7":"product_cat-medicina","8":"product_cat-salud","9":"product_tag-embriologia","10":"product_tag-medicina","11":"product_tag-obstetricia","12":"desktop-align-left","13":"tablet-align-left","14":"mobile-align-left","16":"first","17":"outofstock","18":"shipping-taxable","19":"purchasable","20":"product-type-simple"},"acf":[],"uagb_featured_image_src":{"full":["https:\/\/biblio1.mdp.edu.ar\/centro-ventas\/wp-content\/uploads\/sites\/2\/2018\/06\/EMBROLOGIACliniCAed9.jpg",392,499,false],"thumbnail":["https:\/\/biblio1.mdp.edu.ar\/centro-ventas\/wp-content\/uploads\/sites\/2\/2018\/06\/EMBROLOGIACliniCAed9.jpg",118,150,false],"medium":["https:\/\/biblio1.mdp.edu.ar\/centro-ventas\/wp-content\/uploads\/sites\/2\/2018\/06\/EMBROLOGIACliniCAed9.jpg",236,300,false],"medium_large":["https:\/\/biblio1.mdp.edu.ar\/centro-ventas\/wp-content\/uploads\/sites\/2\/2018\/06\/EMBROLOGIACliniCAed9.jpg",392,499,false],"large":["https:\/\/biblio1.mdp.edu.ar\/centro-ventas\/wp-content\/uploads\/sites\/2\/2018\/06\/EMBROLOGIACliniCAed9.jpg",392,499,false],"1536x1536":["https:\/\/biblio1.mdp.edu.ar\/centro-ventas\/wp-content\/uploads\/sites\/2\/2018\/06\/EMBROLOGIACliniCAed9.jpg",392,499,false],"2048x2048":["https:\/\/biblio1.mdp.edu.ar\/centro-ventas\/wp-content\/uploads\/sites\/2\/2018\/06\/EMBROLOGIACliniCAed9.jpg",392,499,false],"woocommerce_thumbnail":["https:\/\/biblio1.mdp.edu.ar\/centro-ventas\/wp-content\/uploads\/sites\/2\/2018\/06\/EMBROLOGIACliniCAed9.jpg",300,382,false],"woocommerce_single":["https:\/\/biblio1.mdp.edu.ar\/centro-ventas\/wp-content\/uploads\/sites\/2\/2018\/06\/EMBROLOGIACliniCAed9.jpg",392,499,false],"woocommerce_gallery_thumbnail":["https:\/\/biblio1.mdp.edu.ar\/centro-ventas\/wp-content\/uploads\/sites\/2\/2018\/06\/EMBROLOGIACliniCAed9-100x100.jpg",100,100,true]},"uagb_author_info":{"display_name":"Castorina Jorge","author_link":"https:\/\/biblio1.mdp.edu.ar\/centro-ventas\/author\/"},"uagb_comment_info":0,"uagb_excerpt":"Nueva edici\u00f3n del texto de referencia en la disciplina, Moore, Embriolog\u00eda Cl\u00ednica, altamente consolidada en el mercado internacional y que cuenta con la presencia de los autores m\u00e1s reputados mundialmente en la disciplina. Ofrece la m\u00e1s completa informaci\u00f3n con un enfoque altamente visual y con orientaci\u00f3n cl\u00ednica de la Embriolog\u00eda. Presentaci\u00f3n altamente visual con una&hellip;","_links":{"self":[{"href":"https:\/\/biblio1.mdp.edu.ar\/centro-ventas\/wp-json\/wp\/v2\/product\/320","targetHints":{"allow":["GET"]}}],"collection":[{"href":"https:\/\/biblio1.mdp.edu.ar\/centro-ventas\/wp-json\/wp\/v2\/product"}],"about":[{"href":"https:\/\/biblio1.mdp.edu.ar\/centro-ventas\/wp-json\/wp\/v2\/types\/product"}],"wp:featuredmedia":[{"embeddable":true,"href":"https:\/\/biblio1.mdp.edu.ar\/centro-ventas\/wp-json\/wp\/v2\/media\/360"}],"wp:attachment":[{"href":"https:\/\/biblio1.mdp.edu.ar\/centro-ventas\/wp-json\/wp\/v2\/media?parent=320"}],"wp:term":[{"taxonomy":"product_cat","embeddable":true,"href":"https:\/\/biblio1.mdp.edu.ar\/centro-ventas\/wp-json\/wp\/v2\/product_cat?post=320"},{"taxonomy":"product_tag","embeddable":true,"href":"https:\/\/biblio1.mdp.edu.ar\/centro-ventas\/wp-json\/wp\/v2\/product_tag?post=320"}],"curies":[{"name":"wp","href":"https:\/\/api.w.org\/{rel}","templated":true}]}}