{"id":3190,"date":"2024-04-09T15:38:42","date_gmt":"2024-04-09T18:38:42","guid":{"rendered":"http:\/\/biblio1.mdp.edu.ar\/centro-ventas\/?post_type=product&#038;p=3190"},"modified":"2024-04-09T15:38:48","modified_gmt":"2024-04-09T18:38:48","slug":"comunicacion-democracia-y-ciudadania-fundamentos-teoricos-del-public-journalism","status":"publish","type":"product","link":"https:\/\/biblio1.mdp.edu.ar\/centro-ventas\/producto\/comunicacion-democracia-y-ciudadania-fundamentos-teoricos-del-public-journalism\/","title":{"rendered":"Comunicaci\u00f3n, democracia y ciudadan\u00eda &#8211;    Fundamentos te\u00f3ricos del Public Journalism"},"content":{"rendered":"<div class=\"summary entry-summary\">\n<div class=\"woocommerce-product-details__short-description\">\n<p><span style=\"font-size: 16px\">Si la democracia postindustrial est\u00e1 en crisis, no parece descabellado augurar m\u00e1s de lo mismo para el sistema de medios de comunicaci\u00f3n. Si la ciudadan\u00eda no vuelve a interesarse por las cuestiones p\u00fablicas, no tendr\u00e1 m\u00e1s necesidad del periodismo ni de los periodistas.<\/span><\/p>\n<\/div>\n<\/div>\n<p>El\u00a0<em>Public Journalism<\/em>, desarrollado en los Estados Unidos desde fines de los 80, es una respuesta institucional a la crisis de legitimidad por la que atraviesan los medios de comunicaci\u00f3n y la democracia.<\/p>\n<p>Sin embargo, es todav\u00eda una respuesta precaria y repleta de debilidades te\u00f3ricas. Este libro examina con gran rigor y profundidad tales carencias, tratando de ponerles remedio. Para ello, acude a pensadores que han visto en la comunicaci\u00f3n social el instrumento capaz de galvanizar la fecundidad de la vida democr\u00e1tica.<\/p>\n<p>De ese modo, introduce un debate tan novedoso como apasionante, al menos para quienes tienen el convencimiento de que medios de comunicaci\u00f3n y democracia son t\u00e9rminos interrelacionados, cuyo funcionamiento es, o deber\u00eda ser, una preocupaci\u00f3n de todos, con miras a su constante perfeccionamiento.<\/p>\n<p>Ahora que la met\u00e1fora de los medios como instrumento de navegaci\u00f3n se ha extendido por doquier, quiz\u00e1s convenga dar un paso m\u00e1s y proponerlos como instrumento de habitaci\u00f3n, en tanto genuinos lugares de encuentro y realimentaci\u00f3n vital para la sociedad civil.<\/p>\n","protected":false},"excerpt":{"rendered":"<p>Si la democracia postindustrial est\u00e1 en crisis, no parece descabellado augurar m\u00e1s de lo mismo para el sistema de medios de comunicaci\u00f3n. Si la ciudadan\u00eda no vuelve a interesarse por las cuestiones p\u00fablicas, no tendr\u00e1 m\u00e1s necesidad del periodismo ni de los periodistas. El\u00a0Public Journalism, desarrollado en los Estados Unidos desde fines de los 80, [&hellip;]<\/p>\n","protected":false},"featured_media":3191,"template":"","meta":{"_acf_changed":false,"_eb_attr":"","_crdt_document":"","_uag_custom_page_level_css":"","_editorskit_title_hidden":false,"_editorskit_reading_time":0,"_editorskit_is_block_options_detached":false,"_editorskit_block_options_position":"{}","site-sidebar-layout":"default","site-content-layout":"","ast-site-content-layout":"default","site-content-style":"default","site-sidebar-style":"default","ast-global-header-display":"","ast-banner-title-visibility":"","ast-main-header-display":"","ast-hfb-above-header-display":"","ast-hfb-below-header-display":"","ast-hfb-mobile-header-display":"","site-post-title":"","ast-breadcrumbs-content":"","ast-featured-img":"","footer-sml-layout":"","ast-disable-related-posts":"","theme-transparent-header-meta":"default","adv-header-id-meta":"","stick-header-meta":"","header-above-stick-meta":"","header-main-stick-meta":"","header-below-stick-meta":"","astra-migrate-meta-layouts":"set","ast-page-background-enabled":"default","ast-page-background-meta":{"desktop":{"background-color":"var(--ast-global-color-4)","background-image":"","background-repeat":"repeat","background-position":"center center","background-size":"auto","background-attachment":"scroll","background-type":"","background-media":"","overlay-type":"","overlay-color":"","overlay-opacity":"","overlay-gradient":""},"tablet":{"background-color":"","background-image":"","background-repeat":"repeat","background-position":"center center","background-size":"auto","background-attachment":"scroll","background-type":"","background-media":"","overlay-type":"","overlay-color":"","overlay-opacity":"","overlay-gradient":""},"mobile":{"background-color":"","background-image":"","background-repeat":"repeat","background-position":"center center","background-size":"auto","background-attachment":"scroll","background-type":"","background-media":"","overlay-type":"","overlay-color":"","overlay-opacity":"","overlay-gradient":""}},"ast-content-background-meta":{"desktop":{"background-color":"var(--ast-global-color-5)","background-image":"","background-repeat":"repeat","background-position":"center center","background-size":"auto","background-attachment":"scroll","background-type":"","background-media":"","overlay-type":"","overlay-color":"","overlay-opacity":"","overlay-gradient":""},"tablet":{"background-color":"var(--ast-global-color-5)","background-image":"","background-repeat":"repeat","background-position":"center center","background-size":"auto","background-attachment":"scroll","background-type":"","background-media":"","overlay-type":"","overlay-color":"","overlay-opacity":"","overlay-gradient":""},"mobile":{"background-color":"var(--ast-global-color-5)","background-image":"","background-repeat":"repeat","background-position":"center center","background-size":"auto","background-attachment":"scroll","background-type":"","background-media":"","overlay-type":"","overlay-color":"","overlay-opacity":"","overlay-gradient":""}}},"product_cat":[28],"product_tag":[389,404,93,384,406,405,407,119],"class_list":{"0":"post-3190","1":"product","2":"type-product","3":"status-publish","4":"has-post-thumbnail","6":"product_cat-libro","7":"product_tag-ciencias-sociales","8":"product_tag-coleccion-signo","9":"product_tag-comunicacion","10":"product_tag-cultura","11":"product_tag-desarrollo-local","12":"product_tag-la-crujia","13":"product_tag-periodismo","14":"product_tag-politica","15":"desktop-align-left","16":"tablet-align-left","17":"mobile-align-left","19":"first","20":"instock","21":"shipping-taxable","22":"purchasable","23":"product-type-simple"},"acf":[],"uagb_featured_image_src":{"full":["https:\/\/biblio1.mdp.edu.ar\/centro-ventas\/wp-content\/uploads\/sites\/2\/2024\/04\/comunicacion-democracia-ciudadania-e1604600682686.jpg",440,638,false],"thumbnail":["https:\/\/biblio1.mdp.edu.ar\/centro-ventas\/wp-content\/uploads\/sites\/2\/2024\/04\/comunicacion-democracia-ciudadania-e1604600682686-150x150.jpg",150,150,true],"medium":["https:\/\/biblio1.mdp.edu.ar\/centro-ventas\/wp-content\/uploads\/sites\/2\/2024\/04\/comunicacion-democracia-ciudadania-e1604600682686-207x300.jpg",207,300,true],"medium_large":["https:\/\/biblio1.mdp.edu.ar\/centro-ventas\/wp-content\/uploads\/sites\/2\/2024\/04\/comunicacion-democracia-ciudadania-e1604600682686.jpg",440,638,false],"large":["https:\/\/biblio1.mdp.edu.ar\/centro-ventas\/wp-content\/uploads\/sites\/2\/2024\/04\/comunicacion-democracia-ciudadania-e1604600682686.jpg",440,638,false],"1536x1536":["https:\/\/biblio1.mdp.edu.ar\/centro-ventas\/wp-content\/uploads\/sites\/2\/2024\/04\/comunicacion-democracia-ciudadania-e1604600682686.jpg",440,638,false],"2048x2048":["https:\/\/biblio1.mdp.edu.ar\/centro-ventas\/wp-content\/uploads\/sites\/2\/2024\/04\/comunicacion-democracia-ciudadania-e1604600682686.jpg",440,638,false],"woocommerce_thumbnail":["https:\/\/biblio1.mdp.edu.ar\/centro-ventas\/wp-content\/uploads\/sites\/2\/2024\/04\/comunicacion-democracia-ciudadania-e1604600682686-300x435.jpg",300,435,true],"woocommerce_single":["https:\/\/biblio1.mdp.edu.ar\/centro-ventas\/wp-content\/uploads\/sites\/2\/2024\/04\/comunicacion-democracia-ciudadania-e1604600682686.jpg",440,638,false],"woocommerce_gallery_thumbnail":["https:\/\/biblio1.mdp.edu.ar\/centro-ventas\/wp-content\/uploads\/sites\/2\/2024\/04\/comunicacion-democracia-ciudadania-e1604600682686-100x100.jpg",100,100,true]},"uagb_author_info":{"display_name":"Cristina Bernabe","author_link":"https:\/\/biblio1.mdp.edu.ar\/centro-ventas\/author\/"},"uagb_comment_info":0,"uagb_excerpt":"Si la democracia postindustrial est\u00e1 en crisis, no parece descabellado augurar m\u00e1s de lo mismo para el sistema de medios de comunicaci\u00f3n. Si la ciudadan\u00eda no vuelve a interesarse por las cuestiones p\u00fablicas, no tendr\u00e1 m\u00e1s necesidad del periodismo ni de los periodistas. El\u00a0Public Journalism, desarrollado en los Estados Unidos desde fines de los 80,&hellip;","_links":{"self":[{"href":"https:\/\/biblio1.mdp.edu.ar\/centro-ventas\/wp-json\/wp\/v2\/product\/3190","targetHints":{"allow":["GET"]}}],"collection":[{"href":"https:\/\/biblio1.mdp.edu.ar\/centro-ventas\/wp-json\/wp\/v2\/product"}],"about":[{"href":"https:\/\/biblio1.mdp.edu.ar\/centro-ventas\/wp-json\/wp\/v2\/types\/product"}],"wp:featuredmedia":[{"embeddable":true,"href":"https:\/\/biblio1.mdp.edu.ar\/centro-ventas\/wp-json\/wp\/v2\/media\/3191"}],"wp:attachment":[{"href":"https:\/\/biblio1.mdp.edu.ar\/centro-ventas\/wp-json\/wp\/v2\/media?parent=3190"}],"wp:term":[{"taxonomy":"product_cat","embeddable":true,"href":"https:\/\/biblio1.mdp.edu.ar\/centro-ventas\/wp-json\/wp\/v2\/product_cat?post=3190"},{"taxonomy":"product_tag","embeddable":true,"href":"https:\/\/biblio1.mdp.edu.ar\/centro-ventas\/wp-json\/wp\/v2\/product_tag?post=3190"}],"curies":[{"name":"wp","href":"https:\/\/api.w.org\/{rel}","templated":true}]}}

Comunicación, democracia y ciudadanía &#8211;    Fundamentos teóricos del Public Journalism

<div class="summary entry-summary">
<div class="woocommerce-product-details__short-description">
<p><span style="font-size: 16px">Si la democracia postindustrial está en crisis, no parece descabellado augurar más de lo mismo para el sistema de medios de comunicación. Si la ciudadanía no vuelve a interesarse por las cuestiones públicas, no tendrá más necesidad del periodismo ni de los periodistas.</span></p>
</div>
</div>
<p>El <em>Public Journalism</em>, desarrollado en los Estados Unidos desde fines de los 80, es una respuesta institucional a la crisis de legitimidad por la que atraviesan los medios de comunicación y la democracia.</p>
<p>Sin embargo, es todavía una respuesta precaria y repleta de debilidades teóricas. Este libro examina con gran rigor y profundidad tales carencias, tratando de ponerles remedio. Para ello, acude a pensadores que han visto en la comunicación social el instrumento capaz de galvanizar la fecundidad de la vida democrática.</p>
<p>De ese modo, introduce un debate tan novedoso como apasionante, al menos para quienes tienen el convencimiento de que medios de comunicación y democracia son términos interrelacionados, cuyo funcionamiento es, o debería ser, una preocupación de todos, con miras a su constante perfeccionamiento.</p>
<p>Ahora que la metáfora de los medios como instrumento de navegación se ha extendido por doquier, quizás convenga dar un paso más y proponerlos como instrumento de habitación, en tanto genuinos lugares de encuentro y realimentación vital para la sociedad civil.</p>

<p>Si la democracia postindustrial está en crisis, no parece descabellado augurar más de lo mismo para el sistema de medios de comunicación. Si la ciudadanía no vuelve a interesarse por las cuestiones públicas, no tendrá más necesidad del periodismo ni de los periodistas. El Public Journalism, desarrollado en los Estados Unidos desde fines de los 80, [&hellip;]</p>

Si la democracia postindustrial está en crisis, no parece descabellado augurar más de lo mismo para el sistema de medios de comunicación. Si la ciudadanía no vuelve a interesarse por las cuestiones públicas, no tendrá más necesidad del periodismo ni de los periodistas. El Public Journalism, desarrollado en los Estados Unidos desde fines de los 80,&hellip;
