{"id":3140,"date":"2024-03-21T16:17:50","date_gmt":"2024-03-21T19:17:50","guid":{"rendered":"http:\/\/biblio1.mdp.edu.ar\/centro-ventas\/?post_type=product&#038;p=3140"},"modified":"2026-04-01T14:54:41","modified_gmt":"2026-04-01T17:54:41","slug":"siempre-soy-para-una-filosofia-critica-del-sujeto","status":"publish","type":"product","link":"https:\/\/biblio1.mdp.edu.ar\/centro-ventas\/producto\/siempre-soy-para-una-filosofia-critica-del-sujeto\/","title":{"rendered":"Siempre soy &#8211; Para una filosof\u00eda cr\u00edtica del sujeto"},"content":{"rendered":"<p style=\"font-weight: 400\"><span style=\"font-weight: 400\">La frase \u201csiempre soy\u201d expresa el punto de vista de un sujeto que se asume invariable, permanente, inmortal. Esta conciencia de s\u00ed, siempre igual a s\u00ed misma, que no reconoce g\u00e9nesis, historicidad, ni caducidad, este yo substancial, magistralmente defendido por la filosof\u00eda cartesiana, ha sido reiteradamente puesto en discusi\u00f3n por la filosof\u00eda desde el siglo XVII hasta nuestros d\u00edas.<\/span><\/p>\n<p style=\"font-weight: 400\"><span style=\"font-weight: 400\">Producto de una serie de colaboraciones realizadas por docentes e investigadores de las \u00e1reas de filosof\u00eda y psicolog\u00eda, esta obra aborda la subjetividad substancial a partir de cuatro ejes: el contexto de emergencia de la categor\u00eda de sujeto en la Antig\u00fcedad, en la Edad Media y en la Modernidad; el sujeto en la filosof\u00eda moderna, a trav\u00e9s de las obras de Descartes, Hume, Kant y Hegel; la cr\u00edtica del sujeto en la filosof\u00eda contempor\u00e1nea, propuesta por las obras de Marx, Nietzsche, Heidegger y Foucault; y el sujeto en la filosof\u00eda y la psicolog\u00eda de la actualidad.<\/span><\/p>\n","protected":false},"excerpt":{"rendered":"<p>La frase \u201csiempre soy\u201d expresa el punto de vista de un sujeto que se asume invariable, permanente, inmortal. Esta conciencia de s\u00ed, siempre igual a s\u00ed misma, que no reconoce g\u00e9nesis, historicidad, ni caducidad, este yo substancial, magistralmente defendido por la filosof\u00eda cartesiana, ha sido reiteradamente puesto en discusi\u00f3n por la filosof\u00eda desde el siglo [&hellip;]<\/p>\n","protected":false},"featured_media":3141,"template":"","meta":{"_acf_changed":false,"_eb_attr":"","_crdt_document":"","_uag_custom_page_level_css":"","_editorskit_title_hidden":false,"_editorskit_reading_time":0,"_editorskit_is_block_options_detached":false,"_editorskit_block_options_position":"{}","site-sidebar-layout":"default","site-content-layout":"","ast-site-content-layout":"default","site-content-style":"default","site-sidebar-style":"default","ast-global-header-display":"","ast-banner-title-visibility":"","ast-main-header-display":"","ast-hfb-above-header-display":"","ast-hfb-below-header-display":"","ast-hfb-mobile-header-display":"","site-post-title":"","ast-breadcrumbs-content":"","ast-featured-img":"","footer-sml-layout":"","ast-disable-related-posts":"","theme-transparent-header-meta":"default","adv-header-id-meta":"","stick-header-meta":"","header-above-stick-meta":"","header-main-stick-meta":"","header-below-stick-meta":"","astra-migrate-meta-layouts":"set","ast-page-background-enabled":"default","ast-page-background-meta":{"desktop":{"background-color":"var(--ast-global-color-4)","background-image":"","background-repeat":"repeat","background-position":"center center","background-size":"auto","background-attachment":"scroll","background-type":"","background-media":"","overlay-type":"","overlay-color":"","overlay-opacity":"","overlay-gradient":""},"tablet":{"background-color":"","background-image":"","background-repeat":"repeat","background-position":"center center","background-size":"auto","background-attachment":"scroll","background-type":"","background-media":"","overlay-type":"","overlay-color":"","overlay-opacity":"","overlay-gradient":""},"mobile":{"background-color":"","background-image":"","background-repeat":"repeat","background-position":"center center","background-size":"auto","background-attachment":"scroll","background-type":"","background-media":"","overlay-type":"","overlay-color":"","overlay-opacity":"","overlay-gradient":""}},"ast-content-background-meta":{"desktop":{"background-color":"var(--ast-global-color-5)","background-image":"","background-repeat":"repeat","background-position":"center center","background-size":"auto","background-attachment":"scroll","background-type":"","background-media":"","overlay-type":"","overlay-color":"","overlay-opacity":"","overlay-gradient":""},"tablet":{"background-color":"var(--ast-global-color-5)","background-image":"","background-repeat":"repeat","background-position":"center center","background-size":"auto","background-attachment":"scroll","background-type":"","background-media":"","overlay-type":"","overlay-color":"","overlay-opacity":"","overlay-gradient":""},"mobile":{"background-color":"var(--ast-global-color-5)","background-image":"","background-repeat":"repeat","background-position":"center center","background-size":"auto","background-attachment":"scroll","background-type":"","background-media":"","overlay-type":"","overlay-color":"","overlay-opacity":"","overlay-gradient":""}}},"product_cat":[32,28,183,124],"product_tag":[177,70],"class_list":{"0":"post-3140","1":"product","2":"type-product","3":"status-publish","4":"has-post-thumbnail","6":"product_cat-edudem","7":"product_cat-libro","8":"product_cat-psicologia","9":"product_cat-serie-simbolos","10":"product_tag-filosofia","11":"product_tag-psicologia","12":"desktop-align-left","13":"tablet-align-left","14":"mobile-align-left","16":"first","17":"instock","18":"shipping-taxable","19":"purchasable","20":"product-type-simple"},"acf":[],"uagb_featured_image_src":{"full":["https:\/\/biblio1.mdp.edu.ar\/centro-ventas\/wp-content\/uploads\/sites\/2\/2024\/03\/43150080ba262e4ec25b05d90eb6894b-medium.jpg",375,576,false],"thumbnail":["https:\/\/biblio1.mdp.edu.ar\/centro-ventas\/wp-content\/uploads\/sites\/2\/2024\/03\/43150080ba262e4ec25b05d90eb6894b-medium-150x150.jpg",150,150,true],"medium":["https:\/\/biblio1.mdp.edu.ar\/centro-ventas\/wp-content\/uploads\/sites\/2\/2024\/03\/43150080ba262e4ec25b05d90eb6894b-medium-195x300.jpg",195,300,true],"medium_large":["https:\/\/biblio1.mdp.edu.ar\/centro-ventas\/wp-content\/uploads\/sites\/2\/2024\/03\/43150080ba262e4ec25b05d90eb6894b-medium.jpg",375,576,false],"large":["https:\/\/biblio1.mdp.edu.ar\/centro-ventas\/wp-content\/uploads\/sites\/2\/2024\/03\/43150080ba262e4ec25b05d90eb6894b-medium.jpg",375,576,false],"1536x1536":["https:\/\/biblio1.mdp.edu.ar\/centro-ventas\/wp-content\/uploads\/sites\/2\/2024\/03\/43150080ba262e4ec25b05d90eb6894b-medium.jpg",375,576,false],"2048x2048":["https:\/\/biblio1.mdp.edu.ar\/centro-ventas\/wp-content\/uploads\/sites\/2\/2024\/03\/43150080ba262e4ec25b05d90eb6894b-medium.jpg",375,576,false],"woocommerce_thumbnail":["https:\/\/biblio1.mdp.edu.ar\/centro-ventas\/wp-content\/uploads\/sites\/2\/2024\/03\/43150080ba262e4ec25b05d90eb6894b-medium-300x461.jpg",300,461,true],"woocommerce_single":["https:\/\/biblio1.mdp.edu.ar\/centro-ventas\/wp-content\/uploads\/sites\/2\/2024\/03\/43150080ba262e4ec25b05d90eb6894b-medium.jpg",375,576,false],"woocommerce_gallery_thumbnail":["https:\/\/biblio1.mdp.edu.ar\/centro-ventas\/wp-content\/uploads\/sites\/2\/2024\/03\/43150080ba262e4ec25b05d90eb6894b-medium-100x100.jpg",100,100,true]},"uagb_author_info":{"display_name":"Cristina Bernabe","author_link":"https:\/\/biblio1.mdp.edu.ar\/centro-ventas\/author\/"},"uagb_comment_info":0,"uagb_excerpt":"La frase \u201csiempre soy\u201d expresa el punto de vista de un sujeto que se asume invariable, permanente, inmortal. Esta conciencia de s\u00ed, siempre igual a s\u00ed misma, que no reconoce g\u00e9nesis, historicidad, ni caducidad, este yo substancial, magistralmente defendido por la filosof\u00eda cartesiana, ha sido reiteradamente puesto en discusi\u00f3n por la filosof\u00eda desde el siglo&hellip;","_links":{"self":[{"href":"https:\/\/biblio1.mdp.edu.ar\/centro-ventas\/wp-json\/wp\/v2\/product\/3140","targetHints":{"allow":["GET"]}}],"collection":[{"href":"https:\/\/biblio1.mdp.edu.ar\/centro-ventas\/wp-json\/wp\/v2\/product"}],"about":[{"href":"https:\/\/biblio1.mdp.edu.ar\/centro-ventas\/wp-json\/wp\/v2\/types\/product"}],"wp:featuredmedia":[{"embeddable":true,"href":"https:\/\/biblio1.mdp.edu.ar\/centro-ventas\/wp-json\/wp\/v2\/media\/3141"}],"wp:attachment":[{"href":"https:\/\/biblio1.mdp.edu.ar\/centro-ventas\/wp-json\/wp\/v2\/media?parent=3140"}],"wp:term":[{"taxonomy":"product_cat","embeddable":true,"href":"https:\/\/biblio1.mdp.edu.ar\/centro-ventas\/wp-json\/wp\/v2\/product_cat?post=3140"},{"taxonomy":"product_tag","embeddable":true,"href":"https:\/\/biblio1.mdp.edu.ar\/centro-ventas\/wp-json\/wp\/v2\/product_tag?post=3140"}],"curies":[{"name":"wp","href":"https:\/\/api.w.org\/{rel}","templated":true}]}}