{"id":3072,"date":"2023-11-14T15:44:15","date_gmt":"2023-11-14T18:44:15","guid":{"rendered":"http:\/\/biblio1.mdp.edu.ar\/centro-ventas\/?post_type=product&#038;p=3072"},"modified":"2025-10-16T17:18:22","modified_gmt":"2025-10-16T20:18:22","slug":"la-trampa-neoliberal-un-estudios-sobre-los-cambios-en-la-heterogeneidad-estructural-y-la-distribucion-del-ingreso-en-la-argentina-1990-2003","status":"publish","type":"product","link":"https:\/\/biblio1.mdp.edu.ar\/centro-ventas\/producto\/la-trampa-neoliberal-un-estudios-sobre-los-cambios-en-la-heterogeneidad-estructural-y-la-distribucion-del-ingreso-en-la-argentina-1990-2003\/","title":{"rendered":"La trampa neoliberal &#8211; Un estudios sobre los cambios en la heterogeneidad estructural y la distribuci\u00f3n del ingreso en la argentina: 1990-2003"},"content":{"rendered":"<div id=\"contenedorSubHeader\" class=\"container-fluid no-padding cont-subheader\">\n<div class=\"container\">\n<div class=\"row\">\n<section class=\"ficha\">\n<article id=\"ContentPlaceHolderSubHeader_rptFichaSubtitulo_producto_Container_0\" class=\" papel\">\n<div class=\"col-xs-12 col-sm-5 info no-padding\">\n<div class=\"\">\n<div class=\"col-md-12 titulo\">\n<h1 id=\"ContentPlaceHolderSubHeader_rptFichaSubtitulo_prop_name_0\" class=\"font-xs font-sm font-md\">La trampa neoliberal<\/h1>\n<h4 id=\"ContentPlaceHolderSubHeader_rptFichaSubtitulo_prop_subtitle_0\">Un estudios sobre los cambios en la heterogeneidad estructural y la distribuci\u00f3n del ingreso en la argentina: 1990-2003<\/h4>\n<p id=\"ContentPlaceHolderSubHeader_rptFichaSubtitulo_autoresContainer_0\" class=\"autor subrayado\" title=\"Salvia, Agust\u00edn.\"><span style=\"font-size: 16px\"><br \/>\nEl deterioro social que sufri\u00f3 la Argentina entre 1989 y 2001 \u2013verificable por el avance de la pobreza y una inequitativa distribuci\u00f3n del ingreso\u2013 requiere de una explicaci\u00f3n te\u00f3rica que eluda el atajo del sentido com\u00fan acad\u00e9mico. Durante ese per\u00edodo se ejecutaron las llamadas \u201creformas estructurales\u201d que s\u00f3lo pueden ser pensadas e interpretadas en el contexto de un cambio de r\u00e9gimen social de acumulaci\u00f3n a escala nacional y el simult\u00e1neo advenimiento de una renovada expansi\u00f3n capitalista internacional. En este marco y retomando la tradici\u00f3n estructuralista latinoamericana, esta investigaci\u00f3n sostiene que el crecimiento econ\u00f3mico, la din\u00e1mica de reproducci\u00f3n social y los efectos en materia de pobreza y distribuci\u00f3n del ingreso constituyen fen\u00f3menos estrechamente relacionados con el modo subordinado en que la formaci\u00f3n social se inserta en la divisi\u00f3n internacional de trabajo, con el car\u00e1cter dual y combinado del proceso de acumulaci\u00f3n nacional, y con el poder asim\u00e9trico de los agentes econ\u00f3micos y sociales que participan de los procesos de acumulaci\u00f3n, reproducci\u00f3n social y liderazgo pol\u00edtico.<\/span><\/p>\n<\/div>\n<\/div>\n<\/div>\n<\/article>\n<\/section>\n<\/div>\n<\/div>\n<\/div>\n<div class=\"container primary\">\n<div class=\"row\">\n<div id=\"contenedorCentral\" class=\"col-xs-12 col-sm-12 col-md-8 cont-central\">\n<div class=\"ficha\">\n<div class=\"row\">\n<section id=\"ContentPlaceHolderContenido_rptFicha_rptAutoresBio_0_autorBio_0_resultadoEnriquecido_0_sectionContainer_0\" class=\"resultado-enriquecido col-md-12 padding-top autor-info\">\n<h2 class=\"clearfix subrayado\"><span class=\"col-xs-9 col-sm-10\">Acerca del AUTOR\u00a0Agust\u00edn Salvia<\/span><\/h2>\n<div class=\"row collapse in info\" aria-expanded=\"true\">\n<div id=\"ContentPlaceHolderContenido_rptFicha_rptAutoresBio_0_autorBio_0_resultadoEnriquecido_0_textoContainer_0\" class=\"col-xs-12 texto\">Es soci\u00f3logo, mag\u00edster en Ciencias Pol\u00edticas y Sociales y doctor en Ciencias Sociales, egresado del programa de Formaci\u00f3n de Investigadores en Desarrollo Urbano-Regional, Instituto Torcuato Di Tella; investigador principal del Conicet; investigador jefe y coordinador general del programa \u201cObservatorio de la deuda social argentina\u201d en la Universidad Cat\u00f3lica Argentina. Es director del programa \u201cCambio estructural y desigualdad social\u201d con sede en el Instituto de Investigaci\u00f3n Gino Germani de la Facultad de Ciencias Sociales de la Universidad de Buenos Aires. Es profesor universitario en Metodolog\u00eda y T\u00e9cnicas de Investigaci\u00f3n en Ciencias Sociales a nivel de grado y de posgrado en la Universidad de Buenos Aires, la Universidad de Bologna, la Universidad Nacional de Tres de Febrero, FLACSO Argentina y la Universidad de la Rep\u00fablica de Uruguay. Entre sus m\u00faltiples publicaciones se destaca el libro La trampa neoliberal. Un estudio sobre los cambios en la heterogeneidad estructural y la distribuci\u00f3n del ingreso en Argentina (1990-2013), Eudeba, 2012.<\/div>\n<\/div>\n<\/section>\n<\/div>\n<\/div>\n<\/div>\n<\/div>\n<\/div>\n","protected":false},"excerpt":{"rendered":"<p>La trampa neoliberal Un estudios sobre los cambios en la heterogeneidad estructural y la distribuci\u00f3n del ingreso en la argentina: 1990-2003 El deterioro social que sufri\u00f3 la Argentina entre 1989 y 2001 \u2013verificable por el avance de la pobreza y una inequitativa distribuci\u00f3n del ingreso\u2013 requiere de una explicaci\u00f3n te\u00f3rica que eluda el atajo del [&hellip;]<\/p>\n","protected":false},"featured_media":3073,"template":"","meta":{"_acf_changed":false,"_eb_attr":"","_crdt_document":"","_uag_custom_page_level_css":"","_editorskit_title_hidden":false,"_editorskit_reading_time":0,"_editorskit_is_block_options_detached":false,"_editorskit_block_options_position":"{}","site-sidebar-layout":"default","site-content-layout":"","ast-site-content-layout":"default","site-content-style":"default","site-sidebar-style":"default","ast-global-header-display":"","ast-banner-title-visibility":"","ast-main-header-display":"","ast-hfb-above-header-display":"","ast-hfb-below-header-display":"","ast-hfb-mobile-header-display":"","site-post-title":"","ast-breadcrumbs-content":"","ast-featured-img":"","footer-sml-layout":"","ast-disable-related-posts":"","theme-transparent-header-meta":"default","adv-header-id-meta":"","stick-header-meta":"","header-above-stick-meta":"","header-main-stick-meta":"","header-below-stick-meta":"","astra-migrate-meta-layouts":"set","ast-page-background-enabled":"default","ast-page-background-meta":{"desktop":{"background-color":"var(--ast-global-color-4)","background-image":"","background-repeat":"repeat","background-position":"center center","background-size":"auto","background-attachment":"scroll","background-type":"","background-media":"","overlay-type":"","overlay-color":"","overlay-opacity":"","overlay-gradient":""},"tablet":{"background-color":"","background-image":"","background-repeat":"repeat","background-position":"center center","background-size":"auto","background-attachment":"scroll","background-type":"","background-media":"","overlay-type":"","overlay-color":"","overlay-opacity":"","overlay-gradient":""},"mobile":{"background-color":"","background-image":"","background-repeat":"repeat","background-position":"center center","background-size":"auto","background-attachment":"scroll","background-type":"","background-media":"","overlay-type":"","overlay-color":"","overlay-opacity":"","overlay-gradient":""}},"ast-content-background-meta":{"desktop":{"background-color":"var(--ast-global-color-5)","background-image":"","background-repeat":"repeat","background-position":"center center","background-size":"auto","background-attachment":"scroll","background-type":"","background-media":"","overlay-type":"","overlay-color":"","overlay-opacity":"","overlay-gradient":""},"tablet":{"background-color":"var(--ast-global-color-5)","background-image":"","background-repeat":"repeat","background-position":"center center","background-size":"auto","background-attachment":"scroll","background-type":"","background-media":"","overlay-type":"","overlay-color":"","overlay-opacity":"","overlay-gradient":""},"mobile":{"background-color":"var(--ast-global-color-5)","background-image":"","background-repeat":"repeat","background-position":"center center","background-size":"auto","background-attachment":"scroll","background-type":"","background-media":"","overlay-type":"","overlay-color":"","overlay-opacity":"","overlay-gradient":""}}},"product_cat":[130,28],"product_tag":[234,386,387],"class_list":{"0":"post-3072","1":"product","2":"type-product","3":"status-publish","4":"has-post-thumbnail","6":"product_cat-eudeba-libro","7":"product_cat-libro","8":"product_tag-economia","9":"product_tag-macroeconomia","10":"product_tag-teorias-economicas","11":"desktop-align-left","12":"tablet-align-left","13":"mobile-align-left","15":"first","16":"instock","17":"shipping-taxable","18":"purchasable","19":"product-type-simple"},"acf":[],"uagb_featured_image_src":{"full":["https:\/\/biblio1.mdp.edu.ar\/centro-ventas\/wp-content\/uploads\/sites\/2\/2023\/11\/9789502318820.jpg",354,500,false],"thumbnail":["https:\/\/biblio1.mdp.edu.ar\/centro-ventas\/wp-content\/uploads\/sites\/2\/2023\/11\/9789502318820-150x150.jpg",150,150,true],"medium":["https:\/\/biblio1.mdp.edu.ar\/centro-ventas\/wp-content\/uploads\/sites\/2\/2023\/11\/9789502318820-212x300.jpg",212,300,true],"medium_large":["https:\/\/biblio1.mdp.edu.ar\/centro-ventas\/wp-content\/uploads\/sites\/2\/2023\/11\/9789502318820.jpg",354,500,false],"large":["https:\/\/biblio1.mdp.edu.ar\/centro-ventas\/wp-content\/uploads\/sites\/2\/2023\/11\/9789502318820.jpg",354,500,false],"1536x1536":["https:\/\/biblio1.mdp.edu.ar\/centro-ventas\/wp-content\/uploads\/sites\/2\/2023\/11\/9789502318820.jpg",354,500,false],"2048x2048":["https:\/\/biblio1.mdp.edu.ar\/centro-ventas\/wp-content\/uploads\/sites\/2\/2023\/11\/9789502318820.jpg",354,500,false],"woocommerce_thumbnail":["https:\/\/biblio1.mdp.edu.ar\/centro-ventas\/wp-content\/uploads\/sites\/2\/2023\/11\/9789502318820-300x424.jpg",300,424,true],"woocommerce_single":["https:\/\/biblio1.mdp.edu.ar\/centro-ventas\/wp-content\/uploads\/sites\/2\/2023\/11\/9789502318820.jpg",354,500,false],"woocommerce_gallery_thumbnail":["https:\/\/biblio1.mdp.edu.ar\/centro-ventas\/wp-content\/uploads\/sites\/2\/2023\/11\/9789502318820-100x100.jpg",100,100,true]},"uagb_author_info":{"display_name":"Cristina Bernabe","author_link":"https:\/\/biblio1.mdp.edu.ar\/centro-ventas\/author\/"},"uagb_comment_info":0,"uagb_excerpt":"La trampa neoliberal Un estudios sobre los cambios en la heterogeneidad estructural y la distribuci\u00f3n del ingreso en la argentina: 1990-2003 El deterioro social que sufri\u00f3 la Argentina entre 1989 y 2001 \u2013verificable por el avance de la pobreza y una inequitativa distribuci\u00f3n del ingreso\u2013 requiere de una explicaci\u00f3n te\u00f3rica que eluda el atajo del&hellip;","_links":{"self":[{"href":"https:\/\/biblio1.mdp.edu.ar\/centro-ventas\/wp-json\/wp\/v2\/product\/3072","targetHints":{"allow":["GET"]}}],"collection":[{"href":"https:\/\/biblio1.mdp.edu.ar\/centro-ventas\/wp-json\/wp\/v2\/product"}],"about":[{"href":"https:\/\/biblio1.mdp.edu.ar\/centro-ventas\/wp-json\/wp\/v2\/types\/product"}],"wp:featuredmedia":[{"embeddable":true,"href":"https:\/\/biblio1.mdp.edu.ar\/centro-ventas\/wp-json\/wp\/v2\/media\/3073"}],"wp:attachment":[{"href":"https:\/\/biblio1.mdp.edu.ar\/centro-ventas\/wp-json\/wp\/v2\/media?parent=3072"}],"wp:term":[{"taxonomy":"product_cat","embeddable":true,"href":"https:\/\/biblio1.mdp.edu.ar\/centro-ventas\/wp-json\/wp\/v2\/product_cat?post=3072"},{"taxonomy":"product_tag","embeddable":true,"href":"https:\/\/biblio1.mdp.edu.ar\/centro-ventas\/wp-json\/wp\/v2\/product_tag?post=3072"}],"curies":[{"name":"wp","href":"https:\/\/api.w.org\/{rel}","templated":true}]}}