{"id":3044,"date":"2023-10-20T17:40:26","date_gmt":"2023-10-20T20:40:26","guid":{"rendered":"http:\/\/biblio1.mdp.edu.ar\/centro-ventas\/?post_type=product&#038;p=3044"},"modified":"2026-04-01T15:04:11","modified_gmt":"2026-04-01T18:04:11","slug":"vidas-fallidas","status":"publish","type":"product","link":"https:\/\/biblio1.mdp.edu.ar\/centro-ventas\/producto\/vidas-fallidas\/","title":{"rendered":"Vidas Fallidas"},"content":{"rendered":"<div class=\"row\">\n<div class=\"col-md-7\"><span style=\"font-size: 16px\">Este libro colectivo investiga la relaci\u00f3n dial\u00e9ctica entre \u00e9xito y fracaso desde una perspectiva hist\u00f3rica de las experiencias individuales. Estas etiquetas, sin embargo, no definen dos posiciones ant\u00f3nimas con las que se pueda decidir, en todo tiempo, sobre cualquier situaci\u00f3n sino que, m\u00e1s bien, delimitan un espectro de estrategias impl\u00edcitas y expl\u00edcitas de construcci\u00f3n, justificaci\u00f3n y recreaci\u00f3n (auto) biogr\u00e1fica. El t\u00e9rmino \u201cfracaso\u201d ha aparecido ocasionalmente en los t\u00edtulos de algunas investigaciones sobre el Atl\u00e1ntico Ib\u00e9rico en los siglos XVI al XIX, pero a menudo se considera que su significado es obvio y, por tanto, se teoriza de modo incompleto o poco sistem\u00e1tico. Parece, de hecho, que el fracaso se ha escapado a todas las recientes revisiones conceptuales y metodol\u00f3gicas de las categor\u00edas del an\u00e1lisis hist\u00f3rico. Esta ausencia de reflexi\u00f3n sobre el fracaso es, si cabe, m\u00e1s significativa cuando se aborda la vida individual de un personaje hist\u00f3rico, desde los m\u00e1s conocidos\/as a los m\u00e1s desconocidos\/as. Los distintos cap\u00edtulos aqu\u00ed reunidos ofrecen una serie de aproximaciones al fracaso individual durante los siglos XVI a XIX con el objetivo de cuestionar tanto las cambiantes percepciones sobre el \u00e9xito o los momentos de derrota que pueden caracterizar una vida como ciertas ideas comunes acerca de la estrategia individual.<\/span><\/div>\n<\/div>\n<div>\n<div class=\"col-md-1\"><\/div>\n<div class=\"col-md-2\"><strong>Autor:\u00a0<\/strong>\u00c1lvarez-Ossorio Alvari\u00f1o, Antonio; Amelang, James; Gonz\u00e1lez Mezquita, Mar\u00eda Luz; Mart\u00ednez Bermejo, Sa\u00fal (Coordinadores)<\/div>\n<div class=\"col-md-2\"><strong>Editorial:\u00a0<\/strong>Editorial de la Universidad Nacional de Mar del Plata<\/div>\n<div class=\"col-md-2\"><strong>Publicado:\u00a0<\/strong>24-08-2023<\/div>\n<div class=\"col-md-2\"><strong>ISBN:\u00a0<\/strong>9789878997124<\/div>\n<\/div>\n","protected":false},"excerpt":{"rendered":"<p>Este libro colectivo investiga la relaci\u00f3n dial\u00e9ctica entre \u00e9xito y fracaso desde una perspectiva hist\u00f3rica de las experiencias individuales. Estas etiquetas, sin embargo, no definen dos posiciones ant\u00f3nimas con las que se pueda decidir, en todo tiempo, sobre cualquier situaci\u00f3n sino que, m\u00e1s bien, delimitan un espectro de estrategias impl\u00edcitas y expl\u00edcitas de construcci\u00f3n, justificaci\u00f3n [&hellip;]<\/p>\n","protected":false},"featured_media":3045,"template":"","meta":{"_acf_changed":false,"_eb_attr":"","_crdt_document":"","_uag_custom_page_level_css":"","_editorskit_title_hidden":false,"_editorskit_reading_time":0,"_editorskit_is_block_options_detached":false,"_editorskit_block_options_position":"{}","site-sidebar-layout":"default","site-content-layout":"","ast-site-content-layout":"default","site-content-style":"default","site-sidebar-style":"default","ast-global-header-display":"","ast-banner-title-visibility":"","ast-main-header-display":"","ast-hfb-above-header-display":"","ast-hfb-below-header-display":"","ast-hfb-mobile-header-display":"","site-post-title":"","ast-breadcrumbs-content":"","ast-featured-img":"","footer-sml-layout":"","ast-disable-related-posts":"","theme-transparent-header-meta":"default","adv-header-id-meta":"","stick-header-meta":"","header-above-stick-meta":"","header-main-stick-meta":"","header-below-stick-meta":"","astra-migrate-meta-layouts":"set","ast-page-background-enabled":"default","ast-page-background-meta":{"desktop":{"background-color":"var(--ast-global-color-4)","background-image":"","background-repeat":"repeat","background-position":"center center","background-size":"auto","background-attachment":"scroll","background-type":"","background-media":"","overlay-type":"","overlay-color":"","overlay-opacity":"","overlay-gradient":""},"tablet":{"background-color":"","background-image":"","background-repeat":"repeat","background-position":"center center","background-size":"auto","background-attachment":"scroll","background-type":"","background-media":"","overlay-type":"","overlay-color":"","overlay-opacity":"","overlay-gradient":""},"mobile":{"background-color":"","background-image":"","background-repeat":"repeat","background-position":"center center","background-size":"auto","background-attachment":"scroll","background-type":"","background-media":"","overlay-type":"","overlay-color":"","overlay-opacity":"","overlay-gradient":""}},"ast-content-background-meta":{"desktop":{"background-color":"var(--ast-global-color-5)","background-image":"","background-repeat":"repeat","background-position":"center center","background-size":"auto","background-attachment":"scroll","background-type":"","background-media":"","overlay-type":"","overlay-color":"","overlay-opacity":"","overlay-gradient":""},"tablet":{"background-color":"var(--ast-global-color-5)","background-image":"","background-repeat":"repeat","background-position":"center center","background-size":"auto","background-attachment":"scroll","background-type":"","background-media":"","overlay-type":"","overlay-color":"","overlay-opacity":"","overlay-gradient":""},"mobile":{"background-color":"var(--ast-global-color-5)","background-image":"","background-repeat":"repeat","background-position":"center center","background-size":"auto","background-attachment":"scroll","background-type":"","background-media":"","overlay-type":"","overlay-color":"","overlay-opacity":"","overlay-gradient":""}}},"product_cat":[32,28,124],"product_tag":[355],"class_list":{"0":"post-3044","1":"product","2":"type-product","3":"status-publish","4":"has-post-thumbnail","6":"product_cat-edudem","7":"product_cat-libro","8":"product_cat-serie-simbolos","9":"product_tag-ciencias-sociales-hmanas-y-artes","10":"desktop-align-left","11":"tablet-align-left","12":"mobile-align-left","14":"first","15":"instock","16":"shipping-taxable","17":"purchasable","18":"product-type-simple"},"acf":[],"uagb_featured_image_src":{"full":["https:\/\/biblio1.mdp.edu.ar\/centro-ventas\/wp-content\/uploads\/sites\/2\/2023\/10\/TAPA-vidas-fallidas-02.jpg",783,1200,false],"thumbnail":["https:\/\/biblio1.mdp.edu.ar\/centro-ventas\/wp-content\/uploads\/sites\/2\/2023\/10\/TAPA-vidas-fallidas-02-150x150.jpg",150,150,true],"medium":["https:\/\/biblio1.mdp.edu.ar\/centro-ventas\/wp-content\/uploads\/sites\/2\/2023\/10\/TAPA-vidas-fallidas-02-196x300.jpg",196,300,true],"medium_large":["https:\/\/biblio1.mdp.edu.ar\/centro-ventas\/wp-content\/uploads\/sites\/2\/2023\/10\/TAPA-vidas-fallidas-02-768x1177.jpg",768,1177,true],"large":["https:\/\/biblio1.mdp.edu.ar\/centro-ventas\/wp-content\/uploads\/sites\/2\/2023\/10\/TAPA-vidas-fallidas-02-668x1024.jpg",668,1024,true],"1536x1536":["https:\/\/biblio1.mdp.edu.ar\/centro-ventas\/wp-content\/uploads\/sites\/2\/2023\/10\/TAPA-vidas-fallidas-02.jpg",783,1200,false],"2048x2048":["https:\/\/biblio1.mdp.edu.ar\/centro-ventas\/wp-content\/uploads\/sites\/2\/2023\/10\/TAPA-vidas-fallidas-02.jpg",783,1200,false],"woocommerce_thumbnail":["https:\/\/biblio1.mdp.edu.ar\/centro-ventas\/wp-content\/uploads\/sites\/2\/2023\/10\/TAPA-vidas-fallidas-02-300x460.jpg",300,460,true],"woocommerce_single":["https:\/\/biblio1.mdp.edu.ar\/centro-ventas\/wp-content\/uploads\/sites\/2\/2023\/10\/TAPA-vidas-fallidas-02-600x920.jpg",600,920,true],"woocommerce_gallery_thumbnail":["https:\/\/biblio1.mdp.edu.ar\/centro-ventas\/wp-content\/uploads\/sites\/2\/2023\/10\/TAPA-vidas-fallidas-02-100x100.jpg",100,100,true]},"uagb_author_info":{"display_name":"Cristina Bernabe","author_link":"https:\/\/biblio1.mdp.edu.ar\/centro-ventas\/author\/"},"uagb_comment_info":0,"uagb_excerpt":"Este libro colectivo investiga la relaci\u00f3n dial\u00e9ctica entre \u00e9xito y fracaso desde una perspectiva hist\u00f3rica de las experiencias individuales. Estas etiquetas, sin embargo, no definen dos posiciones ant\u00f3nimas con las que se pueda decidir, en todo tiempo, sobre cualquier situaci\u00f3n sino que, m\u00e1s bien, delimitan un espectro de estrategias impl\u00edcitas y expl\u00edcitas de construcci\u00f3n, justificaci\u00f3n&hellip;","_links":{"self":[{"href":"https:\/\/biblio1.mdp.edu.ar\/centro-ventas\/wp-json\/wp\/v2\/product\/3044","targetHints":{"allow":["GET"]}}],"collection":[{"href":"https:\/\/biblio1.mdp.edu.ar\/centro-ventas\/wp-json\/wp\/v2\/product"}],"about":[{"href":"https:\/\/biblio1.mdp.edu.ar\/centro-ventas\/wp-json\/wp\/v2\/types\/product"}],"wp:featuredmedia":[{"embeddable":true,"href":"https:\/\/biblio1.mdp.edu.ar\/centro-ventas\/wp-json\/wp\/v2\/media\/3045"}],"wp:attachment":[{"href":"https:\/\/biblio1.mdp.edu.ar\/centro-ventas\/wp-json\/wp\/v2\/media?parent=3044"}],"wp:term":[{"taxonomy":"product_cat","embeddable":true,"href":"https:\/\/biblio1.mdp.edu.ar\/centro-ventas\/wp-json\/wp\/v2\/product_cat?post=3044"},{"taxonomy":"product_tag","embeddable":true,"href":"https:\/\/biblio1.mdp.edu.ar\/centro-ventas\/wp-json\/wp\/v2\/product_tag?post=3044"}],"curies":[{"name":"wp","href":"https:\/\/api.w.org\/{rel}","templated":true}]}}