{"id":3033,"date":"2023-10-20T17:24:54","date_gmt":"2023-10-20T20:24:54","guid":{"rendered":"http:\/\/biblio1.mdp.edu.ar\/centro-ventas\/?post_type=product&#038;p=3033"},"modified":"2026-03-30T16:49:09","modified_gmt":"2026-03-30T19:49:09","slug":"la-trata-de-mujeres-en-mar-del-plata","status":"publish","type":"product","link":"https:\/\/biblio1.mdp.edu.ar\/centro-ventas\/producto\/la-trata-de-mujeres-en-mar-del-plata\/","title":{"rendered":"La trata de mujeres en Mar del Plata"},"content":{"rendered":"<div class=\"row\"><span style=\"font-size: 16px\">La obra explora el proceso de configuraci\u00f3n de la trata de mujeres como problema p\u00fablico en Mar del Plata, entre los a\u00f1os 2000 y 2018. La autora analiza numerosas fuentes y realiza un extenso trabajo de campo junto a trabajadoras sexuales y entrevistas a operadores estatales y activistas. A partir de all\u00ed, estudia los efectos del despliegue de pol\u00edticas antitrata sobre las mujeres que participan del mercado sexual, entre los que se destaca la alta tasa de criminalizaci\u00f3n de las trabajadoras sexuales. Y tambi\u00e9n da cuenta de la baja eficacia de las interpelaciones estigmatizantes para la sensibilizaci\u00f3n de los varones que pagan por sexo. Esto le permite problematizar la matriz punitiva, articulada en torno al binomio v\u00edctima-victimario, que la campa\u00f1a antitrata ha logrado instalar para hacer inteligibles las relaciones y los conflictos que tienen lugar en el mercado sexual e intervenir sobre este. En este sentido, muestra como la configuraci\u00f3n de la lucha antitrata, como una lucha anti prostituci\u00f3n, solo ha sido posible debido a la exclusi\u00f3n de las experiencias y demandas de las trabajadoras sexuales organizadas del debate p\u00fablico y de la elaboraci\u00f3n y gesti\u00f3n de pol\u00edticas p\u00fablicas.<\/span><\/div>\n<div class=\"row\">\n<div class=\"col-md-7\">\n<p>El libro abre interrogantes sobre los horizontes morales, sexuales y de justicia que moviliza la lucha antitrata, la cual ha promovido la proliferaci\u00f3n y amplificaci\u00f3n de pol\u00edticas carcelarias que terminaron por profundizar las desigualdades sociales que pretend\u00eda mitigar. Su lectura invita a la imaginaci\u00f3n de otras estrategias, menos punitivas y m\u00e1s inclusivas, para abordar estas problem\u00e1ticas.<\/p>\n<\/div>\n<div class=\"row\">\n<div class=\"col-md-3\"><\/div>\n<\/div>\n<\/div>\n","protected":false},"excerpt":{"rendered":"<p>La obra explora el proceso de configuraci\u00f3n de la trata de mujeres como problema p\u00fablico en Mar del Plata, entre los a\u00f1os 2000 y 2018. La autora analiza numerosas fuentes y realiza un extenso trabajo de campo junto a trabajadoras sexuales y entrevistas a operadores estatales y activistas. A partir de all\u00ed, estudia los efectos [&hellip;]<\/p>\n","protected":false},"featured_media":3035,"template":"","meta":{"_acf_changed":false,"_eb_attr":"","_crdt_document":"","_uag_custom_page_level_css":"","_editorskit_title_hidden":false,"_editorskit_reading_time":0,"_editorskit_is_block_options_detached":false,"_editorskit_block_options_position":"{}","site-sidebar-layout":"default","site-content-layout":"","ast-site-content-layout":"default","site-content-style":"default","site-sidebar-style":"default","ast-global-header-display":"","ast-banner-title-visibility":"","ast-main-header-display":"","ast-hfb-above-header-display":"","ast-hfb-below-header-display":"","ast-hfb-mobile-header-display":"","site-post-title":"","ast-breadcrumbs-content":"","ast-featured-img":"","footer-sml-layout":"","ast-disable-related-posts":"","theme-transparent-header-meta":"default","adv-header-id-meta":"","stick-header-meta":"","header-above-stick-meta":"","header-main-stick-meta":"","header-below-stick-meta":"","astra-migrate-meta-layouts":"set","ast-page-background-enabled":"default","ast-page-background-meta":{"desktop":{"background-color":"var(--ast-global-color-4)","background-image":"","background-repeat":"repeat","background-position":"center center","background-size":"auto","background-attachment":"scroll","background-type":"","background-media":"","overlay-type":"","overlay-color":"","overlay-opacity":"","overlay-gradient":""},"tablet":{"background-color":"","background-image":"","background-repeat":"repeat","background-position":"center center","background-size":"auto","background-attachment":"scroll","background-type":"","background-media":"","overlay-type":"","overlay-color":"","overlay-opacity":"","overlay-gradient":""},"mobile":{"background-color":"","background-image":"","background-repeat":"repeat","background-position":"center center","background-size":"auto","background-attachment":"scroll","background-type":"","background-media":"","overlay-type":"","overlay-color":"","overlay-opacity":"","overlay-gradient":""}},"ast-content-background-meta":{"desktop":{"background-color":"var(--ast-global-color-5)","background-image":"","background-repeat":"repeat","background-position":"center center","background-size":"auto","background-attachment":"scroll","background-type":"","background-media":"","overlay-type":"","overlay-color":"","overlay-opacity":"","overlay-gradient":""},"tablet":{"background-color":"var(--ast-global-color-5)","background-image":"","background-repeat":"repeat","background-position":"center center","background-size":"auto","background-attachment":"scroll","background-type":"","background-media":"","overlay-type":"","overlay-color":"","overlay-opacity":"","overlay-gradient":""},"mobile":{"background-color":"var(--ast-global-color-5)","background-image":"","background-repeat":"repeat","background-position":"center center","background-size":"auto","background-attachment":"scroll","background-type":"","background-media":"","overlay-type":"","overlay-color":"","overlay-opacity":"","overlay-gradient":""}}},"product_cat":[125,32,28,637],"product_tag":[80,352],"class_list":{"0":"post-3033","1":"product","2":"type-product","3":"status-publish","4":"has-post-thumbnail","6":"product_cat-coleccion-temas-de-ciudadania-y-politica","7":"product_cat-edudem","8":"product_cat-libro","9":"product_cat-punto-de-venta-derecho","10":"product_tag-mar-del-plata","11":"product_tag-trata-de-mujeres","12":"desktop-align-left","13":"tablet-align-left","14":"mobile-align-left","16":"first","17":"instock","18":"shipping-taxable","19":"purchasable","20":"product-type-simple"},"acf":[],"uagb_featured_image_src":{"full":["https:\/\/biblio1.mdp.edu.ar\/centro-ventas\/wp-content\/uploads\/sites\/2\/2023\/10\/TAPA-temas-la-trata-de-mujeres-en-mar-del-plata-scaled.jpg",1689,2560,false],"thumbnail":["https:\/\/biblio1.mdp.edu.ar\/centro-ventas\/wp-content\/uploads\/sites\/2\/2023\/10\/TAPA-temas-la-trata-de-mujeres-en-mar-del-plata-150x150.jpg",150,150,true],"medium":["https:\/\/biblio1.mdp.edu.ar\/centro-ventas\/wp-content\/uploads\/sites\/2\/2023\/10\/TAPA-temas-la-trata-de-mujeres-en-mar-del-plata-198x300.jpg",198,300,true],"medium_large":["https:\/\/biblio1.mdp.edu.ar\/centro-ventas\/wp-content\/uploads\/sites\/2\/2023\/10\/TAPA-temas-la-trata-de-mujeres-en-mar-del-plata-768x1164.jpg",768,1164,true],"large":["https:\/\/biblio1.mdp.edu.ar\/centro-ventas\/wp-content\/uploads\/sites\/2\/2023\/10\/TAPA-temas-la-trata-de-mujeres-en-mar-del-plata-676x1024.jpg",676,1024,true],"1536x1536":["https:\/\/biblio1.mdp.edu.ar\/centro-ventas\/wp-content\/uploads\/sites\/2\/2023\/10\/TAPA-temas-la-trata-de-mujeres-en-mar-del-plata-1013x1536.jpg",1013,1536,true],"2048x2048":["https:\/\/biblio1.mdp.edu.ar\/centro-ventas\/wp-content\/uploads\/sites\/2\/2023\/10\/TAPA-temas-la-trata-de-mujeres-en-mar-del-plata-1351x2048.jpg",1351,2048,true],"woocommerce_thumbnail":["https:\/\/biblio1.mdp.edu.ar\/centro-ventas\/wp-content\/uploads\/sites\/2\/2023\/10\/TAPA-temas-la-trata-de-mujeres-en-mar-del-plata-300x455.jpg",300,455,true],"woocommerce_single":["https:\/\/biblio1.mdp.edu.ar\/centro-ventas\/wp-content\/uploads\/sites\/2\/2023\/10\/TAPA-temas-la-trata-de-mujeres-en-mar-del-plata-600x909.jpg",600,909,true],"woocommerce_gallery_thumbnail":["https:\/\/biblio1.mdp.edu.ar\/centro-ventas\/wp-content\/uploads\/sites\/2\/2023\/10\/TAPA-temas-la-trata-de-mujeres-en-mar-del-plata-100x100.jpg",100,100,true]},"uagb_author_info":{"display_name":"Cristina Bernabe","author_link":"https:\/\/biblio1.mdp.edu.ar\/centro-ventas\/author\/"},"uagb_comment_info":0,"uagb_excerpt":"La obra explora el proceso de configuraci\u00f3n de la trata de mujeres como problema p\u00fablico en Mar del Plata, entre los a\u00f1os 2000 y 2018. La autora analiza numerosas fuentes y realiza un extenso trabajo de campo junto a trabajadoras sexuales y entrevistas a operadores estatales y activistas. A partir de all\u00ed, estudia los efectos&hellip;","_links":{"self":[{"href":"https:\/\/biblio1.mdp.edu.ar\/centro-ventas\/wp-json\/wp\/v2\/product\/3033","targetHints":{"allow":["GET"]}}],"collection":[{"href":"https:\/\/biblio1.mdp.edu.ar\/centro-ventas\/wp-json\/wp\/v2\/product"}],"about":[{"href":"https:\/\/biblio1.mdp.edu.ar\/centro-ventas\/wp-json\/wp\/v2\/types\/product"}],"wp:featuredmedia":[{"embeddable":true,"href":"https:\/\/biblio1.mdp.edu.ar\/centro-ventas\/wp-json\/wp\/v2\/media\/3035"}],"wp:attachment":[{"href":"https:\/\/biblio1.mdp.edu.ar\/centro-ventas\/wp-json\/wp\/v2\/media?parent=3033"}],"wp:term":[{"taxonomy":"product_cat","embeddable":true,"href":"https:\/\/biblio1.mdp.edu.ar\/centro-ventas\/wp-json\/wp\/v2\/product_cat?post=3033"},{"taxonomy":"product_tag","embeddable":true,"href":"https:\/\/biblio1.mdp.edu.ar\/centro-ventas\/wp-json\/wp\/v2\/product_tag?post=3033"}],"curies":[{"name":"wp","href":"https:\/\/api.w.org\/{rel}","templated":true}]}}

<div class="row"><span style="font-size: 16px">La obra explora el proceso de configuración de la trata de mujeres como problema público en Mar del Plata, entre los años 2000 y 2018. La autora analiza numerosas fuentes y realiza un extenso trabajo de campo junto a trabajadoras sexuales y entrevistas a operadores estatales y activistas. A partir de allí, estudia los efectos del despliegue de políticas antitrata sobre las mujeres que participan del mercado sexual, entre los que se destaca la alta tasa de criminalización de las trabajadoras sexuales. Y también da cuenta de la baja eficacia de las interpelaciones estigmatizantes para la sensibilización de los varones que pagan por sexo. Esto le permite problematizar la matriz punitiva, articulada en torno al binomio víctima-victimario, que la campaña antitrata ha logrado instalar para hacer inteligibles las relaciones y los conflictos que tienen lugar en el mercado sexual e intervenir sobre este. En este sentido, muestra como la configuración de la lucha antitrata, como una lucha anti prostitución, solo ha sido posible debido a la exclusión de las experiencias y demandas de las trabajadoras sexuales organizadas del debate público y de la elaboración y gestión de políticas públicas.</span></div>
<div class="row">
<div class="col-md-7">
<p>El libro abre interrogantes sobre los horizontes morales, sexuales y de justicia que moviliza la lucha antitrata, la cual ha promovido la proliferación y amplificación de políticas carcelarias que terminaron por profundizar las desigualdades sociales que pretendía mitigar. Su lectura invita a la imaginación de otras estrategias, menos punitivas y más inclusivas, para abordar estas problemáticas.</p>
</div>
<div class="row">
<div class="col-md-3"></div>
</div>
</div>

<p>La obra explora el proceso de configuración de la trata de mujeres como problema público en Mar del Plata, entre los años 2000 y 2018. La autora analiza numerosas fuentes y realiza un extenso trabajo de campo junto a trabajadoras sexuales y entrevistas a operadores estatales y activistas. A partir de allí, estudia los efectos [&hellip;]</p>

La obra explora el proceso de configuración de la trata de mujeres como problema público en Mar del Plata, entre los años 2000 y 2018. La autora analiza numerosas fuentes y realiza un extenso trabajo de campo junto a trabajadoras sexuales y entrevistas a operadores estatales y activistas. A partir de allí, estudia los efectos&hellip;
