{"id":2996,"date":"2023-07-11T12:49:08","date_gmt":"2023-07-11T15:49:08","guid":{"rendered":"http:\/\/biblio1.mdp.edu.ar\/centro-ventas\/?post_type=product&#038;p=2996"},"modified":"2026-03-30T13:52:38","modified_gmt":"2026-03-30T16:52:38","slug":"bioetica-para-principiantes-en-clave-de-derecho","status":"publish","type":"product","link":"https:\/\/biblio1.mdp.edu.ar\/centro-ventas\/producto\/bioetica-para-principiantes-en-clave-de-derecho\/","title":{"rendered":"Bio\u00e9tica para principiantes en clave de derecho"},"content":{"rendered":"<div class=\"row\">\n<div class=\"col-md-7\"><span style=\"font-size: 16px\">La obra propone introducir en la Bio\u00e9tica -disciplina que aborda interdisciplinariamente los problemas \u00e9ticos en el \u00e1mbito de la salud- a estudiantes y profesionales de la salud que se est\u00e1n iniciando en la profesi\u00f3n. Brinda los fundamentos de este saber y sus principales incumbencias, sin pretensi\u00f3n de agotar las amplias tem\u00e1ticas que lo constituyen y lo convocan. Desde una perspectiva latinoamericana de la disciplina, centrada en los Derechos Humanos y teniendo como referencia la Declaraci\u00f3n Universal sobre Bio\u00e9tica y Derechos Humanos de la UNESCO (2005), se promueve una reflexi\u00f3n \u00e9tica favorecedora de la equidad y la justicia social como principios fundamentales en el \u00e1mbito de la salud en particular y en la sociedad en general.<\/span><\/div>\n<\/div>\n<div class=\"row\">\n<div class=\"col-md-7\">\n<p>El libro est\u00e1 ordenado en dos grandes partes: una parte general en la cual se abordan tem\u00e1ticas que hacen al fundamento de la Bio\u00e9tica, tales como nociones de \u00e9tica, teor\u00edas \u00e9ticas, el surgimiento de la Bio\u00e9tica y su contexto y los principios m\u00e1s destacados. Luego una parte espec\u00edfica en donde se desarrollan distintas tem\u00e1ticas abordadas por la reflexi\u00f3n bio\u00e9tica: los derechos en el final de la vida, los trasplantes de \u00f3rganos, los derechos reproductivos, el aborto como problema de salud p\u00fablica, la procreaci\u00f3n asistida y la perspectiva de g\u00e9nero.<\/p>\n<p>Con una mirada cr\u00edtica las autoras hacen referencia a los avances jur\u00eddicos sobre temas bio\u00e9ticos en Argentina, lo cual no implica reconocer que todas las leyes positivas son \u00e9ticas, sino que muchas veces lo legitimado por la \u00e9tica no consigue ser parte de ninguna ley positiva.<\/p>\n<p>&nbsp;<\/p>\n<\/div>\n<\/div>\n","protected":false},"excerpt":{"rendered":"<p>La obra propone introducir en la Bio\u00e9tica -disciplina que aborda interdisciplinariamente los problemas \u00e9ticos en el \u00e1mbito de la salud- a estudiantes y profesionales de la salud que se est\u00e1n iniciando en la profesi\u00f3n. Brinda los fundamentos de este saber y sus principales incumbencias, sin pretensi\u00f3n de agotar las amplias tem\u00e1ticas que lo constituyen y [&hellip;]<\/p>\n","protected":false},"featured_media":2985,"template":"","meta":{"_acf_changed":false,"_eb_attr":"","_crdt_document":"","_uag_custom_page_level_css":"","_editorskit_title_hidden":false,"_editorskit_reading_time":0,"_editorskit_is_block_options_detached":false,"_editorskit_block_options_position":"{}","site-sidebar-layout":"default","site-content-layout":"default","ast-site-content-layout":"default","site-content-style":"default","site-sidebar-style":"default","ast-global-header-display":"","ast-banner-title-visibility":"","ast-main-header-display":"","ast-hfb-above-header-display":"","ast-hfb-below-header-display":"","ast-hfb-mobile-header-display":"","site-post-title":"","ast-breadcrumbs-content":"","ast-featured-img":"","footer-sml-layout":"","ast-disable-related-posts":"","theme-transparent-header-meta":"default","adv-header-id-meta":"","stick-header-meta":"","header-above-stick-meta":"","header-main-stick-meta":"","header-below-stick-meta":"","astra-migrate-meta-layouts":"default","ast-page-background-enabled":"default","ast-page-background-meta":{"desktop":{"background-color":"var(--ast-global-color-4)","background-image":"","background-repeat":"repeat","background-position":"center center","background-size":"auto","background-attachment":"scroll","background-type":"","background-media":"","overlay-type":"","overlay-color":"","overlay-opacity":"","overlay-gradient":""},"tablet":{"background-color":"","background-image":"","background-repeat":"repeat","background-position":"center center","background-size":"auto","background-attachment":"scroll","background-type":"","background-media":"","overlay-type":"","overlay-color":"","overlay-opacity":"","overlay-gradient":""},"mobile":{"background-color":"","background-image":"","background-repeat":"repeat","background-position":"center center","background-size":"auto","background-attachment":"scroll","background-type":"","background-media":"","overlay-type":"","overlay-color":"","overlay-opacity":"","overlay-gradient":""}},"ast-content-background-meta":{"desktop":{"background-color":"var(--ast-global-color-5)","background-image":"","background-repeat":"repeat","background-position":"center center","background-size":"auto","background-attachment":"scroll","background-type":"","background-media":"","overlay-type":"","overlay-color":"","overlay-opacity":"","overlay-gradient":""},"tablet":{"background-color":"var(--ast-global-color-5)","background-image":"","background-repeat":"repeat","background-position":"center center","background-size":"auto","background-attachment":"scroll","background-type":"","background-media":"","overlay-type":"","overlay-color":"","overlay-opacity":"","overlay-gradient":""},"mobile":{"background-color":"var(--ast-global-color-5)","background-image":"","background-repeat":"repeat","background-position":"center center","background-size":"auto","background-attachment":"scroll","background-type":"","background-media":"","overlay-type":"","overlay-color":"","overlay-opacity":"","overlay-gradient":""}}},"product_cat":[115,632,28,637],"product_tag":[63,53,70],"class_list":{"0":"post-2996","1":"product","2":"type-product","3":"status-publish","4":"has-post-thumbnail","6":"product_cat-herramientas","7":"product_cat-derecho","8":"product_cat-libro","9":"product_cat-punto-de-venta-derecho","10":"product_tag-bioetica","11":"product_tag-humanidades-y-ciencias-sociales","12":"product_tag-psicologia","13":"desktop-align-left","14":"tablet-align-left","15":"mobile-align-left","17":"first","18":"instock","19":"shipping-taxable","20":"purchasable","21":"product-type-simple"},"acf":[],"uagb_featured_image_src":{"full":["https:\/\/biblio1.mdp.edu.ar\/centro-ventas\/wp-content\/uploads\/sites\/2\/2023\/07\/TAPA_herramientas_bioetica.jpg",1200,1765,false],"thumbnail":["https:\/\/biblio1.mdp.edu.ar\/centro-ventas\/wp-content\/uploads\/sites\/2\/2023\/07\/TAPA_herramientas_bioetica.jpg",102,150,false],"medium":["https:\/\/biblio1.mdp.edu.ar\/centro-ventas\/wp-content\/uploads\/sites\/2\/2023\/07\/TAPA_herramientas_bioetica.jpg",204,300,false],"medium_large":["https:\/\/biblio1.mdp.edu.ar\/centro-ventas\/wp-content\/uploads\/sites\/2\/2023\/07\/TAPA_herramientas_bioetica.jpg",768,1130,false],"large":["https:\/\/biblio1.mdp.edu.ar\/centro-ventas\/wp-content\/uploads\/sites\/2\/2023\/07\/TAPA_herramientas_bioetica.jpg",696,1024,false],"1536x1536":["https:\/\/biblio1.mdp.edu.ar\/centro-ventas\/wp-content\/uploads\/sites\/2\/2023\/07\/TAPA_herramientas_bioetica.jpg",1044,1536,false],"2048x2048":["https:\/\/biblio1.mdp.edu.ar\/centro-ventas\/wp-content\/uploads\/sites\/2\/2023\/07\/TAPA_herramientas_bioetica.jpg",1200,1765,false],"woocommerce_thumbnail":["https:\/\/biblio1.mdp.edu.ar\/centro-ventas\/wp-content\/uploads\/sites\/2\/2023\/07\/TAPA_herramientas_bioetica.jpg",300,441,false],"woocommerce_single":["https:\/\/biblio1.mdp.edu.ar\/centro-ventas\/wp-content\/uploads\/sites\/2\/2023\/07\/TAPA_herramientas_bioetica.jpg",600,883,false],"woocommerce_gallery_thumbnail":["https:\/\/biblio1.mdp.edu.ar\/centro-ventas\/wp-content\/uploads\/sites\/2\/2023\/07\/TAPA_herramientas_bioetica-100x100.jpg",100,100,true]},"uagb_author_info":{"display_name":"Cristina Bernabe","author_link":"https:\/\/biblio1.mdp.edu.ar\/centro-ventas\/author\/"},"uagb_comment_info":0,"uagb_excerpt":"La obra propone introducir en la Bio\u00e9tica -disciplina que aborda interdisciplinariamente los problemas \u00e9ticos en el \u00e1mbito de la salud- a estudiantes y profesionales de la salud que se est\u00e1n iniciando en la profesi\u00f3n. Brinda los fundamentos de este saber y sus principales incumbencias, sin pretensi\u00f3n de agotar las amplias tem\u00e1ticas que lo constituyen y&hellip;","_links":{"self":[{"href":"https:\/\/biblio1.mdp.edu.ar\/centro-ventas\/wp-json\/wp\/v2\/product\/2996","targetHints":{"allow":["GET"]}}],"collection":[{"href":"https:\/\/biblio1.mdp.edu.ar\/centro-ventas\/wp-json\/wp\/v2\/product"}],"about":[{"href":"https:\/\/biblio1.mdp.edu.ar\/centro-ventas\/wp-json\/wp\/v2\/types\/product"}],"wp:featuredmedia":[{"embeddable":true,"href":"https:\/\/biblio1.mdp.edu.ar\/centro-ventas\/wp-json\/wp\/v2\/media\/2985"}],"wp:attachment":[{"href":"https:\/\/biblio1.mdp.edu.ar\/centro-ventas\/wp-json\/wp\/v2\/media?parent=2996"}],"wp:term":[{"taxonomy":"product_cat","embeddable":true,"href":"https:\/\/biblio1.mdp.edu.ar\/centro-ventas\/wp-json\/wp\/v2\/product_cat?post=2996"},{"taxonomy":"product_tag","embeddable":true,"href":"https:\/\/biblio1.mdp.edu.ar\/centro-ventas\/wp-json\/wp\/v2\/product_tag?post=2996"}],"curies":[{"name":"wp","href":"https:\/\/api.w.org\/{rel}","templated":true}]}}