{"id":2995,"date":"2023-07-10T17:51:12","date_gmt":"2023-07-10T20:51:12","guid":{"rendered":"http:\/\/biblio1.mdp.edu.ar\/centro-ventas\/?post_type=product&#038;p=2995"},"modified":"2026-04-01T15:01:31","modified_gmt":"2026-04-01T18:01:31","slug":"un-golpe-muy-particular","status":"publish","type":"product","link":"https:\/\/biblio1.mdp.edu.ar\/centro-ventas\/producto\/un-golpe-muy-particular\/","title":{"rendered":"Un golpe muy particular"},"content":{"rendered":"<div class=\"row\">\n<div class=\"col-md-7\"><\/div>\n<\/div>\n<div class=\"row\">\n<div class=\"col-md-2\"><span style=\"font-size: 16px\">Golpes de estado hemos tenido varios a lo largo de nuestra historia. Pero \u00e9ste es <\/span><em style=\"font-size: 16px\">muy particular.\u00a0<\/em><span style=\"font-size: 16px\">Un golpe que derroc\u00f3 a Frondizi en 1962 y que instal\u00f3 en la presidencia a Jos\u00e9 Mar\u00eda Guido, un personaje casi desconocido y en cuyo gobierno se desarrollaron los procesos pol\u00edticos y militares que terminar\u00edan por dar lugar a las elecciones de 1963; un golpe que deriva de un proceso de inestabilidad que se iniciara en 1955, con las din\u00e1micas propias del denominado \u201cCiclo de la Libertadora\u201d, el poder militar y sus rec\u00edprocas influencias con los partidos pol\u00edticos; un golpe en el que la intervenci\u00f3n del peronismo, con su l\u00edder exiliado, hac\u00eda equilibrio entre la integraci\u00f3n y diferentes formas de la clandestinidad; un golpe, en el que el juego entre el comunismo y el anticomunismo, generalmente soslayado, ocupa un lugar crucial; un golpe, en definitiva, quiz\u00e1s resuelto por el mismo Frondizi\u2026 con un sucesor partidario del derrocado y con militares que no \u201cquieren\u201d hacer un golpe y que al final lo hacen.<\/span><\/div>\n<\/div>\n","protected":false},"excerpt":{"rendered":"<p>Golpes de estado hemos tenido varios a lo largo de nuestra historia. Pero \u00e9ste es muy particular.\u00a0Un golpe que derroc\u00f3 a Frondizi en 1962 y que instal\u00f3 en la presidencia a Jos\u00e9 Mar\u00eda Guido, un personaje casi desconocido y en cuyo gobierno se desarrollaron los procesos pol\u00edticos y militares que terminar\u00edan por dar lugar a [&hellip;]<\/p>\n","protected":false},"featured_media":2983,"template":"","meta":{"_acf_changed":false,"_eb_attr":"","_crdt_document":"","_uag_custom_page_level_css":"","_editorskit_title_hidden":false,"_editorskit_reading_time":0,"_editorskit_is_block_options_detached":false,"_editorskit_block_options_position":"{}","site-sidebar-layout":"default","site-content-layout":"default","ast-site-content-layout":"default","site-content-style":"default","site-sidebar-style":"default","ast-global-header-display":"","ast-banner-title-visibility":"","ast-main-header-display":"","ast-hfb-above-header-display":"","ast-hfb-below-header-display":"","ast-hfb-mobile-header-display":"","site-post-title":"","ast-breadcrumbs-content":"","ast-featured-img":"","footer-sml-layout":"","ast-disable-related-posts":"","theme-transparent-header-meta":"default","adv-header-id-meta":"","stick-header-meta":"","header-above-stick-meta":"","header-main-stick-meta":"","header-below-stick-meta":"","astra-migrate-meta-layouts":"default","ast-page-background-enabled":"default","ast-page-background-meta":{"desktop":{"background-color":"var(--ast-global-color-4)","background-image":"","background-repeat":"repeat","background-position":"center center","background-size":"auto","background-attachment":"scroll","background-type":"","background-media":"","overlay-type":"","overlay-color":"","overlay-opacity":"","overlay-gradient":""},"tablet":{"background-color":"","background-image":"","background-repeat":"repeat","background-position":"center center","background-size":"auto","background-attachment":"scroll","background-type":"","background-media":"","overlay-type":"","overlay-color":"","overlay-opacity":"","overlay-gradient":""},"mobile":{"background-color":"","background-image":"","background-repeat":"repeat","background-position":"center center","background-size":"auto","background-attachment":"scroll","background-type":"","background-media":"","overlay-type":"","overlay-color":"","overlay-opacity":"","overlay-gradient":""}},"ast-content-background-meta":{"desktop":{"background-color":"var(--ast-global-color-5)","background-image":"","background-repeat":"repeat","background-position":"center center","background-size":"auto","background-attachment":"scroll","background-type":"","background-media":"","overlay-type":"","overlay-color":"","overlay-opacity":"","overlay-gradient":""},"tablet":{"background-color":"var(--ast-global-color-5)","background-image":"","background-repeat":"repeat","background-position":"center center","background-size":"auto","background-attachment":"scroll","background-type":"","background-media":"","overlay-type":"","overlay-color":"","overlay-opacity":"","overlay-gradient":""},"mobile":{"background-color":"var(--ast-global-color-5)","background-image":"","background-repeat":"repeat","background-position":"center center","background-size":"auto","background-attachment":"scroll","background-type":"","background-media":"","overlay-type":"","overlay-color":"","overlay-opacity":"","overlay-gradient":""}}},"product_cat":[32,28,124],"product_tag":[161,53],"class_list":{"0":"post-2995","1":"product","2":"type-product","3":"status-publish","4":"has-post-thumbnail","6":"product_cat-edudem","7":"product_cat-libro","8":"product_cat-serie-simbolos","9":"product_tag-ciencias-politicas","10":"product_tag-humanidades-y-ciencias-sociales","11":"desktop-align-left","12":"tablet-align-left","13":"mobile-align-left","15":"first","16":"instock","17":"shipping-taxable","18":"purchasable","19":"product-type-simple"},"acf":[],"uagb_featured_image_src":{"full":["https:\/\/biblio1.mdp.edu.ar\/centro-ventas\/wp-content\/uploads\/sites\/2\/2023\/07\/TAPA-UN-GOLPE-MUY-PARTICULAR-FRENTE.jpg",1200,1840,false],"thumbnail":["https:\/\/biblio1.mdp.edu.ar\/centro-ventas\/wp-content\/uploads\/sites\/2\/2023\/07\/TAPA-UN-GOLPE-MUY-PARTICULAR-FRENTE.jpg",98,150,false],"medium":["https:\/\/biblio1.mdp.edu.ar\/centro-ventas\/wp-content\/uploads\/sites\/2\/2023\/07\/TAPA-UN-GOLPE-MUY-PARTICULAR-FRENTE.jpg",196,300,false],"medium_large":["https:\/\/biblio1.mdp.edu.ar\/centro-ventas\/wp-content\/uploads\/sites\/2\/2023\/07\/TAPA-UN-GOLPE-MUY-PARTICULAR-FRENTE.jpg",768,1178,false],"large":["https:\/\/biblio1.mdp.edu.ar\/centro-ventas\/wp-content\/uploads\/sites\/2\/2023\/07\/TAPA-UN-GOLPE-MUY-PARTICULAR-FRENTE.jpg",668,1024,false],"1536x1536":["https:\/\/biblio1.mdp.edu.ar\/centro-ventas\/wp-content\/uploads\/sites\/2\/2023\/07\/TAPA-UN-GOLPE-MUY-PARTICULAR-FRENTE.jpg",1002,1536,false],"2048x2048":["https:\/\/biblio1.mdp.edu.ar\/centro-ventas\/wp-content\/uploads\/sites\/2\/2023\/07\/TAPA-UN-GOLPE-MUY-PARTICULAR-FRENTE.jpg",1200,1840,false],"woocommerce_thumbnail":["https:\/\/biblio1.mdp.edu.ar\/centro-ventas\/wp-content\/uploads\/sites\/2\/2023\/07\/TAPA-UN-GOLPE-MUY-PARTICULAR-FRENTE.jpg",300,460,false],"woocommerce_single":["https:\/\/biblio1.mdp.edu.ar\/centro-ventas\/wp-content\/uploads\/sites\/2\/2023\/07\/TAPA-UN-GOLPE-MUY-PARTICULAR-FRENTE.jpg",600,920,false],"woocommerce_gallery_thumbnail":["https:\/\/biblio1.mdp.edu.ar\/centro-ventas\/wp-content\/uploads\/sites\/2\/2023\/07\/TAPA-UN-GOLPE-MUY-PARTICULAR-FRENTE-100x100.jpg",100,100,true]},"uagb_author_info":{"display_name":"Cristina Bernabe","author_link":"https:\/\/biblio1.mdp.edu.ar\/centro-ventas\/author\/"},"uagb_comment_info":0,"uagb_excerpt":"Golpes de estado hemos tenido varios a lo largo de nuestra historia. Pero \u00e9ste es muy particular.\u00a0Un golpe que derroc\u00f3 a Frondizi en 1962 y que instal\u00f3 en la presidencia a Jos\u00e9 Mar\u00eda Guido, un personaje casi desconocido y en cuyo gobierno se desarrollaron los procesos pol\u00edticos y militares que terminar\u00edan por dar lugar a&hellip;","_links":{"self":[{"href":"https:\/\/biblio1.mdp.edu.ar\/centro-ventas\/wp-json\/wp\/v2\/product\/2995","targetHints":{"allow":["GET"]}}],"collection":[{"href":"https:\/\/biblio1.mdp.edu.ar\/centro-ventas\/wp-json\/wp\/v2\/product"}],"about":[{"href":"https:\/\/biblio1.mdp.edu.ar\/centro-ventas\/wp-json\/wp\/v2\/types\/product"}],"wp:featuredmedia":[{"embeddable":true,"href":"https:\/\/biblio1.mdp.edu.ar\/centro-ventas\/wp-json\/wp\/v2\/media\/2983"}],"wp:attachment":[{"href":"https:\/\/biblio1.mdp.edu.ar\/centro-ventas\/wp-json\/wp\/v2\/media?parent=2995"}],"wp:term":[{"taxonomy":"product_cat","embeddable":true,"href":"https:\/\/biblio1.mdp.edu.ar\/centro-ventas\/wp-json\/wp\/v2\/product_cat?post=2995"},{"taxonomy":"product_tag","embeddable":true,"href":"https:\/\/biblio1.mdp.edu.ar\/centro-ventas\/wp-json\/wp\/v2\/product_tag?post=2995"}],"curies":[{"name":"wp","href":"https:\/\/api.w.org\/{rel}","templated":true}]}}