{"id":2992,"date":"2023-07-10T17:31:41","date_gmt":"2023-07-10T20:31:41","guid":{"rendered":"http:\/\/biblio1.mdp.edu.ar\/centro-ventas\/?post_type=product&#038;p=2992"},"modified":"2026-03-30T17:16:41","modified_gmt":"2026-03-30T20:16:41","slug":"mujeres-sinergicas-emprendedoras","status":"publish","type":"product","link":"https:\/\/biblio1.mdp.edu.ar\/centro-ventas\/producto\/mujeres-sinergicas-emprendedoras\/","title":{"rendered":"Mujeres sin\u00e9rgicas emprendedoras"},"content":{"rendered":"<div class=\"row\">\n<div class=\"col-md-7\"><\/div>\n<\/div>\n<div class=\"row\">\n<div class=\"col-md-3\">Este libro re\u00fane entrevistas realizadas a mujeres que, por razones personales y sociolaborales diversas, han encontrado en la experiencia emprendedora una oportunidad saludable. Surge a partir de una investigaci\u00f3n de car\u00e1cter exploratorio y descriptivo cuyo objetivo general fue conocer las caracter\u00edsticas de diez mujeres emprendedoras en la ciudad de Mar del Plata, todas ellas nucleadas en la iniciativa local denominada SINERGIA PROJECT. Este proyecto art\u00edstico y cultural parte de la idea de visibilizar la esencia femenina por fuera de los roles estereotipados socialmente, donde cada mujer puede expresar visualmente su propia historia, resaltar su fortaleza y empoderamiento.<\/div>\n<\/div>\n<div class=\"row\">\n<div class=\"col-md-7\">\n<p>La obra da cuenta de perfiles emprendedores, sin\u00e9rgicos y transformadores en estas diez mujeres y, a partir de las historias recabadas, se construyen diversas categor\u00edas: estereotipos y roles de g\u00e9nero, iniciativa y motivaci\u00f3n de logro, asunci\u00f3n de riesgos, resoluci\u00f3n de conflictos, responsabilidad social, situaciones de liderazgo y de resiliencia.<\/p>\n<p>Desde la Psicolog\u00eda, las autoras proponen trabajar en la visibilizaci\u00f3n de los aspectos resilientes de las mujeres emprendedoras, sobre todo en aquellas mujeres que han atravesado situaciones vinculares de alta criticidad.<\/p>\n<p>&nbsp;<\/p>\n<\/div>\n<\/div>\n","protected":false},"excerpt":{"rendered":"<p>Este libro re\u00fane entrevistas realizadas a mujeres que, por razones personales y sociolaborales diversas, han encontrado en la experiencia emprendedora una oportunidad saludable. Surge a partir de una investigaci\u00f3n de car\u00e1cter exploratorio y descriptivo cuyo objetivo general fue conocer las caracter\u00edsticas de diez mujeres emprendedoras en la ciudad de Mar del Plata, todas ellas nucleadas [&hellip;]<\/p>\n","protected":false},"featured_media":2980,"template":"","meta":{"_acf_changed":false,"_eb_attr":"","_crdt_document":"","_uag_custom_page_level_css":"","_editorskit_title_hidden":false,"_editorskit_reading_time":0,"_editorskit_is_block_options_detached":false,"_editorskit_block_options_position":"{}","site-sidebar-layout":"default","site-content-layout":"default","ast-site-content-layout":"default","site-content-style":"default","site-sidebar-style":"default","ast-global-header-display":"","ast-banner-title-visibility":"","ast-main-header-display":"","ast-hfb-above-header-display":"","ast-hfb-below-header-display":"","ast-hfb-mobile-header-display":"","site-post-title":"","ast-breadcrumbs-content":"","ast-featured-img":"","footer-sml-layout":"","ast-disable-related-posts":"","theme-transparent-header-meta":"default","adv-header-id-meta":"","stick-header-meta":"","header-above-stick-meta":"","header-main-stick-meta":"","header-below-stick-meta":"","astra-migrate-meta-layouts":"default","ast-page-background-enabled":"default","ast-page-background-meta":{"desktop":{"background-color":"var(--ast-global-color-4)","background-image":"","background-repeat":"repeat","background-position":"center center","background-size":"auto","background-attachment":"scroll","background-type":"","background-media":"","overlay-type":"","overlay-color":"","overlay-opacity":"","overlay-gradient":""},"tablet":{"background-color":"","background-image":"","background-repeat":"repeat","background-position":"center center","background-size":"auto","background-attachment":"scroll","background-type":"","background-media":"","overlay-type":"","overlay-color":"","overlay-opacity":"","overlay-gradient":""},"mobile":{"background-color":"","background-image":"","background-repeat":"repeat","background-position":"center center","background-size":"auto","background-attachment":"scroll","background-type":"","background-media":"","overlay-type":"","overlay-color":"","overlay-opacity":"","overlay-gradient":""}},"ast-content-background-meta":{"desktop":{"background-color":"var(--ast-global-color-5)","background-image":"","background-repeat":"repeat","background-position":"center center","background-size":"auto","background-attachment":"scroll","background-type":"","background-media":"","overlay-type":"","overlay-color":"","overlay-opacity":"","overlay-gradient":""},"tablet":{"background-color":"var(--ast-global-color-5)","background-image":"","background-repeat":"repeat","background-position":"center center","background-size":"auto","background-attachment":"scroll","background-type":"","background-media":"","overlay-type":"","overlay-color":"","overlay-opacity":"","overlay-gradient":""},"mobile":{"background-color":"var(--ast-global-color-5)","background-image":"","background-repeat":"repeat","background-position":"center center","background-size":"auto","background-attachment":"scroll","background-type":"","background-media":"","overlay-type":"","overlay-color":"","overlay-opacity":"","overlay-gradient":""}}},"product_cat":[32,28,124],"product_tag":[196,184,70],"class_list":{"0":"post-2992","1":"product","2":"type-product","3":"status-publish","4":"has-post-thumbnail","6":"product_cat-edudem","7":"product_cat-libro","8":"product_cat-serie-simbolos","9":"product_tag-humanidades","10":"product_tag-mujeres","11":"product_tag-psicologia","12":"desktop-align-left","13":"tablet-align-left","14":"mobile-align-left","16":"first","17":"instock","18":"shipping-taxable","19":"purchasable","20":"product-type-simple"},"acf":[],"uagb_featured_image_src":{"full":["https:\/\/biblio1.mdp.edu.ar\/centro-ventas\/wp-content\/uploads\/sites\/2\/2023\/07\/TAPA-MUJERES-SINERGICAS-EMPRENDEDORAS-frente-1.jpg",1200,1867,false],"thumbnail":["https:\/\/biblio1.mdp.edu.ar\/centro-ventas\/wp-content\/uploads\/sites\/2\/2023\/07\/TAPA-MUJERES-SINERGICAS-EMPRENDEDORAS-frente-1.jpg",96,150,false],"medium":["https:\/\/biblio1.mdp.edu.ar\/centro-ventas\/wp-content\/uploads\/sites\/2\/2023\/07\/TAPA-MUJERES-SINERGICAS-EMPRENDEDORAS-frente-1.jpg",193,300,false],"medium_large":["https:\/\/biblio1.mdp.edu.ar\/centro-ventas\/wp-content\/uploads\/sites\/2\/2023\/07\/TAPA-MUJERES-SINERGICAS-EMPRENDEDORAS-frente-1.jpg",768,1195,false],"large":["https:\/\/biblio1.mdp.edu.ar\/centro-ventas\/wp-content\/uploads\/sites\/2\/2023\/07\/TAPA-MUJERES-SINERGICAS-EMPRENDEDORAS-frente-1.jpg",658,1024,false],"1536x1536":["https:\/\/biblio1.mdp.edu.ar\/centro-ventas\/wp-content\/uploads\/sites\/2\/2023\/07\/TAPA-MUJERES-SINERGICAS-EMPRENDEDORAS-frente-1.jpg",987,1536,false],"2048x2048":["https:\/\/biblio1.mdp.edu.ar\/centro-ventas\/wp-content\/uploads\/sites\/2\/2023\/07\/TAPA-MUJERES-SINERGICAS-EMPRENDEDORAS-frente-1.jpg",1200,1867,false],"woocommerce_thumbnail":["https:\/\/biblio1.mdp.edu.ar\/centro-ventas\/wp-content\/uploads\/sites\/2\/2023\/07\/TAPA-MUJERES-SINERGICAS-EMPRENDEDORAS-frente-1.jpg",300,467,false],"woocommerce_single":["https:\/\/biblio1.mdp.edu.ar\/centro-ventas\/wp-content\/uploads\/sites\/2\/2023\/07\/TAPA-MUJERES-SINERGICAS-EMPRENDEDORAS-frente-1.jpg",600,934,false],"woocommerce_gallery_thumbnail":["https:\/\/biblio1.mdp.edu.ar\/centro-ventas\/wp-content\/uploads\/sites\/2\/2023\/07\/TAPA-MUJERES-SINERGICAS-EMPRENDEDORAS-frente-1-100x100.jpg",100,100,true]},"uagb_author_info":{"display_name":"Cristina Bernabe","author_link":"https:\/\/biblio1.mdp.edu.ar\/centro-ventas\/author\/"},"uagb_comment_info":0,"uagb_excerpt":"Este libro re\u00fane entrevistas realizadas a mujeres que, por razones personales y sociolaborales diversas, han encontrado en la experiencia emprendedora una oportunidad saludable. Surge a partir de una investigaci\u00f3n de car\u00e1cter exploratorio y descriptivo cuyo objetivo general fue conocer las caracter\u00edsticas de diez mujeres emprendedoras en la ciudad de Mar del Plata, todas ellas nucleadas&hellip;","_links":{"self":[{"href":"https:\/\/biblio1.mdp.edu.ar\/centro-ventas\/wp-json\/wp\/v2\/product\/2992","targetHints":{"allow":["GET"]}}],"collection":[{"href":"https:\/\/biblio1.mdp.edu.ar\/centro-ventas\/wp-json\/wp\/v2\/product"}],"about":[{"href":"https:\/\/biblio1.mdp.edu.ar\/centro-ventas\/wp-json\/wp\/v2\/types\/product"}],"wp:featuredmedia":[{"embeddable":true,"href":"https:\/\/biblio1.mdp.edu.ar\/centro-ventas\/wp-json\/wp\/v2\/media\/2980"}],"wp:attachment":[{"href":"https:\/\/biblio1.mdp.edu.ar\/centro-ventas\/wp-json\/wp\/v2\/media?parent=2992"}],"wp:term":[{"taxonomy":"product_cat","embeddable":true,"href":"https:\/\/biblio1.mdp.edu.ar\/centro-ventas\/wp-json\/wp\/v2\/product_cat?post=2992"},{"taxonomy":"product_tag","embeddable":true,"href":"https:\/\/biblio1.mdp.edu.ar\/centro-ventas\/wp-json\/wp\/v2\/product_tag?post=2992"}],"curies":[{"name":"wp","href":"https:\/\/api.w.org\/{rel}","templated":true}]}}