{"id":2988,"date":"2023-07-10T17:07:13","date_gmt":"2023-07-10T20:07:13","guid":{"rendered":"http:\/\/biblio1.mdp.edu.ar\/centro-ventas\/?post_type=product&#038;p=2988"},"modified":"2026-04-01T15:44:13","modified_gmt":"2026-04-01T18:44:13","slug":"la-pequena-italia","status":"publish","type":"product","link":"https:\/\/biblio1.mdp.edu.ar\/centro-ventas\/producto\/la-pequena-italia\/","title":{"rendered":"La \u00abpeque\u00f1a Italia\u00bb"},"content":{"rendered":"<div class=\"row\"><\/div>\n<div class=\"row\">\n<div class=\"col-md-7\">\n<p>Entre las numerosas comunidades de inmigrantes que se radicaron en Mar del Plata desde su fundaci\u00f3n, los italianos ocuparon un lugar destacado. Si ya en las primeras cr\u00f3nicas de la ciudad la colectividad sobresale, con el correr del tiempo, especialmente a partir de 1920, se vuelve protagonista central de la vida marplatense. Es hacia esos a\u00f1os que la zona portuaria comienza a adquirir un aire italiano particular. La instalaci\u00f3n, en el barrio, de gran cantidad de familias de ese origen, lo convierte en una \u201cpeque\u00f1a Italia\u201d, un espacio marcado por tradiciones, por formas de sociabilidad, por la pervivencia del idioma.<\/p>\n<p>La \u201cpeque\u00f1a Italia\u201d evolucion\u00f3 con el tiempo: luego de la Segunda Guerra Mundial, nuevas olas inmigratorias renovaron y, a la vez, cambiaron el car\u00e1cter original del barrio, que mantuvo una fuerte identidad hasta la d\u00e9cada de 1970.<\/p>\n<p>A trav\u00e9s de las voces de aquellos que formaron parte de la comunidad italiana del puerto marplatense, este libro reconstruye las vidas de hombres y mujeres que, con sus pr\u00e1cticas, sus costumbres, su acervo cultural, dejaron una marca inolvidable, de la cual aun hoy se encuentran rastros.<\/p>\n<\/div>\n<\/div>\n","protected":false},"excerpt":{"rendered":"<p>Entre las numerosas comunidades de inmigrantes que se radicaron en Mar del Plata desde su fundaci\u00f3n, los italianos ocuparon un lugar destacado. Si ya en las primeras cr\u00f3nicas de la ciudad la colectividad sobresale, con el correr del tiempo, especialmente a partir de 1920, se vuelve protagonista central de la vida marplatense. Es hacia esos [&hellip;]<\/p>\n","protected":false},"featured_media":2981,"template":"","meta":{"_acf_changed":false,"_eb_attr":"","_crdt_document":"","_uag_custom_page_level_css":"","_editorskit_title_hidden":false,"_editorskit_reading_time":0,"_editorskit_is_block_options_detached":false,"_editorskit_block_options_position":"{}","site-sidebar-layout":"default","site-content-layout":"default","ast-site-content-layout":"default","site-content-style":"default","site-sidebar-style":"default","ast-global-header-display":"","ast-banner-title-visibility":"","ast-main-header-display":"","ast-hfb-above-header-display":"","ast-hfb-below-header-display":"","ast-hfb-mobile-header-display":"","site-post-title":"","ast-breadcrumbs-content":"","ast-featured-img":"","footer-sml-layout":"","ast-disable-related-posts":"","theme-transparent-header-meta":"default","adv-header-id-meta":"","stick-header-meta":"","header-above-stick-meta":"","header-main-stick-meta":"","header-below-stick-meta":"","astra-migrate-meta-layouts":"set","ast-page-background-enabled":"default","ast-page-background-meta":{"desktop":{"background-color":"var(--ast-global-color-4)","background-image":"","background-repeat":"repeat","background-position":"center center","background-size":"auto","background-attachment":"scroll","background-type":"","background-media":"","overlay-type":"","overlay-color":"","overlay-opacity":"","overlay-gradient":""},"tablet":{"background-color":"","background-image":"","background-repeat":"repeat","background-position":"center center","background-size":"auto","background-attachment":"scroll","background-type":"","background-media":"","overlay-type":"","overlay-color":"","overlay-opacity":"","overlay-gradient":""},"mobile":{"background-color":"","background-image":"","background-repeat":"repeat","background-position":"center center","background-size":"auto","background-attachment":"scroll","background-type":"","background-media":"","overlay-type":"","overlay-color":"","overlay-opacity":"","overlay-gradient":""}},"ast-content-background-meta":{"desktop":{"background-color":"var(--ast-global-color-5)","background-image":"","background-repeat":"repeat","background-position":"center center","background-size":"auto","background-attachment":"scroll","background-type":"","background-media":"","overlay-type":"","overlay-color":"","overlay-opacity":"","overlay-gradient":""},"tablet":{"background-color":"var(--ast-global-color-5)","background-image":"","background-repeat":"repeat","background-position":"center center","background-size":"auto","background-attachment":"scroll","background-type":"","background-media":"","overlay-type":"","overlay-color":"","overlay-opacity":"","overlay-gradient":""},"mobile":{"background-color":"var(--ast-global-color-5)","background-image":"","background-repeat":"repeat","background-position":"center center","background-size":"auto","background-attachment":"scroll","background-type":"","background-media":"","overlay-type":"","overlay-color":"","overlay-opacity":"","overlay-gradient":""}}},"product_cat":[268,32,28,167],"product_tag":[270,272,80],"class_list":{"0":"post-2988","1":"product","2":"type-product","3":"status-publish","4":"has-post-thumbnail","6":"product_cat-coleccion-mar-del-plata","7":"product_cat-edudem","8":"product_cat-libro","9":"product_cat-mar-del-plata","10":"product_tag-historia-de-mar-del-plata","11":"product_tag-inmigracion","12":"product_tag-mar-del-plata","13":"desktop-align-left","14":"tablet-align-left","15":"mobile-align-left","17":"first","18":"instock","19":"featured","20":"shipping-taxable","21":"purchasable","22":"product-type-simple"},"acf":[],"uagb_featured_image_src":{"full":["https:\/\/biblio1.mdp.edu.ar\/centro-ventas\/wp-content\/uploads\/sites\/2\/2023\/07\/TAPA-PEQUENA-ITALIA-FRENTE.jpg",1200,1943,false],"thumbnail":["https:\/\/biblio1.mdp.edu.ar\/centro-ventas\/wp-content\/uploads\/sites\/2\/2023\/07\/TAPA-PEQUENA-ITALIA-FRENTE.jpg",93,150,false],"medium":["https:\/\/biblio1.mdp.edu.ar\/centro-ventas\/wp-content\/uploads\/sites\/2\/2023\/07\/TAPA-PEQUENA-ITALIA-FRENTE.jpg",185,300,false],"medium_large":["https:\/\/biblio1.mdp.edu.ar\/centro-ventas\/wp-content\/uploads\/sites\/2\/2023\/07\/TAPA-PEQUENA-ITALIA-FRENTE.jpg",768,1244,false],"large":["https:\/\/biblio1.mdp.edu.ar\/centro-ventas\/wp-content\/uploads\/sites\/2\/2023\/07\/TAPA-PEQUENA-ITALIA-FRENTE.jpg",632,1024,false],"1536x1536":["https:\/\/biblio1.mdp.edu.ar\/centro-ventas\/wp-content\/uploads\/sites\/2\/2023\/07\/TAPA-PEQUENA-ITALIA-FRENTE.jpg",949,1536,false],"2048x2048":["https:\/\/biblio1.mdp.edu.ar\/centro-ventas\/wp-content\/uploads\/sites\/2\/2023\/07\/TAPA-PEQUENA-ITALIA-FRENTE.jpg",1200,1943,false],"woocommerce_thumbnail":["https:\/\/biblio1.mdp.edu.ar\/centro-ventas\/wp-content\/uploads\/sites\/2\/2023\/07\/TAPA-PEQUENA-ITALIA-FRENTE.jpg",300,486,false],"woocommerce_single":["https:\/\/biblio1.mdp.edu.ar\/centro-ventas\/wp-content\/uploads\/sites\/2\/2023\/07\/TAPA-PEQUENA-ITALIA-FRENTE.jpg",600,972,false],"woocommerce_gallery_thumbnail":["https:\/\/biblio1.mdp.edu.ar\/centro-ventas\/wp-content\/uploads\/sites\/2\/2023\/07\/TAPA-PEQUENA-ITALIA-FRENTE-100x100.jpg",100,100,true]},"uagb_author_info":{"display_name":"Cristina Bernabe","author_link":"https:\/\/biblio1.mdp.edu.ar\/centro-ventas\/author\/"},"uagb_comment_info":0,"uagb_excerpt":"Entre las numerosas comunidades de inmigrantes que se radicaron en Mar del Plata desde su fundaci\u00f3n, los italianos ocuparon un lugar destacado. Si ya en las primeras cr\u00f3nicas de la ciudad la colectividad sobresale, con el correr del tiempo, especialmente a partir de 1920, se vuelve protagonista central de la vida marplatense. Es hacia esos&hellip;","_links":{"self":[{"href":"https:\/\/biblio1.mdp.edu.ar\/centro-ventas\/wp-json\/wp\/v2\/product\/2988","targetHints":{"allow":["GET"]}}],"collection":[{"href":"https:\/\/biblio1.mdp.edu.ar\/centro-ventas\/wp-json\/wp\/v2\/product"}],"about":[{"href":"https:\/\/biblio1.mdp.edu.ar\/centro-ventas\/wp-json\/wp\/v2\/types\/product"}],"wp:featuredmedia":[{"embeddable":true,"href":"https:\/\/biblio1.mdp.edu.ar\/centro-ventas\/wp-json\/wp\/v2\/media\/2981"}],"wp:attachment":[{"href":"https:\/\/biblio1.mdp.edu.ar\/centro-ventas\/wp-json\/wp\/v2\/media?parent=2988"}],"wp:term":[{"taxonomy":"product_cat","embeddable":true,"href":"https:\/\/biblio1.mdp.edu.ar\/centro-ventas\/wp-json\/wp\/v2\/product_cat?post=2988"},{"taxonomy":"product_tag","embeddable":true,"href":"https:\/\/biblio1.mdp.edu.ar\/centro-ventas\/wp-json\/wp\/v2\/product_tag?post=2988"}],"curies":[{"name":"wp","href":"https:\/\/api.w.org\/{rel}","templated":true}]}}