{"id":2883,"date":"2023-03-28T16:39:15","date_gmt":"2023-03-28T19:39:15","guid":{"rendered":"http:\/\/biblio1.mdp.edu.ar\/centro-ventas\/?post_type=product&#038;p=2883"},"modified":"2025-11-03T13:41:39","modified_gmt":"2025-11-03T16:41:39","slug":"la-hidatidosis-en-la-argentina","status":"publish","type":"product","link":"https:\/\/biblio1.mdp.edu.ar\/centro-ventas\/producto\/la-hidatidosis-en-la-argentina\/","title":{"rendered":"La hidatidosis en la Argentina"},"content":{"rendered":"<p>La hidatidosis o equinococosis es una enfermedad parasitaria de car\u00e1cter end\u00e9mico que afecta tanto a humanos como a animales dom\u00e9sticos y de consumo. Es por ello que su consideraci\u00f3n en t\u00e9rminos de salud p\u00fablica implica l\u00edneas de investigaci\u00f3n en aspectos diversos que van desde la epidemiolog\u00eda, la biolog\u00eda y el diagn\u00f3stico hasta el tratamiento y el control de la enfermedad, incluyendo la prevenci\u00f3n y sensibilizaci\u00f3n de la poblaci\u00f3n. Esta obra est\u00e1 pensada como un manual que sintetiza y actualiza el conocimiento disponible sobre la hidatidosis en la Argentina y pretende contribuir a la consolidaci\u00f3n de pol\u00edticas p\u00fablicas para su erradicaci\u00f3n a partir del involucramiento de los distintos sectores relacionados. Por esa raz\u00f3n, abarca la tem\u00e1tica de manera integral y proporciona al lector una visi\u00f3n global desde los enfoques y novedades m\u00e1s recientes. Los autores son especialistas \u2013bi\u00f3logos, veterinarios, bioqu\u00edmicos, m\u00e9dicos\u2013 que trabajan en territorio en distintos puntos geogr\u00e1ficos del pa\u00eds, cuya participaci\u00f3n en este libro ha sido coordinada desde el grupo y Laboratorio de Zoonosis Parasitarias del Instituto de Investigaciones en Producci\u00f3n Sanidad y Ambiente (iiprosam) de la Facultad de Ciencias Exactas y Naturales de la Universidad Nacional de Mar del Plata.<\/p>\n","protected":false},"excerpt":{"rendered":"<p>La hidatidosis o equinococosis es una enfermedad parasitaria de car\u00e1cter end\u00e9mico que afecta tanto a humanos como a animales dom\u00e9sticos y de consumo. Es por ello que su consideraci\u00f3n en t\u00e9rminos de salud p\u00fablica implica l\u00edneas de investigaci\u00f3n en aspectos diversos que van desde la epidemiolog\u00eda, la biolog\u00eda y el diagn\u00f3stico hasta el tratamiento y [&hellip;]<\/p>\n","protected":false},"featured_media":2884,"template":"","meta":{"_acf_changed":false,"_eb_attr":"","_crdt_document":"","_uag_custom_page_level_css":"","_editorskit_title_hidden":false,"_editorskit_reading_time":0,"_editorskit_is_block_options_detached":false,"_editorskit_block_options_position":"{}","site-sidebar-layout":"default","site-content-layout":"default","ast-site-content-layout":"default","site-content-style":"default","site-sidebar-style":"default","ast-global-header-display":"","ast-banner-title-visibility":"","ast-main-header-display":"","ast-hfb-above-header-display":"","ast-hfb-below-header-display":"","ast-hfb-mobile-header-display":"","site-post-title":"","ast-breadcrumbs-content":"","ast-featured-img":"","footer-sml-layout":"","ast-disable-related-posts":"","theme-transparent-header-meta":"default","adv-header-id-meta":"","stick-header-meta":"","header-above-stick-meta":"","header-main-stick-meta":"","header-below-stick-meta":"","astra-migrate-meta-layouts":"set","ast-page-background-enabled":"default","ast-page-background-meta":{"desktop":{"background-color":"var(--ast-global-color-4)","background-image":"","background-repeat":"repeat","background-position":"center center","background-size":"auto","background-attachment":"scroll","background-type":"","background-media":"","overlay-type":"","overlay-color":"","overlay-opacity":"","overlay-gradient":""},"tablet":{"background-color":"","background-image":"","background-repeat":"repeat","background-position":"center center","background-size":"auto","background-attachment":"scroll","background-type":"","background-media":"","overlay-type":"","overlay-color":"","overlay-opacity":"","overlay-gradient":""},"mobile":{"background-color":"","background-image":"","background-repeat":"repeat","background-position":"center center","background-size":"auto","background-attachment":"scroll","background-type":"","background-media":"","overlay-type":"","overlay-color":"","overlay-opacity":"","overlay-gradient":""}},"ast-content-background-meta":{"desktop":{"background-color":"var(--ast-global-color-5)","background-image":"","background-repeat":"repeat","background-position":"center center","background-size":"auto","background-attachment":"scroll","background-type":"","background-media":"","overlay-type":"","overlay-color":"","overlay-opacity":"","overlay-gradient":""},"tablet":{"background-color":"var(--ast-global-color-5)","background-image":"","background-repeat":"repeat","background-position":"center center","background-size":"auto","background-attachment":"scroll","background-type":"","background-media":"","overlay-type":"","overlay-color":"","overlay-opacity":"","overlay-gradient":""},"mobile":{"background-color":"var(--ast-global-color-5)","background-image":"","background-repeat":"repeat","background-position":"center center","background-size":"auto","background-attachment":"scroll","background-type":"","background-media":"","overlay-type":"","overlay-color":"","overlay-opacity":"","overlay-gradient":""}}},"product_cat":[32,203,28,29],"product_tag":[258,259,260],"class_list":{"0":"post-2883","1":"product","2":"type-product","3":"status-publish","4":"has-post-thumbnail","6":"product_cat-edudem","7":"product_cat-fuera-de-serie","8":"product_cat-libro","9":"product_cat-medicina","10":"product_tag-hidatidosis","11":"product_tag-salud-publica","12":"product_tag-zoonosis","13":"desktop-align-left","14":"tablet-align-left","15":"mobile-align-left","17":"first","18":"instock","19":"shipping-taxable","20":"purchasable","21":"product-type-simple"},"acf":[],"uagb_featured_image_src":{"full":["https:\/\/biblio1.mdp.edu.ar\/centro-ventas\/wp-content\/uploads\/sites\/2\/2023\/03\/9789874960191.jpg",984,1500,false],"thumbnail":["https:\/\/biblio1.mdp.edu.ar\/centro-ventas\/wp-content\/uploads\/sites\/2\/2023\/03\/9789874960191.jpg",98,150,false],"medium":["https:\/\/biblio1.mdp.edu.ar\/centro-ventas\/wp-content\/uploads\/sites\/2\/2023\/03\/9789874960191.jpg",197,300,false],"medium_large":["https:\/\/biblio1.mdp.edu.ar\/centro-ventas\/wp-content\/uploads\/sites\/2\/2023\/03\/9789874960191.jpg",768,1171,false],"large":["https:\/\/biblio1.mdp.edu.ar\/centro-ventas\/wp-content\/uploads\/sites\/2\/2023\/03\/9789874960191.jpg",672,1024,false],"1536x1536":["https:\/\/biblio1.mdp.edu.ar\/centro-ventas\/wp-content\/uploads\/sites\/2\/2023\/03\/9789874960191.jpg",984,1500,false],"2048x2048":["https:\/\/biblio1.mdp.edu.ar\/centro-ventas\/wp-content\/uploads\/sites\/2\/2023\/03\/9789874960191.jpg",984,1500,false],"woocommerce_thumbnail":["https:\/\/biblio1.mdp.edu.ar\/centro-ventas\/wp-content\/uploads\/sites\/2\/2023\/03\/9789874960191.jpg",300,457,false],"woocommerce_single":["https:\/\/biblio1.mdp.edu.ar\/centro-ventas\/wp-content\/uploads\/sites\/2\/2023\/03\/9789874960191.jpg",600,915,false],"woocommerce_gallery_thumbnail":["https:\/\/biblio1.mdp.edu.ar\/centro-ventas\/wp-content\/uploads\/sites\/2\/2023\/03\/9789874960191-100x100.jpg",100,100,true]},"uagb_author_info":{"display_name":"Cristina Bernabe","author_link":"https:\/\/biblio1.mdp.edu.ar\/centro-ventas\/author\/"},"uagb_comment_info":0,"uagb_excerpt":"La hidatidosis o equinococosis es una enfermedad parasitaria de car\u00e1cter end\u00e9mico que afecta tanto a humanos como a animales dom\u00e9sticos y de consumo. Es por ello que su consideraci\u00f3n en t\u00e9rminos de salud p\u00fablica implica l\u00edneas de investigaci\u00f3n en aspectos diversos que van desde la epidemiolog\u00eda, la biolog\u00eda y el diagn\u00f3stico hasta el tratamiento y&hellip;","_links":{"self":[{"href":"https:\/\/biblio1.mdp.edu.ar\/centro-ventas\/wp-json\/wp\/v2\/product\/2883","targetHints":{"allow":["GET"]}}],"collection":[{"href":"https:\/\/biblio1.mdp.edu.ar\/centro-ventas\/wp-json\/wp\/v2\/product"}],"about":[{"href":"https:\/\/biblio1.mdp.edu.ar\/centro-ventas\/wp-json\/wp\/v2\/types\/product"}],"wp:featuredmedia":[{"embeddable":true,"href":"https:\/\/biblio1.mdp.edu.ar\/centro-ventas\/wp-json\/wp\/v2\/media\/2884"}],"wp:attachment":[{"href":"https:\/\/biblio1.mdp.edu.ar\/centro-ventas\/wp-json\/wp\/v2\/media?parent=2883"}],"wp:term":[{"taxonomy":"product_cat","embeddable":true,"href":"https:\/\/biblio1.mdp.edu.ar\/centro-ventas\/wp-json\/wp\/v2\/product_cat?post=2883"},{"taxonomy":"product_tag","embeddable":true,"href":"https:\/\/biblio1.mdp.edu.ar\/centro-ventas\/wp-json\/wp\/v2\/product_tag?post=2883"}],"curies":[{"name":"wp","href":"https:\/\/api.w.org\/{rel}","templated":true}]}}