{"id":2871,"date":"2023-03-28T13:26:33","date_gmt":"2023-03-28T16:26:33","guid":{"rendered":"http:\/\/biblio1.mdp.edu.ar\/centro-ventas\/?post_type=product&#038;p=2871"},"modified":"2026-03-30T15:43:29","modified_gmt":"2026-03-30T18:43:29","slug":"en-visperas-del-diluvio","status":"publish","type":"product","link":"https:\/\/biblio1.mdp.edu.ar\/centro-ventas\/producto\/en-visperas-del-diluvio\/","title":{"rendered":"En v\u00edsperas del diluvio"},"content":{"rendered":"<p>Este libro analiza c\u00f3mo el gremialismo socialista afront\u00f3 el desaf\u00edo de la estatalidad en el movimiento obrero, impulsada por Per\u00f3n desde la nueva Secretar\u00eda de Trabajo y Previsi\u00f3n. Los dirigentes de cu\u00f1o socialista reaccionaron diversamente ante el intervencionismo social, en parte porque sus posiciones se inscrib\u00edan en debates que anteced\u00edan al golpe militar de 1943. As\u00ed, la adhesi\u00f3n que logr\u00f3 el nuevo proyecto pol\u00edtico no fue tan s\u00f3lo favorecida por la posici\u00f3n prescindente que el Partido Socialista hab\u00eda alentado, sino m\u00e1s bien por la fuerte politizaci\u00f3n que expresaban sus principales cuadros sindicales.<\/p>\n","protected":false},"excerpt":{"rendered":"<p>Este libro analiza c\u00f3mo el gremialismo socialista afront\u00f3 el desaf\u00edo de la estatalidad en el movimiento obrero, impulsada por Per\u00f3n desde la nueva Secretar\u00eda de Trabajo y Previsi\u00f3n. Los dirigentes de cu\u00f1o socialista reaccionaron diversamente ante el intervencionismo social, en parte porque sus posiciones se inscrib\u00edan en debates que anteced\u00edan al golpe militar de 1943. [&hellip;]<\/p>\n","protected":false},"featured_media":2872,"template":"","meta":{"_acf_changed":false,"_eb_attr":"","_crdt_document":"","_uag_custom_page_level_css":"","_editorskit_title_hidden":false,"_editorskit_reading_time":0,"_editorskit_is_block_options_detached":false,"_editorskit_block_options_position":"{}","site-sidebar-layout":"default","site-content-layout":"default","ast-site-content-layout":"default","site-content-style":"default","site-sidebar-style":"default","ast-global-header-display":"","ast-banner-title-visibility":"","ast-main-header-display":"","ast-hfb-above-header-display":"","ast-hfb-below-header-display":"","ast-hfb-mobile-header-display":"","site-post-title":"","ast-breadcrumbs-content":"","ast-featured-img":"","footer-sml-layout":"","ast-disable-related-posts":"","theme-transparent-header-meta":"default","adv-header-id-meta":"","stick-header-meta":"","header-above-stick-meta":"","header-main-stick-meta":"","header-below-stick-meta":"","astra-migrate-meta-layouts":"default","ast-page-background-enabled":"default","ast-page-background-meta":{"desktop":{"background-color":"var(--ast-global-color-4)","background-image":"","background-repeat":"repeat","background-position":"center center","background-size":"auto","background-attachment":"scroll","background-type":"","background-media":"","overlay-type":"","overlay-color":"","overlay-opacity":"","overlay-gradient":""},"tablet":{"background-color":"","background-image":"","background-repeat":"repeat","background-position":"center center","background-size":"auto","background-attachment":"scroll","background-type":"","background-media":"","overlay-type":"","overlay-color":"","overlay-opacity":"","overlay-gradient":""},"mobile":{"background-color":"","background-image":"","background-repeat":"repeat","background-position":"center center","background-size":"auto","background-attachment":"scroll","background-type":"","background-media":"","overlay-type":"","overlay-color":"","overlay-opacity":"","overlay-gradient":""}},"ast-content-background-meta":{"desktop":{"background-color":"var(--ast-global-color-5)","background-image":"","background-repeat":"repeat","background-position":"center center","background-size":"auto","background-attachment":"scroll","background-type":"","background-media":"","overlay-type":"","overlay-color":"","overlay-opacity":"","overlay-gradient":""},"tablet":{"background-color":"var(--ast-global-color-5)","background-image":"","background-repeat":"repeat","background-position":"center center","background-size":"auto","background-attachment":"scroll","background-type":"","background-media":"","overlay-type":"","overlay-color":"","overlay-opacity":"","overlay-gradient":""},"mobile":{"background-color":"var(--ast-global-color-5)","background-image":"","background-repeat":"repeat","background-position":"center center","background-size":"auto","background-attachment":"scroll","background-type":"","background-media":"","overlay-type":"","overlay-color":"","overlay-opacity":"","overlay-gradient":""}}},"product_cat":[114,32,28],"product_tag":[253,120,197],"class_list":{"0":"post-2871","1":"product","2":"type-product","3":"status-publish","4":"has-post-thumbnail","6":"product_cat-la-argentina-peroista","7":"product_cat-edudem","8":"product_cat-libro","9":"product_tag-clase-obrera","10":"product_tag-historia-argentina","11":"product_tag-peronismo","12":"desktop-align-left","13":"tablet-align-left","14":"mobile-align-left","16":"first","17":"instock","18":"shipping-taxable","19":"purchasable","20":"product-type-simple"},"acf":[],"uagb_featured_image_src":{"full":["https:\/\/biblio1.mdp.edu.ar\/centro-ventas\/wp-content\/uploads\/sites\/2\/2023\/03\/LA-ARGENTINA-PERONISTA-09-1.jpg",1000,1400,false],"thumbnail":["https:\/\/biblio1.mdp.edu.ar\/centro-ventas\/wp-content\/uploads\/sites\/2\/2023\/03\/LA-ARGENTINA-PERONISTA-09-1.jpg",107,150,false],"medium":["https:\/\/biblio1.mdp.edu.ar\/centro-ventas\/wp-content\/uploads\/sites\/2\/2023\/03\/LA-ARGENTINA-PERONISTA-09-1.jpg",214,300,false],"medium_large":["https:\/\/biblio1.mdp.edu.ar\/centro-ventas\/wp-content\/uploads\/sites\/2\/2023\/03\/LA-ARGENTINA-PERONISTA-09-1.jpg",768,1075,false],"large":["https:\/\/biblio1.mdp.edu.ar\/centro-ventas\/wp-content\/uploads\/sites\/2\/2023\/03\/LA-ARGENTINA-PERONISTA-09-1.jpg",731,1024,false],"1536x1536":["https:\/\/biblio1.mdp.edu.ar\/centro-ventas\/wp-content\/uploads\/sites\/2\/2023\/03\/LA-ARGENTINA-PERONISTA-09-1.jpg",1000,1400,false],"2048x2048":["https:\/\/biblio1.mdp.edu.ar\/centro-ventas\/wp-content\/uploads\/sites\/2\/2023\/03\/LA-ARGENTINA-PERONISTA-09-1.jpg",1000,1400,false],"woocommerce_thumbnail":["https:\/\/biblio1.mdp.edu.ar\/centro-ventas\/wp-content\/uploads\/sites\/2\/2023\/03\/LA-ARGENTINA-PERONISTA-09-1.jpg",300,420,false],"woocommerce_single":["https:\/\/biblio1.mdp.edu.ar\/centro-ventas\/wp-content\/uploads\/sites\/2\/2023\/03\/LA-ARGENTINA-PERONISTA-09-1.jpg",600,840,false],"woocommerce_gallery_thumbnail":["https:\/\/biblio1.mdp.edu.ar\/centro-ventas\/wp-content\/uploads\/sites\/2\/2023\/03\/LA-ARGENTINA-PERONISTA-09-1-100x100.jpg",100,100,true]},"uagb_author_info":{"display_name":"Cristina Bernabe","author_link":"https:\/\/biblio1.mdp.edu.ar\/centro-ventas\/author\/"},"uagb_comment_info":0,"uagb_excerpt":"Este libro analiza c\u00f3mo el gremialismo socialista afront\u00f3 el desaf\u00edo de la estatalidad en el movimiento obrero, impulsada por Per\u00f3n desde la nueva Secretar\u00eda de Trabajo y Previsi\u00f3n. Los dirigentes de cu\u00f1o socialista reaccionaron diversamente ante el intervencionismo social, en parte porque sus posiciones se inscrib\u00edan en debates que anteced\u00edan al golpe militar de 1943.&hellip;","_links":{"self":[{"href":"https:\/\/biblio1.mdp.edu.ar\/centro-ventas\/wp-json\/wp\/v2\/product\/2871","targetHints":{"allow":["GET"]}}],"collection":[{"href":"https:\/\/biblio1.mdp.edu.ar\/centro-ventas\/wp-json\/wp\/v2\/product"}],"about":[{"href":"https:\/\/biblio1.mdp.edu.ar\/centro-ventas\/wp-json\/wp\/v2\/types\/product"}],"wp:featuredmedia":[{"embeddable":true,"href":"https:\/\/biblio1.mdp.edu.ar\/centro-ventas\/wp-json\/wp\/v2\/media\/2872"}],"wp:attachment":[{"href":"https:\/\/biblio1.mdp.edu.ar\/centro-ventas\/wp-json\/wp\/v2\/media?parent=2871"}],"wp:term":[{"taxonomy":"product_cat","embeddable":true,"href":"https:\/\/biblio1.mdp.edu.ar\/centro-ventas\/wp-json\/wp\/v2\/product_cat?post=2871"},{"taxonomy":"product_tag","embeddable":true,"href":"https:\/\/biblio1.mdp.edu.ar\/centro-ventas\/wp-json\/wp\/v2\/product_tag?post=2871"}],"curies":[{"name":"wp","href":"https:\/\/api.w.org\/{rel}","templated":true}]}}