{"id":2781,"date":"2022-10-24T16:22:49","date_gmt":"2022-10-24T19:22:49","guid":{"rendered":"http:\/\/biblio1.mdp.edu.ar\/centro-ventas\/?post_type=product&#038;p=2781"},"modified":"2024-04-09T17:02:53","modified_gmt":"2024-04-09T20:02:53","slug":"patagonia-contra-el-viento-y-el-olvido","status":"publish","type":"product","link":"https:\/\/biblio1.mdp.edu.ar\/centro-ventas\/producto\/patagonia-contra-el-viento-y-el-olvido\/","title":{"rendered":"Patagonia contra el viento y el olvido"},"content":{"rendered":"<p>Este libro retrata la matanza de los pueblos ind\u00edgenas en la Patagonia, especialmente la de los Onas en Tierra del Fuego. La fotograf\u00eda del rumano Julio Popper pinta de manera cruda una historia que no hay que desconocer, nos dice Sergio Javier Giaquinta, autor de la novela hist\u00f3rica Patagonia contra el viento y el olvido. Este personaje, -prosigue- que no fue el \u00fanico, con su ej\u00e9rcito privado masacr\u00f3 en forma despiadada y fue retribuido por las estancias para limpiar de indios la regi\u00f3n.<\/p>\n<p>El terrible episodio forma parte de la recreaci\u00f3n hist\u00f3rica que propone la novela. Un sucesi\u00f3n de peque\u00f1as historias individuales, la mayor\u00eda desconocidas de pioneros y pobladores que forjaron la actual Patagonia. Cuando escribo sobre la Patagonia y su historia, mi pasi\u00f3n, siempre trato de transportar al lector moderno, lo invito a viajar en el tiempo. Adem\u00e1s de leer mucho, cada vez que viajo hablo con la gente de los sitios que visito. Giaquinta define la esencia del poblador patag\u00f3nico como nost\u00e1lgico (en la noche, a la luz del fuego, a\u00f1ora el d\u00eda anterior), luchador (mantiene una pelea desigual contra el viento y el fr\u00edo), audaz (soluciona siempre el problema), perseverante (se cae pero siempre se levanta), leal a sus principios (no pacta con la hipocres\u00eda del citadino), austero (con unos mates alcanza), amante de sus compa\u00f1eros de trabajo (el poblador patag\u00f3nico guarda un lugar especial en su coraz\u00f3n para sus perros y sus caballos), creyente solitario (a menudo habla directo con Dios, sin intermediarios, invitado por el silencio dentro de la inmensidad en la naturaleza que lo contiene). El sacrificio, la fe, la perseverancia y el esfuerzo comunitario fueron los motores de los galeses que llegaron en 1865 a la Patagonia movidos por un sue\u00f1o llamado libertad. Eso de creer que lo imposible no existe y que lo que existe nos cuesta sacrificio, es algo necesario para tener \u00e9xito en cualquier cosa que emprendamos y parece ser el esp\u00edritu del poblador patag\u00f3nico. Algo que se refleja en Patagonia. La Noche de los Galeses, segunda novela de Giaquinta.<\/p>\n","protected":false},"excerpt":{"rendered":"<p>Este libro retrata la matanza de los pueblos ind\u00edgenas en la Patagonia, especialmente la de los Onas en Tierra del Fuego. La fotograf\u00eda del rumano Julio Popper pinta de manera cruda una historia que no hay que desconocer, nos dice Sergio Javier Giaquinta, autor de la novela hist\u00f3rica Patagonia contra el viento y el olvido. [&hellip;]<\/p>\n","protected":false},"featured_media":2783,"template":"","meta":{"_acf_changed":false,"_eb_attr":"","_crdt_document":"","_uag_custom_page_level_css":"","_editorskit_title_hidden":false,"_editorskit_reading_time":0,"_editorskit_is_block_options_detached":false,"_editorskit_block_options_position":"{}","site-sidebar-layout":"default","site-content-layout":"default","ast-site-content-layout":"default","site-content-style":"default","site-sidebar-style":"default","ast-global-header-display":"","ast-banner-title-visibility":"","ast-main-header-display":"","ast-hfb-above-header-display":"","ast-hfb-below-header-display":"","ast-hfb-mobile-header-display":"","site-post-title":"","ast-breadcrumbs-content":"","ast-featured-img":"","footer-sml-layout":"","ast-disable-related-posts":"","theme-transparent-header-meta":"default","adv-header-id-meta":"","stick-header-meta":"","header-above-stick-meta":"","header-main-stick-meta":"","header-below-stick-meta":"","astra-migrate-meta-layouts":"default","ast-page-background-enabled":"default","ast-page-background-meta":{"desktop":{"background-color":"var(--ast-global-color-4)","background-image":"","background-repeat":"repeat","background-position":"center center","background-size":"auto","background-attachment":"scroll","background-type":"","background-media":"","overlay-type":"","overlay-color":"","overlay-opacity":"","overlay-gradient":""},"tablet":{"background-color":"","background-image":"","background-repeat":"repeat","background-position":"center center","background-size":"auto","background-attachment":"scroll","background-type":"","background-media":"","overlay-type":"","overlay-color":"","overlay-opacity":"","overlay-gradient":""},"mobile":{"background-color":"","background-image":"","background-repeat":"repeat","background-position":"center center","background-size":"auto","background-attachment":"scroll","background-type":"","background-media":"","overlay-type":"","overlay-color":"","overlay-opacity":"","overlay-gradient":""}},"ast-content-background-meta":{"desktop":{"background-color":"var(--ast-global-color-5)","background-image":"","background-repeat":"repeat","background-position":"center center","background-size":"auto","background-attachment":"scroll","background-type":"","background-media":"","overlay-type":"","overlay-color":"","overlay-opacity":"","overlay-gradient":""},"tablet":{"background-color":"var(--ast-global-color-5)","background-image":"","background-repeat":"repeat","background-position":"center center","background-size":"auto","background-attachment":"scroll","background-type":"","background-media":"","overlay-type":"","overlay-color":"","overlay-opacity":"","overlay-gradient":""},"mobile":{"background-color":"var(--ast-global-color-5)","background-image":"","background-repeat":"repeat","background-position":"center center","background-size":"auto","background-attachment":"scroll","background-type":"","background-media":"","overlay-type":"","overlay-color":"","overlay-opacity":"","overlay-gradient":""}}},"product_cat":[28],"product_tag":[],"class_list":{"0":"post-2781","1":"product","2":"type-product","3":"status-publish","4":"has-post-thumbnail","6":"product_cat-libro","7":"desktop-align-left","8":"tablet-align-left","9":"mobile-align-left","11":"first","12":"instock","13":"shipping-taxable","14":"purchasable","15":"product-type-simple"},"acf":[],"uagb_featured_image_src":{"full":["https:\/\/biblio1.mdp.edu.ar\/centro-ventas\/wp-content\/uploads\/sites\/2\/2022\/10\/Patagonia.jpg",1656,2200,false],"thumbnail":["https:\/\/biblio1.mdp.edu.ar\/centro-ventas\/wp-content\/uploads\/sites\/2\/2022\/10\/Patagonia.jpg",113,150,false],"medium":["https:\/\/biblio1.mdp.edu.ar\/centro-ventas\/wp-content\/uploads\/sites\/2\/2022\/10\/Patagonia.jpg",226,300,false],"medium_large":["https:\/\/biblio1.mdp.edu.ar\/centro-ventas\/wp-content\/uploads\/sites\/2\/2022\/10\/Patagonia.jpg",768,1020,false],"large":["https:\/\/biblio1.mdp.edu.ar\/centro-ventas\/wp-content\/uploads\/sites\/2\/2022\/10\/Patagonia.jpg",771,1024,false],"1536x1536":["https:\/\/biblio1.mdp.edu.ar\/centro-ventas\/wp-content\/uploads\/sites\/2\/2022\/10\/Patagonia.jpg",1156,1536,false],"2048x2048":["https:\/\/biblio1.mdp.edu.ar\/centro-ventas\/wp-content\/uploads\/sites\/2\/2022\/10\/Patagonia.jpg",1542,2048,false],"woocommerce_thumbnail":["https:\/\/biblio1.mdp.edu.ar\/centro-ventas\/wp-content\/uploads\/sites\/2\/2022\/10\/Patagonia.jpg",300,399,false],"woocommerce_single":["https:\/\/biblio1.mdp.edu.ar\/centro-ventas\/wp-content\/uploads\/sites\/2\/2022\/10\/Patagonia.jpg",600,797,false],"woocommerce_gallery_thumbnail":["https:\/\/biblio1.mdp.edu.ar\/centro-ventas\/wp-content\/uploads\/sites\/2\/2022\/10\/Patagonia-100x100.jpg",100,100,true]},"uagb_author_info":{"display_name":"Cristina Bernabe","author_link":"https:\/\/biblio1.mdp.edu.ar\/centro-ventas\/author\/"},"uagb_comment_info":0,"uagb_excerpt":"Este libro retrata la matanza de los pueblos ind\u00edgenas en la Patagonia, especialmente la de los Onas en Tierra del Fuego. La fotograf\u00eda del rumano Julio Popper pinta de manera cruda una historia que no hay que desconocer, nos dice Sergio Javier Giaquinta, autor de la novela hist\u00f3rica Patagonia contra el viento y el olvido.&hellip;","_links":{"self":[{"href":"https:\/\/biblio1.mdp.edu.ar\/centro-ventas\/wp-json\/wp\/v2\/product\/2781","targetHints":{"allow":["GET"]}}],"collection":[{"href":"https:\/\/biblio1.mdp.edu.ar\/centro-ventas\/wp-json\/wp\/v2\/product"}],"about":[{"href":"https:\/\/biblio1.mdp.edu.ar\/centro-ventas\/wp-json\/wp\/v2\/types\/product"}],"wp:featuredmedia":[{"embeddable":true,"href":"https:\/\/biblio1.mdp.edu.ar\/centro-ventas\/wp-json\/wp\/v2\/media\/2783"}],"wp:attachment":[{"href":"https:\/\/biblio1.mdp.edu.ar\/centro-ventas\/wp-json\/wp\/v2\/media?parent=2781"}],"wp:term":[{"taxonomy":"product_cat","embeddable":true,"href":"https:\/\/biblio1.mdp.edu.ar\/centro-ventas\/wp-json\/wp\/v2\/product_cat?post=2781"},{"taxonomy":"product_tag","embeddable":true,"href":"https:\/\/biblio1.mdp.edu.ar\/centro-ventas\/wp-json\/wp\/v2\/product_tag?post=2781"}],"curies":[{"name":"wp","href":"https:\/\/api.w.org\/{rel}","templated":true}]}}