{"id":2767,"date":"2022-10-14T17:48:23","date_gmt":"2022-10-14T20:48:23","guid":{"rendered":"http:\/\/biblio1.mdp.edu.ar\/centro-ventas\/?post_type=product&#038;p=2767"},"modified":"2025-10-08T15:14:39","modified_gmt":"2025-10-08T18:14:39","slug":"analisis-de-series-de-tiempo-basado-en-modelos-de-espacio-de-estado","status":"publish","type":"product","link":"https:\/\/biblio1.mdp.edu.ar\/centro-ventas\/producto\/analisis-de-series-de-tiempo-basado-en-modelos-de-espacio-de-estado\/","title":{"rendered":"An\u00e1lisis de series de tiempo basado en modelos de espacio de estado"},"content":{"rendered":"<div class=\"\">\n<div class=\"col-md-12 titulo\"><\/div>\n<\/div>\n<div class=\"row\">\n<div class=\"col-md-12 titulo\">\n<p id=\"ContentPlaceHolderContenido_rptFicha_autoresContainer_0\" class=\"autor subtitle\" title=\"ABRIL JUAN CARLOS.\">Este libro, producto de los trabajos de investigaci\u00f3n realizados en el Departamento de Estad\u00edstica de The London School of Economics and Political Science,\u00a0 se basa en los trabajos sobre los problemas de series de tiempo abordados desde un punto de vista estructural, tal como lo realizaron Koopman, Penzer de Jong , que demostraron la estrat\u00e9gica importancia del modelado de espacio de estado en ciencias como la econom\u00eda aplicada y la econometr\u00eda. La filosof\u00eda subyacente a esta obra es, al mismo tiempo, ofrecer una forma sencilla de iniciarse en la materia a aquellas personas , tanto estudiantes como docentes y profesionales, que conocen poco sobre esta teor\u00eda pero que desean y necesitan conocer cada d\u00eda m\u00e1s, e introducir las ideas de una manera algebraicamente simple, sencilla y manejable sin abordar la natural sofisticaci\u00f3n de la materia.<\/p>\n<\/div>\n<\/div>\n<div class=\"row\">\n<div id=\"ContentPlaceHolderContenido_rptFicha_contenedorTemas_0\" class=\"col-xs-12 item temas\">\n<h5><\/h5>\n<\/div>\n<\/div>\n","protected":false},"excerpt":{"rendered":"<p>Este libro, producto de los trabajos de investigaci\u00f3n realizados en el Departamento de Estad\u00edstica de The London School of Economics and Political Science,\u00a0 se basa en los trabajos sobre los problemas de series de tiempo abordados desde un punto de vista estructural, tal como lo realizaron Koopman, Penzer de Jong , que demostraron la estrat\u00e9gica [&hellip;]<\/p>\n","protected":false},"featured_media":2769,"template":"","meta":{"_acf_changed":false,"_eb_attr":"","_crdt_document":"","_uag_custom_page_level_css":"","_editorskit_title_hidden":false,"_editorskit_reading_time":0,"_editorskit_is_block_options_detached":false,"_editorskit_block_options_position":"{}","site-sidebar-layout":"default","site-content-layout":"default","ast-site-content-layout":"default","site-content-style":"default","site-sidebar-style":"default","ast-global-header-display":"","ast-banner-title-visibility":"","ast-main-header-display":"","ast-hfb-above-header-display":"","ast-hfb-below-header-display":"","ast-hfb-mobile-header-display":"","site-post-title":"","ast-breadcrumbs-content":"","ast-featured-img":"","footer-sml-layout":"","ast-disable-related-posts":"","theme-transparent-header-meta":"default","adv-header-id-meta":"","stick-header-meta":"","header-above-stick-meta":"","header-main-stick-meta":"","header-below-stick-meta":"","astra-migrate-meta-layouts":"set","ast-page-background-enabled":"default","ast-page-background-meta":{"desktop":{"background-color":"var(--ast-global-color-4)","background-image":"","background-repeat":"repeat","background-position":"center center","background-size":"auto","background-attachment":"scroll","background-type":"","background-media":"","overlay-type":"","overlay-color":"","overlay-opacity":"","overlay-gradient":""},"tablet":{"background-color":"","background-image":"","background-repeat":"repeat","background-position":"center center","background-size":"auto","background-attachment":"scroll","background-type":"","background-media":"","overlay-type":"","overlay-color":"","overlay-opacity":"","overlay-gradient":""},"mobile":{"background-color":"","background-image":"","background-repeat":"repeat","background-position":"center center","background-size":"auto","background-attachment":"scroll","background-type":"","background-media":"","overlay-type":"","overlay-color":"","overlay-opacity":"","overlay-gradient":""}},"ast-content-background-meta":{"desktop":{"background-color":"var(--ast-global-color-5)","background-image":"","background-repeat":"repeat","background-position":"center center","background-size":"auto","background-attachment":"scroll","background-type":"","background-media":"","overlay-type":"","overlay-color":"","overlay-opacity":"","overlay-gradient":""},"tablet":{"background-color":"var(--ast-global-color-5)","background-image":"","background-repeat":"repeat","background-position":"center center","background-size":"auto","background-attachment":"scroll","background-type":"","background-media":"","overlay-type":"","overlay-color":"","overlay-opacity":"","overlay-gradient":""},"mobile":{"background-color":"var(--ast-global-color-5)","background-image":"","background-repeat":"repeat","background-position":"center center","background-size":"auto","background-attachment":"scroll","background-type":"","background-media":"","overlay-type":"","overlay-color":"","overlay-opacity":"","overlay-gradient":""}}},"product_cat":[130,28],"product_tag":[234,235],"class_list":{"0":"post-2767","1":"product","2":"type-product","3":"status-publish","4":"has-post-thumbnail","6":"product_cat-eudeba-libro","7":"product_cat-libro","8":"product_tag-economia","9":"product_tag-series-de-tiempo","10":"desktop-align-left","11":"tablet-align-left","12":"mobile-align-left","14":"first","15":"instock","16":"shipping-taxable","17":"purchasable","18":"product-type-simple"},"acf":[],"uagb_featured_image_src":{"full":["https:\/\/biblio1.mdp.edu.ar\/centro-ventas\/wp-content\/uploads\/sites\/2\/2022\/10\/analisisDeSerie-scaled.jpg",1680,2704,false],"thumbnail":["https:\/\/biblio1.mdp.edu.ar\/centro-ventas\/wp-content\/uploads\/sites\/2\/2022\/10\/analisisDeSerie-scaled.jpg",93,150,false],"medium":["https:\/\/biblio1.mdp.edu.ar\/centro-ventas\/wp-content\/uploads\/sites\/2\/2022\/10\/analisisDeSerie-scaled.jpg",186,300,false],"medium_large":["https:\/\/biblio1.mdp.edu.ar\/centro-ventas\/wp-content\/uploads\/sites\/2\/2022\/10\/analisisDeSerie-scaled.jpg",768,1236,false],"large":["https:\/\/biblio1.mdp.edu.ar\/centro-ventas\/wp-content\/uploads\/sites\/2\/2022\/10\/analisisDeSerie-scaled.jpg",636,1024,false],"1536x1536":["https:\/\/biblio1.mdp.edu.ar\/centro-ventas\/wp-content\/uploads\/sites\/2\/2022\/10\/analisisDeSerie-scaled.jpg",954,1536,false],"2048x2048":["https:\/\/biblio1.mdp.edu.ar\/centro-ventas\/wp-content\/uploads\/sites\/2\/2022\/10\/analisisDeSerie-scaled.jpg",1272,2048,false],"woocommerce_thumbnail":["https:\/\/biblio1.mdp.edu.ar\/centro-ventas\/wp-content\/uploads\/sites\/2\/2022\/10\/analisisDeSerie-scaled.jpg",300,483,false],"woocommerce_single":["https:\/\/biblio1.mdp.edu.ar\/centro-ventas\/wp-content\/uploads\/sites\/2\/2022\/10\/analisisDeSerie-scaled.jpg",600,966,false],"woocommerce_gallery_thumbnail":["https:\/\/biblio1.mdp.edu.ar\/centro-ventas\/wp-content\/uploads\/sites\/2\/2022\/10\/analisisDeSerie-100x100.jpg",100,100,true]},"uagb_author_info":{"display_name":"Cristina Bernabe","author_link":"https:\/\/biblio1.mdp.edu.ar\/centro-ventas\/author\/"},"uagb_comment_info":0,"uagb_excerpt":"Este libro, producto de los trabajos de investigaci\u00f3n realizados en el Departamento de Estad\u00edstica de The London School of Economics and Political Science,\u00a0 se basa en los trabajos sobre los problemas de series de tiempo abordados desde un punto de vista estructural, tal como lo realizaron Koopman, Penzer de Jong , que demostraron la estrat\u00e9gica&hellip;","_links":{"self":[{"href":"https:\/\/biblio1.mdp.edu.ar\/centro-ventas\/wp-json\/wp\/v2\/product\/2767","targetHints":{"allow":["GET"]}}],"collection":[{"href":"https:\/\/biblio1.mdp.edu.ar\/centro-ventas\/wp-json\/wp\/v2\/product"}],"about":[{"href":"https:\/\/biblio1.mdp.edu.ar\/centro-ventas\/wp-json\/wp\/v2\/types\/product"}],"wp:featuredmedia":[{"embeddable":true,"href":"https:\/\/biblio1.mdp.edu.ar\/centro-ventas\/wp-json\/wp\/v2\/media\/2769"}],"wp:attachment":[{"href":"https:\/\/biblio1.mdp.edu.ar\/centro-ventas\/wp-json\/wp\/v2\/media?parent=2767"}],"wp:term":[{"taxonomy":"product_cat","embeddable":true,"href":"https:\/\/biblio1.mdp.edu.ar\/centro-ventas\/wp-json\/wp\/v2\/product_cat?post=2767"},{"taxonomy":"product_tag","embeddable":true,"href":"https:\/\/biblio1.mdp.edu.ar\/centro-ventas\/wp-json\/wp\/v2\/product_tag?post=2767"}],"curies":[{"name":"wp","href":"https:\/\/api.w.org\/{rel}","templated":true}]}}