{"id":2765,"date":"2022-10-14T17:48:11","date_gmt":"2022-10-14T20:48:11","guid":{"rendered":"http:\/\/biblio1.mdp.edu.ar\/centro-ventas\/?post_type=product&#038;p=2765"},"modified":"2025-10-16T16:13:39","modified_gmt":"2025-10-16T19:13:39","slug":"america-origenes-y-recuerdos-1880-1930","status":"publish","type":"product","link":"https:\/\/biblio1.mdp.edu.ar\/centro-ventas\/producto\/america-origenes-y-recuerdos-1880-1930\/","title":{"rendered":"Am\u00e9rica. Or\u00edgenes y recuerdos 1880-1930"},"content":{"rendered":"<p>El autor de este libro ha hecho algo que es l\u00f3gico y leg\u00edtimo. Toda su vida estuvo radicado en una peque\u00f1a ciudad del oeste bonaerense. Es un vecino que conoce a sus copueblerinos. Ha compartido con ellos momentos buenos y no tan buenos, sus jornadas, sus trabajos. sus alegr\u00edas y sus penas. Y entonces, en alg\u00fan momento se impuso en su esp\u00edritu algo l\u00f3gico y leg\u00edtimo: la curiosidad hist\u00f3rica. \u00bfC\u00f3mo se cre\u00f3 este pueblo? \u00bfQui\u00e9nes fueron sus pobladores? \u00bfDe d\u00f3nde vinieron y qu\u00e9 motivaciones los trajeron? \u00bfC\u00f3mo trabajaban, c\u00f3mo se divert\u00edan, qu\u00e9 problemas ten\u00edan que afrontar como comunidad? Es como preguntarse de d\u00f3nde venimos, el interrogante fundamental de la historia. El resultado es este libro. Modesto, sin pretensiones, pero que contesta perfectamente aquellas preguntas. \u00abDescribe tu aldea y describir\u00e1s el mundo\u00bb, dec\u00eda Tolstoy. El Profesor Alberto Orga ha historiad<span style=\"font-size: 16px\">o su ciudad y al hacerlo, ha brindado su aporte a la historia del pa\u00eds.<br \/>\n<\/span><\/p>\n<div class=\"\">\n<div class=\"col-md-12 titulo\"><\/div>\n<\/div>\n<p>&nbsp;<\/p>\n","protected":false},"excerpt":{"rendered":"<p>El autor de este libro ha hecho algo que es l\u00f3gico y leg\u00edtimo. Toda su vida estuvo radicado en una peque\u00f1a ciudad del oeste bonaerense. Es un vecino que conoce a sus copueblerinos. Ha compartido con ellos momentos buenos y no tan buenos, sus jornadas, sus trabajos. sus alegr\u00edas y sus penas. Y entonces, en [&hellip;]<\/p>\n","protected":false},"featured_media":2766,"template":"","meta":{"_acf_changed":false,"_eb_attr":"","_crdt_document":"","_uag_custom_page_level_css":"","_editorskit_title_hidden":false,"_editorskit_reading_time":0,"_editorskit_is_block_options_detached":false,"_editorskit_block_options_position":"{}","site-sidebar-layout":"default","site-content-layout":"default","ast-site-content-layout":"default","site-content-style":"default","site-sidebar-style":"default","ast-global-header-display":"","ast-banner-title-visibility":"","ast-main-header-display":"","ast-hfb-above-header-display":"","ast-hfb-below-header-display":"","ast-hfb-mobile-header-display":"","site-post-title":"","ast-breadcrumbs-content":"","ast-featured-img":"","footer-sml-layout":"","ast-disable-related-posts":"","theme-transparent-header-meta":"default","adv-header-id-meta":"","stick-header-meta":"","header-above-stick-meta":"","header-main-stick-meta":"","header-below-stick-meta":"","astra-migrate-meta-layouts":"default","ast-page-background-enabled":"default","ast-page-background-meta":{"desktop":{"background-color":"var(--ast-global-color-4)","background-image":"","background-repeat":"repeat","background-position":"center center","background-size":"auto","background-attachment":"scroll","background-type":"","background-media":"","overlay-type":"","overlay-color":"","overlay-opacity":"","overlay-gradient":""},"tablet":{"background-color":"","background-image":"","background-repeat":"repeat","background-position":"center center","background-size":"auto","background-attachment":"scroll","background-type":"","background-media":"","overlay-type":"","overlay-color":"","overlay-opacity":"","overlay-gradient":""},"mobile":{"background-color":"","background-image":"","background-repeat":"repeat","background-position":"center center","background-size":"auto","background-attachment":"scroll","background-type":"","background-media":"","overlay-type":"","overlay-color":"","overlay-opacity":"","overlay-gradient":""}},"ast-content-background-meta":{"desktop":{"background-color":"var(--ast-global-color-5)","background-image":"","background-repeat":"repeat","background-position":"center center","background-size":"auto","background-attachment":"scroll","background-type":"","background-media":"","overlay-type":"","overlay-color":"","overlay-opacity":"","overlay-gradient":""},"tablet":{"background-color":"var(--ast-global-color-5)","background-image":"","background-repeat":"repeat","background-position":"center center","background-size":"auto","background-attachment":"scroll","background-type":"","background-media":"","overlay-type":"","overlay-color":"","overlay-opacity":"","overlay-gradient":""},"mobile":{"background-color":"var(--ast-global-color-5)","background-image":"","background-repeat":"repeat","background-position":"center center","background-size":"auto","background-attachment":"scroll","background-type":"","background-media":"","overlay-type":"","overlay-color":"","overlay-opacity":"","overlay-gradient":""}}},"product_cat":[130,28],"product_tag":[117,232],"class_list":{"0":"post-2765","1":"product","2":"type-product","3":"status-publish","4":"has-post-thumbnail","6":"product_cat-eudeba-libro","7":"product_cat-libro","8":"product_tag-historia","9":"product_tag-principios-del-siglo-xx","10":"desktop-align-left","11":"tablet-align-left","12":"mobile-align-left","14":"first","15":"instock","16":"shipping-taxable","17":"purchasable","18":"product-type-simple"},"acf":[],"uagb_featured_image_src":{"full":["https:\/\/biblio1.mdp.edu.ar\/centro-ventas\/wp-content\/uploads\/sites\/2\/2022\/10\/America.jpg",1656,2176,false],"thumbnail":["https:\/\/biblio1.mdp.edu.ar\/centro-ventas\/wp-content\/uploads\/sites\/2\/2022\/10\/America.jpg",114,150,false],"medium":["https:\/\/biblio1.mdp.edu.ar\/centro-ventas\/wp-content\/uploads\/sites\/2\/2022\/10\/America.jpg",228,300,false],"medium_large":["https:\/\/biblio1.mdp.edu.ar\/centro-ventas\/wp-content\/uploads\/sites\/2\/2022\/10\/America.jpg",768,1009,false],"large":["https:\/\/biblio1.mdp.edu.ar\/centro-ventas\/wp-content\/uploads\/sites\/2\/2022\/10\/America.jpg",779,1024,false],"1536x1536":["https:\/\/biblio1.mdp.edu.ar\/centro-ventas\/wp-content\/uploads\/sites\/2\/2022\/10\/America.jpg",1169,1536,false],"2048x2048":["https:\/\/biblio1.mdp.edu.ar\/centro-ventas\/wp-content\/uploads\/sites\/2\/2022\/10\/America.jpg",1559,2048,false],"woocommerce_thumbnail":["https:\/\/biblio1.mdp.edu.ar\/centro-ventas\/wp-content\/uploads\/sites\/2\/2022\/10\/America.jpg",300,394,false],"woocommerce_single":["https:\/\/biblio1.mdp.edu.ar\/centro-ventas\/wp-content\/uploads\/sites\/2\/2022\/10\/America.jpg",600,788,false],"woocommerce_gallery_thumbnail":["https:\/\/biblio1.mdp.edu.ar\/centro-ventas\/wp-content\/uploads\/sites\/2\/2022\/10\/America-100x100.jpg",100,100,true]},"uagb_author_info":{"display_name":"Cristina Bernabe","author_link":"https:\/\/biblio1.mdp.edu.ar\/centro-ventas\/author\/"},"uagb_comment_info":0,"uagb_excerpt":"El autor de este libro ha hecho algo que es l\u00f3gico y leg\u00edtimo. Toda su vida estuvo radicado en una peque\u00f1a ciudad del oeste bonaerense. Es un vecino que conoce a sus copueblerinos. Ha compartido con ellos momentos buenos y no tan buenos, sus jornadas, sus trabajos. sus alegr\u00edas y sus penas. Y entonces, en&hellip;","_links":{"self":[{"href":"https:\/\/biblio1.mdp.edu.ar\/centro-ventas\/wp-json\/wp\/v2\/product\/2765","targetHints":{"allow":["GET"]}}],"collection":[{"href":"https:\/\/biblio1.mdp.edu.ar\/centro-ventas\/wp-json\/wp\/v2\/product"}],"about":[{"href":"https:\/\/biblio1.mdp.edu.ar\/centro-ventas\/wp-json\/wp\/v2\/types\/product"}],"wp:featuredmedia":[{"embeddable":true,"href":"https:\/\/biblio1.mdp.edu.ar\/centro-ventas\/wp-json\/wp\/v2\/media\/2766"}],"wp:attachment":[{"href":"https:\/\/biblio1.mdp.edu.ar\/centro-ventas\/wp-json\/wp\/v2\/media?parent=2765"}],"wp:term":[{"taxonomy":"product_cat","embeddable":true,"href":"https:\/\/biblio1.mdp.edu.ar\/centro-ventas\/wp-json\/wp\/v2\/product_cat?post=2765"},{"taxonomy":"product_tag","embeddable":true,"href":"https:\/\/biblio1.mdp.edu.ar\/centro-ventas\/wp-json\/wp\/v2\/product_tag?post=2765"}],"curies":[{"name":"wp","href":"https:\/\/api.w.org\/{rel}","templated":true}]}}

América. Orígenes y recuerdos 1880-1930

<p>El autor de este libro ha hecho algo que es lógico y legítimo. Toda su vida estuvo radicado en una pequeña ciudad del oeste bonaerense. Es un vecino que conoce a sus copueblerinos. Ha compartido con ellos momentos buenos y no tan buenos, sus jornadas, sus trabajos. sus alegrías y sus penas. Y entonces, en algún momento se impuso en su espíritu algo lógico y legítimo: la curiosidad histórica. ¿Cómo se creó este pueblo? ¿Quiénes fueron sus pobladores? ¿De dónde vinieron y qué motivaciones los trajeron? ¿Cómo trabajaban, cómo se divertían, qué problemas tenían que afrontar como comunidad? Es como preguntarse de dónde venimos, el interrogante fundamental de la historia. El resultado es este libro. Modesto, sin pretensiones, pero que contesta perfectamente aquellas preguntas. «Describe tu aldea y describirás el mundo», decía Tolstoy. El Profesor Alberto Orga ha historiad<span style="font-size: 16px">o su ciudad y al hacerlo, ha brindado su aporte a la historia del país.<br />
</span></p>
<div class="">
<div class="col-md-12 titulo"></div>
</div>
<p>&nbsp;</p>

<p>El autor de este libro ha hecho algo que es lógico y legítimo. Toda su vida estuvo radicado en una pequeña ciudad del oeste bonaerense. Es un vecino que conoce a sus copueblerinos. Ha compartido con ellos momentos buenos y no tan buenos, sus jornadas, sus trabajos. sus alegrías y sus penas. Y entonces, en [&hellip;]</p>

El autor de este libro ha hecho algo que es lógico y legítimo. Toda su vida estuvo radicado en una pequeña ciudad del oeste bonaerense. Es un vecino que conoce a sus copueblerinos. Ha compartido con ellos momentos buenos y no tan buenos, sus jornadas, sus trabajos. sus alegrías y sus penas. Y entonces, en&hellip;
