{"id":2733,"date":"2022-09-16T17:25:27","date_gmt":"2022-09-16T20:25:27","guid":{"rendered":"http:\/\/biblio1.mdp.edu.ar\/centro-ventas\/?post_type=product&#038;p=2733"},"modified":"2026-03-30T16:07:41","modified_gmt":"2026-03-30T19:07:41","slug":"la-fabrica-de-chocolate-trabajo-genero-y-edad-en-la-industria-del-dulce-buenos-aires-1900-1943","status":"publish","type":"product","link":"https:\/\/biblio1.mdp.edu.ar\/centro-ventas\/producto\/la-fabrica-de-chocolate-trabajo-genero-y-edad-en-la-industria-del-dulce-buenos-aires-1900-1943\/","title":{"rendered":"La f\u00e1brica de chocolate. Trabajo, g\u00e9nero y edad en la industria del dulce, Buenos Aires 1900-1943"},"content":{"rendered":"<div class=\"row\">\n<div class=\"col-md-7\"><\/div>\n<\/div>\n<div class=\"row\">\n<div class=\"col-md-7\">\n<p>Durante m\u00e1s de un siglo, ni\u00f1as y ni\u00f1os, j\u00f3venes obreras y obreros adultos animaron los engranajes de las f\u00e1bricas y dieron vida a los productos que endulzaron la mesa familiar. Las experiencias laborales, las formas de protesta y la vida cotidiana de quienes trabajaron en la industria productora de dulces, chocolates y galletitas en la ciudad de Buenos Aires en la primera mitad del siglo XX son la materia con la que Scheinkman da forma a este libro.<\/p>\n<p>La autora no habla de \u201ctrabajadores\u201d en abstracto, sino que aborda las especificidades de la historia social, familiar, laboral, cultural y pol\u00edtica de varones y mujeres, adultos o menores de edad, que fueron parte de esa industria. A lo largo de los cap\u00edtulos, Scheinkman demuestra c\u00f3mo tanto en la esfera de la producci\u00f3n como en la del consumo, las grandes f\u00e1bricas alimenticias se organizaron en base a desigualdades gen\u00e9ricas y etarias que condicionaron los procesos productivos, las pol\u00edticas patronales para controlar y disciplinar a las y los trabajadores, as\u00ed como sus experiencias de trabajo y vida y sus formas de participar en la protesta, la sindicalizaci\u00f3n y la pol\u00edtica de izquierdas.<\/p>\n<p><em>La f\u00e1brica de chocolate. Trabajo, g\u00e9nero y edad en la industria del dulce, Buenos Aires 1900-1943<\/em>\u00a0constituye un aporte original a la empresa colectiva de desentra\u00f1ar y desnaturalizar las desigualdades de g\u00e9nero y etarias que estructuran el mundo del trabajo.<\/p>\n<p>&nbsp;<\/p>\n<\/div>\n<\/div>\n","protected":false},"excerpt":{"rendered":"<p>Durante m\u00e1s de un siglo, ni\u00f1as y ni\u00f1os, j\u00f3venes obreras y obreros adultos animaron los engranajes de las f\u00e1bricas y dieron vida a los productos que endulzaron la mesa familiar. Las experiencias laborales, las formas de protesta y la vida cotidiana de quienes trabajaron en la industria productora de dulces, chocolates y galletitas en la [&hellip;]<\/p>\n","protected":false},"featured_media":2734,"template":"","meta":{"_acf_changed":false,"_eb_attr":"","_crdt_document":"","_uag_custom_page_level_css":"","_editorskit_title_hidden":false,"_editorskit_reading_time":0,"_editorskit_is_block_options_detached":false,"_editorskit_block_options_position":"{}","site-sidebar-layout":"default","site-content-layout":"default","ast-site-content-layout":"default","site-content-style":"default","site-sidebar-style":"default","ast-global-header-display":"","ast-banner-title-visibility":"","ast-main-header-display":"","ast-hfb-above-header-display":"","ast-hfb-below-header-display":"","ast-hfb-mobile-header-display":"","site-post-title":"","ast-breadcrumbs-content":"","ast-featured-img":"","footer-sml-layout":"","ast-disable-related-posts":"","theme-transparent-header-meta":"default","adv-header-id-meta":"","stick-header-meta":"","header-above-stick-meta":"","header-main-stick-meta":"","header-below-stick-meta":"","astra-migrate-meta-layouts":"default","ast-page-background-enabled":"default","ast-page-background-meta":{"desktop":{"background-color":"var(--ast-global-color-4)","background-image":"","background-repeat":"repeat","background-position":"center center","background-size":"auto","background-attachment":"scroll","background-type":"","background-media":"","overlay-type":"","overlay-color":"","overlay-opacity":"","overlay-gradient":""},"tablet":{"background-color":"","background-image":"","background-repeat":"repeat","background-position":"center center","background-size":"auto","background-attachment":"scroll","background-type":"","background-media":"","overlay-type":"","overlay-color":"","overlay-opacity":"","overlay-gradient":""},"mobile":{"background-color":"","background-image":"","background-repeat":"repeat","background-position":"center center","background-size":"auto","background-attachment":"scroll","background-type":"","background-media":"","overlay-type":"","overlay-color":"","overlay-opacity":"","overlay-gradient":""}},"ast-content-background-meta":{"desktop":{"background-color":"var(--ast-global-color-5)","background-image":"","background-repeat":"repeat","background-position":"center center","background-size":"auto","background-attachment":"scroll","background-type":"","background-media":"","overlay-type":"","overlay-color":"","overlay-opacity":"","overlay-gradient":""},"tablet":{"background-color":"var(--ast-global-color-5)","background-image":"","background-repeat":"repeat","background-position":"center center","background-size":"auto","background-attachment":"scroll","background-type":"","background-media":"","overlay-type":"","overlay-color":"","overlay-opacity":"","overlay-gradient":""},"mobile":{"background-color":"var(--ast-global-color-5)","background-image":"","background-repeat":"repeat","background-position":"center center","background-size":"auto","background-attachment":"scroll","background-type":"","background-media":"","overlay-type":"","overlay-color":"","overlay-opacity":"","overlay-gradient":""}}},"product_cat":[125,32,28],"product_tag":[217,117,218],"class_list":{"0":"post-2733","1":"product","2":"type-product","3":"status-publish","4":"has-post-thumbnail","6":"product_cat-coleccion-temas-de-ciudadania-y-politica","7":"product_cat-edudem","8":"product_cat-libro","9":"product_tag-chocolate","10":"product_tag-historia","11":"product_tag-pasteleria","12":"desktop-align-left","13":"tablet-align-left","14":"mobile-align-left","16":"first","17":"instock","18":"shipping-taxable","19":"purchasable","20":"product-type-simple"},"acf":[],"uagb_featured_image_src":{"full":["https:\/\/biblio1.mdp.edu.ar\/centro-ventas\/wp-content\/uploads\/sites\/2\/2022\/09\/TAPA_fabrica_de_chocolate-scaled.jpg",1770,2716,false],"thumbnail":["https:\/\/biblio1.mdp.edu.ar\/centro-ventas\/wp-content\/uploads\/sites\/2\/2022\/09\/TAPA_fabrica_de_chocolate-scaled.jpg",98,150,false],"medium":["https:\/\/biblio1.mdp.edu.ar\/centro-ventas\/wp-content\/uploads\/sites\/2\/2022\/09\/TAPA_fabrica_de_chocolate-scaled.jpg",196,300,false],"medium_large":["https:\/\/biblio1.mdp.edu.ar\/centro-ventas\/wp-content\/uploads\/sites\/2\/2022\/09\/TAPA_fabrica_de_chocolate-scaled.jpg",768,1178,false],"large":["https:\/\/biblio1.mdp.edu.ar\/centro-ventas\/wp-content\/uploads\/sites\/2\/2022\/09\/TAPA_fabrica_de_chocolate-scaled.jpg",667,1024,false],"1536x1536":["https:\/\/biblio1.mdp.edu.ar\/centro-ventas\/wp-content\/uploads\/sites\/2\/2022\/09\/TAPA_fabrica_de_chocolate-scaled.jpg",1001,1536,false],"2048x2048":["https:\/\/biblio1.mdp.edu.ar\/centro-ventas\/wp-content\/uploads\/sites\/2\/2022\/09\/TAPA_fabrica_de_chocolate-scaled.jpg",1335,2048,false],"woocommerce_thumbnail":["https:\/\/biblio1.mdp.edu.ar\/centro-ventas\/wp-content\/uploads\/sites\/2\/2022\/09\/TAPA_fabrica_de_chocolate-scaled.jpg",300,460,false],"woocommerce_single":["https:\/\/biblio1.mdp.edu.ar\/centro-ventas\/wp-content\/uploads\/sites\/2\/2022\/09\/TAPA_fabrica_de_chocolate-scaled.jpg",600,921,false],"woocommerce_gallery_thumbnail":["https:\/\/biblio1.mdp.edu.ar\/centro-ventas\/wp-content\/uploads\/sites\/2\/2022\/09\/TAPA_fabrica_de_chocolate-100x100.jpg",100,100,true]},"uagb_author_info":{"display_name":"Cristina Bernabe","author_link":"https:\/\/biblio1.mdp.edu.ar\/centro-ventas\/author\/"},"uagb_comment_info":0,"uagb_excerpt":"Durante m\u00e1s de un siglo, ni\u00f1as y ni\u00f1os, j\u00f3venes obreras y obreros adultos animaron los engranajes de las f\u00e1bricas y dieron vida a los productos que endulzaron la mesa familiar. Las experiencias laborales, las formas de protesta y la vida cotidiana de quienes trabajaron en la industria productora de dulces, chocolates y galletitas en la&hellip;","_links":{"self":[{"href":"https:\/\/biblio1.mdp.edu.ar\/centro-ventas\/wp-json\/wp\/v2\/product\/2733","targetHints":{"allow":["GET"]}}],"collection":[{"href":"https:\/\/biblio1.mdp.edu.ar\/centro-ventas\/wp-json\/wp\/v2\/product"}],"about":[{"href":"https:\/\/biblio1.mdp.edu.ar\/centro-ventas\/wp-json\/wp\/v2\/types\/product"}],"wp:featuredmedia":[{"embeddable":true,"href":"https:\/\/biblio1.mdp.edu.ar\/centro-ventas\/wp-json\/wp\/v2\/media\/2734"}],"wp:attachment":[{"href":"https:\/\/biblio1.mdp.edu.ar\/centro-ventas\/wp-json\/wp\/v2\/media?parent=2733"}],"wp:term":[{"taxonomy":"product_cat","embeddable":true,"href":"https:\/\/biblio1.mdp.edu.ar\/centro-ventas\/wp-json\/wp\/v2\/product_cat?post=2733"},{"taxonomy":"product_tag","embeddable":true,"href":"https:\/\/biblio1.mdp.edu.ar\/centro-ventas\/wp-json\/wp\/v2\/product_tag?post=2733"}],"curies":[{"name":"wp","href":"https:\/\/api.w.org\/{rel}","templated":true}]}}

La fábrica de chocolate. Trabajo, género y edad en la industria del dulce, Buenos Aires 1900-1943

<div class="row">
<div class="col-md-7"></div>
</div>
<div class="row">
<div class="col-md-7">
<p>Durante más de un siglo, niñas y niños, jóvenes obreras y obreros adultos animaron los engranajes de las fábricas y dieron vida a los productos que endulzaron la mesa familiar. Las experiencias laborales, las formas de protesta y la vida cotidiana de quienes trabajaron en la industria productora de dulces, chocolates y galletitas en la ciudad de Buenos Aires en la primera mitad del siglo XX son la materia con la que Scheinkman da forma a este libro.</p>
<p>La autora no habla de “trabajadores” en abstracto, sino que aborda las especificidades de la historia social, familiar, laboral, cultural y política de varones y mujeres, adultos o menores de edad, que fueron parte de esa industria. A lo largo de los capítulos, Scheinkman demuestra cómo tanto en la esfera de la producción como en la del consumo, las grandes fábricas alimenticias se organizaron en base a desigualdades genéricas y etarias que condicionaron los procesos productivos, las políticas patronales para controlar y disciplinar a las y los trabajadores, así como sus experiencias de trabajo y vida y sus formas de participar en la protesta, la sindicalización y la política de izquierdas.</p>
<p><em>La fábrica de chocolate. Trabajo, género y edad en la industria del dulce, Buenos Aires 1900-1943</em> constituye un aporte original a la empresa colectiva de desentrañar y desnaturalizar las desigualdades de género y etarias que estructuran el mundo del trabajo.</p>
<p>&nbsp;</p>
</div>
</div>

<p>Durante más de un siglo, niñas y niños, jóvenes obreras y obreros adultos animaron los engranajes de las fábricas y dieron vida a los productos que endulzaron la mesa familiar. Las experiencias laborales, las formas de protesta y la vida cotidiana de quienes trabajaron en la industria productora de dulces, chocolates y galletitas en la [&hellip;]</p>

Durante más de un siglo, niñas y niños, jóvenes obreras y obreros adultos animaron los engranajes de las fábricas y dieron vida a los productos que endulzaron la mesa familiar. Las experiencias laborales, las formas de protesta y la vida cotidiana de quienes trabajaron en la industria productora de dulces, chocolates y galletitas en la&hellip;
