{"id":2631,"date":"2022-07-14T19:26:06","date_gmt":"2022-07-14T22:26:06","guid":{"rendered":"http:\/\/biblio1.mdp.edu.ar\/centro-ventas\/?post_type=product&#038;p=2631"},"modified":"2026-04-16T17:07:33","modified_gmt":"2026-04-16T20:07:33","slug":"sierra-y-laguna-de-los-padres","status":"publish","type":"product","link":"https:\/\/biblio1.mdp.edu.ar\/centro-ventas\/producto\/sierra-y-laguna-de-los-padres\/","title":{"rendered":"Sierra y Laguna  de los Padres"},"content":{"rendered":"<p>Hay lugares que nos conectan con nuestra historia, con la naturaleza. Que nos invitan a bajar el ritmo, respirar profundo y caminar tranquilo. As\u00ed son los paisajes de Sierra y Laguna de los Padres. Estas p\u00e1ginas son una invitaci\u00f3n a recorrer sus senderos, sabiendo que desde hace m\u00e1s de 10.000 a\u00f1os, por esos mismos lugares han caminado otros pueblos, aventureros, jesuitas y pioneros que siguiendo sus ideales eligieron estas tierras. La gran ciudad que se levanta a orillas del Atl\u00e1ntico, no nace de cara al mar con el saladero, las playas vibrantes y los sue\u00f1os de Pedro Luro y Peralta Ramos. Mar del Plata se va gestando tierra adentro, entre sierras y lagunas. En parajes habitados por caciques bravos, como Cangapol, un cabildo ind\u00edgena, exploradores jesuitas con Falkner, estancieros y puesteros como los Ortiz. Despu\u00e9s llegar\u00e1 la ciudad tur\u00edstica, mientras hacia el oeste las actividades agr\u00edcolas y ganaderas van sumando territorios, hasta que a mediados del siglo pasado otros pioneros so\u00f1aron una Ciudad Jard\u00edn en las Sierras que habitaron los Padres Jesuitas. Efectivamente, el libro funciona como una invitaci\u00f3n que, a modo de gu\u00eda tur\u00edstica, tambi\u00e9n incluye datos relevantes para los visitantes como mapas, lugares, recorridos y una amplia informaci\u00f3n sobre la \u201cReserva Integral Laguna de los Padres\u201d.<\/p>\n","protected":false},"excerpt":{"rendered":"<p>Hay lugares que nos conectan con nuestra historia, con la naturaleza. Que nos invitan a bajar el ritmo, respirar profundo y caminar tranquilo. As\u00ed son los paisajes de Sierra y Laguna de los Padres. Estas p\u00e1ginas son una invitaci\u00f3n a recorrer sus senderos, sabiendo que desde hace m\u00e1s de 10.000 a\u00f1os, por esos mismos lugares [&hellip;]<\/p>\n","protected":false},"featured_media":2649,"template":"","meta":{"_acf_changed":false,"_eb_attr":"","_crdt_document":"","_uag_custom_page_level_css":"","_editorskit_title_hidden":false,"_editorskit_reading_time":0,"_editorskit_is_block_options_detached":false,"_editorskit_block_options_position":"{}","site-sidebar-layout":"default","site-content-layout":"default","ast-site-content-layout":"default","site-content-style":"default","site-sidebar-style":"default","ast-global-header-display":"","ast-banner-title-visibility":"","ast-main-header-display":"","ast-hfb-above-header-display":"","ast-hfb-below-header-display":"","ast-hfb-mobile-header-display":"","site-post-title":"","ast-breadcrumbs-content":"","ast-featured-img":"","footer-sml-layout":"","ast-disable-related-posts":"","theme-transparent-header-meta":"default","adv-header-id-meta":"","stick-header-meta":"","header-above-stick-meta":"","header-main-stick-meta":"","header-below-stick-meta":"","astra-migrate-meta-layouts":"set","ast-page-background-enabled":"default","ast-page-background-meta":{"desktop":{"background-color":"var(--ast-global-color-4)","background-image":"","background-repeat":"repeat","background-position":"center center","background-size":"auto","background-attachment":"scroll","background-type":"","background-media":"","overlay-type":"","overlay-color":"","overlay-opacity":"","overlay-gradient":""},"tablet":{"background-color":"","background-image":"","background-repeat":"repeat","background-position":"center center","background-size":"auto","background-attachment":"scroll","background-type":"","background-media":"","overlay-type":"","overlay-color":"","overlay-opacity":"","overlay-gradient":""},"mobile":{"background-color":"","background-image":"","background-repeat":"repeat","background-position":"center center","background-size":"auto","background-attachment":"scroll","background-type":"","background-media":"","overlay-type":"","overlay-color":"","overlay-opacity":"","overlay-gradient":""}},"ast-content-background-meta":{"desktop":{"background-color":"var(--ast-global-color-5)","background-image":"","background-repeat":"repeat","background-position":"center center","background-size":"auto","background-attachment":"scroll","background-type":"","background-media":"","overlay-type":"","overlay-color":"","overlay-opacity":"","overlay-gradient":""},"tablet":{"background-color":"var(--ast-global-color-5)","background-image":"","background-repeat":"repeat","background-position":"center center","background-size":"auto","background-attachment":"scroll","background-type":"","background-media":"","overlay-type":"","overlay-color":"","overlay-opacity":"","overlay-gradient":""},"mobile":{"background-color":"var(--ast-global-color-5)","background-image":"","background-repeat":"repeat","background-position":"center center","background-size":"auto","background-attachment":"scroll","background-type":"","background-media":"","overlay-type":"","overlay-color":"","overlay-opacity":"","overlay-gradient":""}}},"product_cat":[32,203,28,167],"product_tag":[214,80,213],"class_list":{"0":"post-2631","1":"product","2":"type-product","3":"status-publish","4":"has-post-thumbnail","6":"product_cat-edudem","7":"product_cat-fuera-de-serie","8":"product_cat-libro","9":"product_cat-mar-del-plata","10":"product_tag-guia-turistica","11":"product_tag-mar-del-plata","12":"product_tag-sierra-de-los-padres","13":"desktop-align-left","14":"tablet-align-left","15":"mobile-align-left","17":"first","18":"outofstock","19":"shipping-taxable","20":"product-type-simple"},"acf":[],"uagb_featured_image_src":{"full":["https:\/\/biblio1.mdp.edu.ar\/centro-ventas\/wp-content\/uploads\/sites\/2\/2022\/07\/9789874440624.jpg",1354,1000,false],"thumbnail":["https:\/\/biblio1.mdp.edu.ar\/centro-ventas\/wp-content\/uploads\/sites\/2\/2022\/07\/9789874440624.jpg",150,111,false],"medium":["https:\/\/biblio1.mdp.edu.ar\/centro-ventas\/wp-content\/uploads\/sites\/2\/2022\/07\/9789874440624.jpg",300,222,false],"medium_large":["https:\/\/biblio1.mdp.edu.ar\/centro-ventas\/wp-content\/uploads\/sites\/2\/2022\/07\/9789874440624.jpg",768,567,false],"large":["https:\/\/biblio1.mdp.edu.ar\/centro-ventas\/wp-content\/uploads\/sites\/2\/2022\/07\/9789874440624.jpg",1024,756,false],"1536x1536":["https:\/\/biblio1.mdp.edu.ar\/centro-ventas\/wp-content\/uploads\/sites\/2\/2022\/07\/9789874440624.jpg",1354,1000,false],"2048x2048":["https:\/\/biblio1.mdp.edu.ar\/centro-ventas\/wp-content\/uploads\/sites\/2\/2022\/07\/9789874440624.jpg",1354,1000,false],"woocommerce_thumbnail":["https:\/\/biblio1.mdp.edu.ar\/centro-ventas\/wp-content\/uploads\/sites\/2\/2022\/07\/9789874440624.jpg",300,222,false],"woocommerce_single":["https:\/\/biblio1.mdp.edu.ar\/centro-ventas\/wp-content\/uploads\/sites\/2\/2022\/07\/9789874440624.jpg",600,443,false],"woocommerce_gallery_thumbnail":["https:\/\/biblio1.mdp.edu.ar\/centro-ventas\/wp-content\/uploads\/sites\/2\/2022\/07\/9789874440624-100x100.jpg",100,100,true]},"uagb_author_info":{"display_name":"Cristina Bernabe","author_link":"https:\/\/biblio1.mdp.edu.ar\/centro-ventas\/author\/"},"uagb_comment_info":0,"uagb_excerpt":"Hay lugares que nos conectan con nuestra historia, con la naturaleza. Que nos invitan a bajar el ritmo, respirar profundo y caminar tranquilo. As\u00ed son los paisajes de Sierra y Laguna de los Padres. Estas p\u00e1ginas son una invitaci\u00f3n a recorrer sus senderos, sabiendo que desde hace m\u00e1s de 10.000 a\u00f1os, por esos mismos lugares&hellip;","_links":{"self":[{"href":"https:\/\/biblio1.mdp.edu.ar\/centro-ventas\/wp-json\/wp\/v2\/product\/2631","targetHints":{"allow":["GET"]}}],"collection":[{"href":"https:\/\/biblio1.mdp.edu.ar\/centro-ventas\/wp-json\/wp\/v2\/product"}],"about":[{"href":"https:\/\/biblio1.mdp.edu.ar\/centro-ventas\/wp-json\/wp\/v2\/types\/product"}],"wp:featuredmedia":[{"embeddable":true,"href":"https:\/\/biblio1.mdp.edu.ar\/centro-ventas\/wp-json\/wp\/v2\/media\/2649"}],"wp:attachment":[{"href":"https:\/\/biblio1.mdp.edu.ar\/centro-ventas\/wp-json\/wp\/v2\/media?parent=2631"}],"wp:term":[{"taxonomy":"product_cat","embeddable":true,"href":"https:\/\/biblio1.mdp.edu.ar\/centro-ventas\/wp-json\/wp\/v2\/product_cat?post=2631"},{"taxonomy":"product_tag","embeddable":true,"href":"https:\/\/biblio1.mdp.edu.ar\/centro-ventas\/wp-json\/wp\/v2\/product_tag?post=2631"}],"curies":[{"name":"wp","href":"https:\/\/api.w.org\/{rel}","templated":true}]}}

<p>Hay lugares que nos conectan con nuestra historia, con la naturaleza. Que nos invitan a bajar el ritmo, respirar profundo y caminar tranquilo. Así son los paisajes de Sierra y Laguna de los Padres. Estas páginas son una invitación a recorrer sus senderos, sabiendo que desde hace más de 10.000 años, por esos mismos lugares han caminado otros pueblos, aventureros, jesuitas y pioneros que siguiendo sus ideales eligieron estas tierras. La gran ciudad que se levanta a orillas del Atlántico, no nace de cara al mar con el saladero, las playas vibrantes y los sueños de Pedro Luro y Peralta Ramos. Mar del Plata se va gestando tierra adentro, entre sierras y lagunas. En parajes habitados por caciques bravos, como Cangapol, un cabildo indígena, exploradores jesuitas con Falkner, estancieros y puesteros como los Ortiz. Después llegará la ciudad turística, mientras hacia el oeste las actividades agrícolas y ganaderas van sumando territorios, hasta que a mediados del siglo pasado otros pioneros soñaron una Ciudad Jardín en las Sierras que habitaron los Padres Jesuitas. Efectivamente, el libro funciona como una invitación que, a modo de guía turística, también incluye datos relevantes para los visitantes como mapas, lugares, recorridos y una amplia información sobre la “Reserva Integral Laguna de los Padres”.</p>

<p>Hay lugares que nos conectan con nuestra historia, con la naturaleza. Que nos invitan a bajar el ritmo, respirar profundo y caminar tranquilo. Así son los paisajes de Sierra y Laguna de los Padres. Estas páginas son una invitación a recorrer sus senderos, sabiendo que desde hace más de 10.000 años, por esos mismos lugares [&hellip;]</p>

Hay lugares que nos conectan con nuestra historia, con la naturaleza. Que nos invitan a bajar el ritmo, respirar profundo y caminar tranquilo. Así son los paisajes de Sierra y Laguna de los Padres. Estas páginas son una invitación a recorrer sus senderos, sabiendo que desde hace más de 10.000 años, por esos mismos lugares&hellip;
