{"id":2626,"date":"2022-07-14T16:49:35","date_gmt":"2022-07-14T19:49:35","guid":{"rendered":"http:\/\/biblio1.mdp.edu.ar\/centro-ventas\/?post_type=product&#038;p=2626"},"modified":"2023-04-05T14:04:12","modified_gmt":"2023-04-05T17:04:12","slug":"papas-andinas","status":"publish","type":"product","link":"https:\/\/biblio1.mdp.edu.ar\/centro-ventas\/producto\/papas-andinas\/","title":{"rendered":"Papas Andinas"},"content":{"rendered":"<p>El cultivo de las papas andinas se remonta a unos 8000 a\u00f1os en los Andes y constituye sin duda un cultivo muy importante para los pobladores americanos, adaptado a numerosos microambientes monta\u00f1osos a lo largo de 4000 km en Am\u00e9rica del sur.\u00a0 En nuestro pa\u00eds, el proceso sociocultural prehisp\u00e1nico del noroeste argentino se halla estrechamente relacionado con toda la zona andina pero con caracter\u00edsticas particulares, que se tradujeron en la presencia de materiales gen\u00e9ticos espec\u00edficos, entre ellos las variedades nativas de papa as\u00ed como sus usos particulares en la alimentaci\u00f3n cotidiana.<\/p>\n<p>Las comidas tradicionales basadas en papa criolla o papa andina han tenido una gran influencia en el continuo cultivo de estas variedades a trav\u00e9s del tiempo. Pero la competencia en el mercado de productos procesados, frecuentemente de r\u00e1pida cocci\u00f3n, atentan contra el mantenimiento de algunas de las especies nativas de la regi\u00f3n. Por este motivo son importantes los proyectos orientados a conservar estas variedades; la informaci\u00f3n referida a su empleo culinario estimula el inter\u00e9s por el uso del recurso, da continuidad a su cultivo y consecuentemente a su conservaci\u00f3n.<\/p>\n<p>En la presente obra podr\u00e1n encontrar recetas de la cocina andina basadas en la utilizaci\u00f3n de papa andina como componente principal;\u00a0asimismo relatos de usos y costumbres andinas;\u00a0ambos fueron recopilados de los pobladores locales, principalmente mujeres, con querencia por su lugar, amor por su terru\u00f1o.<\/p>\n","protected":false},"excerpt":{"rendered":"<p>El cultivo de las papas andinas se remonta a unos 8000 a\u00f1os en los Andes y constituye sin duda un cultivo muy importante para los pobladores americanos, adaptado a numerosos microambientes monta\u00f1osos a lo largo de 4000 km en Am\u00e9rica del sur.\u00a0 En nuestro pa\u00eds, el proceso sociocultural prehisp\u00e1nico del noroeste argentino se halla estrechamente [&hellip;]<\/p>\n","protected":false},"featured_media":2627,"template":"","meta":{"_acf_changed":false,"_eb_attr":"","_crdt_document":"","_uag_custom_page_level_css":"","_editorskit_title_hidden":false,"_editorskit_reading_time":0,"_editorskit_is_block_options_detached":false,"_editorskit_block_options_position":"{}","site-sidebar-layout":"default","site-content-layout":"default","ast-site-content-layout":"default","site-content-style":"default","site-sidebar-style":"default","ast-global-header-display":"","ast-banner-title-visibility":"","ast-main-header-display":"","ast-hfb-above-header-display":"","ast-hfb-below-header-display":"","ast-hfb-mobile-header-display":"","site-post-title":"","ast-breadcrumbs-content":"","ast-featured-img":"","footer-sml-layout":"","ast-disable-related-posts":"","theme-transparent-header-meta":"default","adv-header-id-meta":"","stick-header-meta":"","header-above-stick-meta":"","header-main-stick-meta":"","header-below-stick-meta":"","astra-migrate-meta-layouts":"default","ast-page-background-enabled":"default","ast-page-background-meta":{"desktop":{"background-color":"var(--ast-global-color-4)","background-image":"","background-repeat":"repeat","background-position":"center center","background-size":"auto","background-attachment":"scroll","background-type":"","background-media":"","overlay-type":"","overlay-color":"","overlay-opacity":"","overlay-gradient":""},"tablet":{"background-color":"","background-image":"","background-repeat":"repeat","background-position":"center center","background-size":"auto","background-attachment":"scroll","background-type":"","background-media":"","overlay-type":"","overlay-color":"","overlay-opacity":"","overlay-gradient":""},"mobile":{"background-color":"","background-image":"","background-repeat":"repeat","background-position":"center center","background-size":"auto","background-attachment":"scroll","background-type":"","background-media":"","overlay-type":"","overlay-color":"","overlay-opacity":"","overlay-gradient":""}},"ast-content-background-meta":{"desktop":{"background-color":"var(--ast-global-color-5)","background-image":"","background-repeat":"repeat","background-position":"center center","background-size":"auto","background-attachment":"scroll","background-type":"","background-media":"","overlay-type":"","overlay-color":"","overlay-opacity":"","overlay-gradient":""},"tablet":{"background-color":"var(--ast-global-color-5)","background-image":"","background-repeat":"repeat","background-position":"center center","background-size":"auto","background-attachment":"scroll","background-type":"","background-media":"","overlay-type":"","overlay-color":"","overlay-opacity":"","overlay-gradient":""},"mobile":{"background-color":"var(--ast-global-color-5)","background-image":"","background-repeat":"repeat","background-position":"center center","background-size":"auto","background-attachment":"scroll","background-type":"","background-media":"","overlay-type":"","overlay-color":"","overlay-opacity":"","overlay-gradient":""}}},"product_cat":[32,203,28],"product_tag":[],"class_list":{"0":"post-2626","1":"product","2":"type-product","3":"status-publish","4":"has-post-thumbnail","6":"product_cat-edudem","7":"product_cat-fuera-de-serie","8":"product_cat-libro","9":"desktop-align-left","10":"tablet-align-left","11":"mobile-align-left","13":"first","14":"outofstock","15":"shipping-taxable","16":"product-type-simple"},"acf":[],"uagb_featured_image_src":{"full":["https:\/\/biblio1.mdp.edu.ar\/centro-ventas\/wp-content\/uploads\/sites\/2\/2022\/07\/PAPAS-ANDINAS-TAPA-para-digital-4-mayo-2021.jpg",2480,1831,false],"thumbnail":["https:\/\/biblio1.mdp.edu.ar\/centro-ventas\/wp-content\/uploads\/sites\/2\/2022\/07\/PAPAS-ANDINAS-TAPA-para-digital-4-mayo-2021.jpg",150,111,false],"medium":["https:\/\/biblio1.mdp.edu.ar\/centro-ventas\/wp-content\/uploads\/sites\/2\/2022\/07\/PAPAS-ANDINAS-TAPA-para-digital-4-mayo-2021.jpg",300,221,false],"medium_large":["https:\/\/biblio1.mdp.edu.ar\/centro-ventas\/wp-content\/uploads\/sites\/2\/2022\/07\/PAPAS-ANDINAS-TAPA-para-digital-4-mayo-2021.jpg",768,567,false],"large":["https:\/\/biblio1.mdp.edu.ar\/centro-ventas\/wp-content\/uploads\/sites\/2\/2022\/07\/PAPAS-ANDINAS-TAPA-para-digital-4-mayo-2021.jpg",1024,756,false],"1536x1536":["https:\/\/biblio1.mdp.edu.ar\/centro-ventas\/wp-content\/uploads\/sites\/2\/2022\/07\/PAPAS-ANDINAS-TAPA-para-digital-4-mayo-2021.jpg",1536,1134,false],"2048x2048":["https:\/\/biblio1.mdp.edu.ar\/centro-ventas\/wp-content\/uploads\/sites\/2\/2022\/07\/PAPAS-ANDINAS-TAPA-para-digital-4-mayo-2021.jpg",2048,1512,false],"woocommerce_thumbnail":["https:\/\/biblio1.mdp.edu.ar\/centro-ventas\/wp-content\/uploads\/sites\/2\/2022\/07\/PAPAS-ANDINAS-TAPA-para-digital-4-mayo-2021.jpg",300,221,false],"woocommerce_single":["https:\/\/biblio1.mdp.edu.ar\/centro-ventas\/wp-content\/uploads\/sites\/2\/2022\/07\/PAPAS-ANDINAS-TAPA-para-digital-4-mayo-2021.jpg",600,443,false],"woocommerce_gallery_thumbnail":["https:\/\/biblio1.mdp.edu.ar\/centro-ventas\/wp-content\/uploads\/sites\/2\/2022\/07\/PAPAS-ANDINAS-TAPA-para-digital-4-mayo-2021-100x100.jpg",100,100,true]},"uagb_author_info":{"display_name":"Cristina Bernabe","author_link":"https:\/\/biblio1.mdp.edu.ar\/centro-ventas\/author\/"},"uagb_comment_info":0,"uagb_excerpt":"El cultivo de las papas andinas se remonta a unos 8000 a\u00f1os en los Andes y constituye sin duda un cultivo muy importante para los pobladores americanos, adaptado a numerosos microambientes monta\u00f1osos a lo largo de 4000 km en Am\u00e9rica del sur.\u00a0 En nuestro pa\u00eds, el proceso sociocultural prehisp\u00e1nico del noroeste argentino se halla estrechamente&hellip;","_links":{"self":[{"href":"https:\/\/biblio1.mdp.edu.ar\/centro-ventas\/wp-json\/wp\/v2\/product\/2626","targetHints":{"allow":["GET"]}}],"collection":[{"href":"https:\/\/biblio1.mdp.edu.ar\/centro-ventas\/wp-json\/wp\/v2\/product"}],"about":[{"href":"https:\/\/biblio1.mdp.edu.ar\/centro-ventas\/wp-json\/wp\/v2\/types\/product"}],"wp:featuredmedia":[{"embeddable":true,"href":"https:\/\/biblio1.mdp.edu.ar\/centro-ventas\/wp-json\/wp\/v2\/media\/2627"}],"wp:attachment":[{"href":"https:\/\/biblio1.mdp.edu.ar\/centro-ventas\/wp-json\/wp\/v2\/media?parent=2626"}],"wp:term":[{"taxonomy":"product_cat","embeddable":true,"href":"https:\/\/biblio1.mdp.edu.ar\/centro-ventas\/wp-json\/wp\/v2\/product_cat?post=2626"},{"taxonomy":"product_tag","embeddable":true,"href":"https:\/\/biblio1.mdp.edu.ar\/centro-ventas\/wp-json\/wp\/v2\/product_tag?post=2626"}],"curies":[{"name":"wp","href":"https:\/\/api.w.org\/{rel}","templated":true}]}}

<p>El cultivo de las papas andinas se remonta a unos 8000 años en los Andes y constituye sin duda un cultivo muy importante para los pobladores americanos, adaptado a numerosos microambientes montañosos a lo largo de 4000 km en América del sur.  En nuestro país, el proceso sociocultural prehispánico del noroeste argentino se halla estrechamente relacionado con toda la zona andina pero con características particulares, que se tradujeron en la presencia de materiales genéticos específicos, entre ellos las variedades nativas de papa así como sus usos particulares en la alimentación cotidiana.</p>
<p>Las comidas tradicionales basadas en papa criolla o papa andina han tenido una gran influencia en el continuo cultivo de estas variedades a través del tiempo. Pero la competencia en el mercado de productos procesados, frecuentemente de rápida cocción, atentan contra el mantenimiento de algunas de las especies nativas de la región. Por este motivo son importantes los proyectos orientados a conservar estas variedades; la información referida a su empleo culinario estimula el interés por el uso del recurso, da continuidad a su cultivo y consecuentemente a su conservación.</p>
<p>En la presente obra podrán encontrar recetas de la cocina andina basadas en la utilización de papa andina como componente principal; asimismo relatos de usos y costumbres andinas; ambos fueron recopilados de los pobladores locales, principalmente mujeres, con querencia por su lugar, amor por su terruño.</p>

<p>El cultivo de las papas andinas se remonta a unos 8000 años en los Andes y constituye sin duda un cultivo muy importante para los pobladores americanos, adaptado a numerosos microambientes montañosos a lo largo de 4000 km en América del sur.  En nuestro país, el proceso sociocultural prehispánico del noroeste argentino se halla estrechamente [&hellip;]</p>

El cultivo de las papas andinas se remonta a unos 8000 años en los Andes y constituye sin duda un cultivo muy importante para los pobladores americanos, adaptado a numerosos microambientes montañosos a lo largo de 4000 km en América del sur.  En nuestro país, el proceso sociocultural prehispánico del noroeste argentino se halla estrechamente&hellip;
