{"id":2554,"date":"2022-07-05T20:32:25","date_gmt":"2022-07-05T23:32:25","guid":{"rendered":"http:\/\/biblio1.mdp.edu.ar\/centro-ventas\/?post_type=product&#038;p=2554"},"modified":"2026-03-30T15:46:29","modified_gmt":"2026-03-30T18:46:29","slug":"evaluacion-de-impacto-ambiental-en-el-mercosur","status":"publish","type":"product","link":"https:\/\/biblio1.mdp.edu.ar\/centro-ventas\/producto\/evaluacion-de-impacto-ambiental-en-el-mercosur\/","title":{"rendered":"Evaluaci\u00f3n de impacto ambiental en el  MERCOSUR"},"content":{"rendered":"<p>Los procedimientos de evaluaci\u00f3n de impacto ambiental en el contexto transfronterizo en el MERCOSUR constituyen el n\u00facleo de la presente obra. Desde la \u00f3ptica del derecho internacional del medio ambiente y del derecho de la integraci\u00f3n, indaga con profundidad y desde distintos planos de an\u00e1lisis, sobre el concepto, estatus jur\u00eddico, alcance y contenido de estas herramientas de gesti\u00f3n fundamentales para la protecci\u00f3n del ambiente. En la obra se se\u00f1alan los visibles avances y, a la vez, perceptibles dificultades, del MERCOSUR para desarrollar su dimensi\u00f3n ambiental y se justifica la necesidad y conveniencia de dotarlo de un r\u00e9gimen general sobre evaluaci\u00f3n de impacto ambiental para el contexto transfronterizo. El libro constituye un aporte de indudable valor acad\u00e9mico para agudizar la reflexi\u00f3n y actualizar conocimientos en materia de protecci\u00f3n ambiental. Adem\u00e1s, ofrece una propuesta normativa posible y necesaria, que trabaja de manera realista sobre el estado de situaci\u00f3n relevado, se\u00f1alando los lineamientos esenciales que impone el Derecho internacional y el contexto en el que habr\u00e1 de regir. En la sociedad de riesgo que transitamos, la obra es un oportuno llamado de atenci\u00f3n que interpela a llenar de contenido la ret\u00f3rica de bellos discursos.<\/p>\n","protected":false},"excerpt":{"rendered":"<p>Los procedimientos de evaluaci\u00f3n de impacto ambiental en el contexto transfronterizo en el MERCOSUR constituyen el n\u00facleo de la presente obra. Desde la \u00f3ptica del derecho internacional del medio ambiente y del derecho de la integraci\u00f3n, indaga con profundidad y desde distintos planos de an\u00e1lisis, sobre el concepto, estatus jur\u00eddico, alcance y contenido de estas [&hellip;]<\/p>\n","protected":false},"featured_media":2555,"template":"","meta":{"_acf_changed":false,"_eb_attr":"","_crdt_document":"","_uag_custom_page_level_css":"","_editorskit_title_hidden":false,"_editorskit_reading_time":0,"_editorskit_is_block_options_detached":false,"_editorskit_block_options_position":"{}","site-sidebar-layout":"default","site-content-layout":"default","ast-site-content-layout":"default","site-content-style":"default","site-sidebar-style":"default","ast-global-header-display":"","ast-banner-title-visibility":"","ast-main-header-display":"","ast-hfb-above-header-display":"","ast-hfb-below-header-display":"","ast-hfb-mobile-header-display":"","site-post-title":"","ast-breadcrumbs-content":"","ast-featured-img":"","footer-sml-layout":"","ast-disable-related-posts":"","theme-transparent-header-meta":"default","adv-header-id-meta":"","stick-header-meta":"","header-above-stick-meta":"","header-main-stick-meta":"","header-below-stick-meta":"","astra-migrate-meta-layouts":"default","ast-page-background-enabled":"default","ast-page-background-meta":{"desktop":{"background-color":"var(--ast-global-color-4)","background-image":"","background-repeat":"repeat","background-position":"center center","background-size":"auto","background-attachment":"scroll","background-type":"","background-media":"","overlay-type":"","overlay-color":"","overlay-opacity":"","overlay-gradient":""},"tablet":{"background-color":"","background-image":"","background-repeat":"repeat","background-position":"center center","background-size":"auto","background-attachment":"scroll","background-type":"","background-media":"","overlay-type":"","overlay-color":"","overlay-opacity":"","overlay-gradient":""},"mobile":{"background-color":"","background-image":"","background-repeat":"repeat","background-position":"center center","background-size":"auto","background-attachment":"scroll","background-type":"","background-media":"","overlay-type":"","overlay-color":"","overlay-opacity":"","overlay-gradient":""}},"ast-content-background-meta":{"desktop":{"background-color":"var(--ast-global-color-5)","background-image":"","background-repeat":"repeat","background-position":"center center","background-size":"auto","background-attachment":"scroll","background-type":"","background-media":"","overlay-type":"","overlay-color":"","overlay-opacity":"","overlay-gradient":""},"tablet":{"background-color":"var(--ast-global-color-5)","background-image":"","background-repeat":"repeat","background-position":"center center","background-size":"auto","background-attachment":"scroll","background-type":"","background-media":"","overlay-type":"","overlay-color":"","overlay-opacity":"","overlay-gradient":""},"mobile":{"background-color":"var(--ast-global-color-5)","background-image":"","background-repeat":"repeat","background-position":"center center","background-size":"auto","background-attachment":"scroll","background-type":"","background-media":"","overlay-type":"","overlay-color":"","overlay-opacity":"","overlay-gradient":""}}},"product_cat":[115,32,28],"product_tag":[],"class_list":{"0":"post-2554","1":"product","2":"type-product","3":"status-publish","4":"has-post-thumbnail","6":"product_cat-herramientas","7":"product_cat-edudem","8":"product_cat-libro","9":"desktop-align-left","10":"tablet-align-left","11":"mobile-align-left","13":"first","14":"instock","15":"shipping-taxable","16":"purchasable","17":"product-type-simple"},"acf":[],"uagb_featured_image_src":{"full":["https:\/\/biblio1.mdp.edu.ar\/centro-ventas\/wp-content\/uploads\/sites\/2\/2022\/07\/tapa_EVALUACION_DE_IMPACTO_AMBIENTAL_FRENTE-scaled.jpg",2008,3028,false],"thumbnail":["https:\/\/biblio1.mdp.edu.ar\/centro-ventas\/wp-content\/uploads\/sites\/2\/2022\/07\/tapa_EVALUACION_DE_IMPACTO_AMBIENTAL_FRENTE-scaled.jpg",99,150,false],"medium":["https:\/\/biblio1.mdp.edu.ar\/centro-ventas\/wp-content\/uploads\/sites\/2\/2022\/07\/tapa_EVALUACION_DE_IMPACTO_AMBIENTAL_FRENTE-scaled.jpg",199,300,false],"medium_large":["https:\/\/biblio1.mdp.edu.ar\/centro-ventas\/wp-content\/uploads\/sites\/2\/2022\/07\/tapa_EVALUACION_DE_IMPACTO_AMBIENTAL_FRENTE-scaled.jpg",768,1158,false],"large":["https:\/\/biblio1.mdp.edu.ar\/centro-ventas\/wp-content\/uploads\/sites\/2\/2022\/07\/tapa_EVALUACION_DE_IMPACTO_AMBIENTAL_FRENTE-scaled.jpg",679,1024,false],"1536x1536":["https:\/\/biblio1.mdp.edu.ar\/centro-ventas\/wp-content\/uploads\/sites\/2\/2022\/07\/tapa_EVALUACION_DE_IMPACTO_AMBIENTAL_FRENTE-scaled.jpg",1019,1536,false],"2048x2048":["https:\/\/biblio1.mdp.edu.ar\/centro-ventas\/wp-content\/uploads\/sites\/2\/2022\/07\/tapa_EVALUACION_DE_IMPACTO_AMBIENTAL_FRENTE-scaled.jpg",1358,2048,false],"woocommerce_thumbnail":["https:\/\/biblio1.mdp.edu.ar\/centro-ventas\/wp-content\/uploads\/sites\/2\/2022\/07\/tapa_EVALUACION_DE_IMPACTO_AMBIENTAL_FRENTE-scaled.jpg",300,452,false],"woocommerce_single":["https:\/\/biblio1.mdp.edu.ar\/centro-ventas\/wp-content\/uploads\/sites\/2\/2022\/07\/tapa_EVALUACION_DE_IMPACTO_AMBIENTAL_FRENTE-scaled.jpg",600,905,false],"woocommerce_gallery_thumbnail":["https:\/\/biblio1.mdp.edu.ar\/centro-ventas\/wp-content\/uploads\/sites\/2\/2022\/07\/tapa_EVALUACION_DE_IMPACTO_AMBIENTAL_FRENTE-100x100.jpg",100,100,true]},"uagb_author_info":{"display_name":"Cristina Bernabe","author_link":"https:\/\/biblio1.mdp.edu.ar\/centro-ventas\/author\/"},"uagb_comment_info":0,"uagb_excerpt":"Los procedimientos de evaluaci\u00f3n de impacto ambiental en el contexto transfronterizo en el MERCOSUR constituyen el n\u00facleo de la presente obra. Desde la \u00f3ptica del derecho internacional del medio ambiente y del derecho de la integraci\u00f3n, indaga con profundidad y desde distintos planos de an\u00e1lisis, sobre el concepto, estatus jur\u00eddico, alcance y contenido de estas&hellip;","_links":{"self":[{"href":"https:\/\/biblio1.mdp.edu.ar\/centro-ventas\/wp-json\/wp\/v2\/product\/2554","targetHints":{"allow":["GET"]}}],"collection":[{"href":"https:\/\/biblio1.mdp.edu.ar\/centro-ventas\/wp-json\/wp\/v2\/product"}],"about":[{"href":"https:\/\/biblio1.mdp.edu.ar\/centro-ventas\/wp-json\/wp\/v2\/types\/product"}],"wp:featuredmedia":[{"embeddable":true,"href":"https:\/\/biblio1.mdp.edu.ar\/centro-ventas\/wp-json\/wp\/v2\/media\/2555"}],"wp:attachment":[{"href":"https:\/\/biblio1.mdp.edu.ar\/centro-ventas\/wp-json\/wp\/v2\/media?parent=2554"}],"wp:term":[{"taxonomy":"product_cat","embeddable":true,"href":"https:\/\/biblio1.mdp.edu.ar\/centro-ventas\/wp-json\/wp\/v2\/product_cat?post=2554"},{"taxonomy":"product_tag","embeddable":true,"href":"https:\/\/biblio1.mdp.edu.ar\/centro-ventas\/wp-json\/wp\/v2\/product_tag?post=2554"}],"curies":[{"name":"wp","href":"https:\/\/api.w.org\/{rel}","templated":true}]}}