{"id":2526,"date":"2022-07-05T15:34:57","date_gmt":"2022-07-05T18:34:57","guid":{"rendered":"http:\/\/biblio1.mdp.edu.ar\/centro-ventas\/?post_type=product&#038;p=2526"},"modified":"2026-04-01T16:05:14","modified_gmt":"2026-04-01T19:05:14","slug":"politicas-sociales-y-delito-juvenil","status":"publish","type":"product","link":"https:\/\/biblio1.mdp.edu.ar\/centro-ventas\/producto\/politicas-sociales-y-delito-juvenil\/","title":{"rendered":"Pol\u00edticas sociales y delito juvenil"},"content":{"rendered":"<p>En la presente obra analizamos las pol\u00edticas llevadas adelante para los j\u00f3venes en conflicto con la ley penal en contexto de encierro, espec\u00edficamente las que tienen que ver con la formaci\u00f3n profesional y la capacitaci\u00f3n. Para ello, realizaremos un recorrido en torno a las transformaciones que se han llevado adelante en Argentina, espec\u00edficamente, en el \u00e1mbito de aplicaci\u00f3n de la provincia de Buenos Aires, que dieron lugar al pasaje de la doctrina de la situaci\u00f3n irregular a la de promoci\u00f3n y protecci\u00f3n de los derechos de ni\u00f1as, ni\u00f1os y adolescentes. Por otra parte, analizaremos la teor\u00eda del capital humano como noci\u00f3n que fundamenta las acciones de capacitaci\u00f3n que se ejecutan en contexto de encierro. En tercer lugar, expondremos datos emp\u00edricos en torno a los perfiles socio familiares de los j\u00f3venes que son parte de la instituci\u00f3n de encierro y del funcionamiento de los dispositivos de formaci\u00f3n que se proponen. Por \u00faltimo, postularemos cinco puntos que creemos indispensables para (re) plantear la formulaci\u00f3n de las pol\u00edticas sociales para este sector social.<\/p>\n","protected":false},"excerpt":{"rendered":"<p>En la presente obra analizamos las pol\u00edticas llevadas adelante para los j\u00f3venes en conflicto con la ley penal en contexto de encierro, espec\u00edficamente las que tienen que ver con la formaci\u00f3n profesional y la capacitaci\u00f3n. Para ello, realizaremos un recorrido en torno a las transformaciones que se han llevado adelante en Argentina, espec\u00edficamente, en el [&hellip;]<\/p>\n","protected":false},"featured_media":2527,"template":"","meta":{"_acf_changed":false,"_eb_attr":"","_crdt_document":"","_uag_custom_page_level_css":"","_editorskit_title_hidden":false,"_editorskit_reading_time":0,"_editorskit_is_block_options_detached":false,"_editorskit_block_options_position":"{}","site-sidebar-layout":"default","site-content-layout":"default","ast-site-content-layout":"default","site-content-style":"default","site-sidebar-style":"default","ast-global-header-display":"","ast-banner-title-visibility":"","ast-main-header-display":"","ast-hfb-above-header-display":"","ast-hfb-below-header-display":"","ast-hfb-mobile-header-display":"","site-post-title":"","ast-breadcrumbs-content":"","ast-featured-img":"","footer-sml-layout":"","ast-disable-related-posts":"","theme-transparent-header-meta":"default","adv-header-id-meta":"","stick-header-meta":"","header-above-stick-meta":"","header-main-stick-meta":"","header-below-stick-meta":"","astra-migrate-meta-layouts":"default","ast-page-background-enabled":"default","ast-page-background-meta":{"desktop":{"background-color":"var(--ast-global-color-4)","background-image":"","background-repeat":"repeat","background-position":"center center","background-size":"auto","background-attachment":"scroll","background-type":"","background-media":"","overlay-type":"","overlay-color":"","overlay-opacity":"","overlay-gradient":""},"tablet":{"background-color":"","background-image":"","background-repeat":"repeat","background-position":"center center","background-size":"auto","background-attachment":"scroll","background-type":"","background-media":"","overlay-type":"","overlay-color":"","overlay-opacity":"","overlay-gradient":""},"mobile":{"background-color":"","background-image":"","background-repeat":"repeat","background-position":"center center","background-size":"auto","background-attachment":"scroll","background-type":"","background-media":"","overlay-type":"","overlay-color":"","overlay-opacity":"","overlay-gradient":""}},"ast-content-background-meta":{"desktop":{"background-color":"var(--ast-global-color-5)","background-image":"","background-repeat":"repeat","background-position":"center center","background-size":"auto","background-attachment":"scroll","background-type":"","background-media":"","overlay-type":"","overlay-color":"","overlay-opacity":"","overlay-gradient":""},"tablet":{"background-color":"var(--ast-global-color-5)","background-image":"","background-repeat":"repeat","background-position":"center center","background-size":"auto","background-attachment":"scroll","background-type":"","background-media":"","overlay-type":"","overlay-color":"","overlay-opacity":"","overlay-gradient":""},"mobile":{"background-color":"var(--ast-global-color-5)","background-image":"","background-repeat":"repeat","background-position":"center center","background-size":"auto","background-attachment":"scroll","background-type":"","background-media":"","overlay-type":"","overlay-color":"","overlay-opacity":"","overlay-gradient":""}}},"product_cat":[125,632,32,28,637],"product_tag":[],"class_list":{"0":"post-2526","1":"product","2":"type-product","3":"status-publish","4":"has-post-thumbnail","6":"product_cat-coleccion-temas-de-ciudadania-y-politica","7":"product_cat-derecho","8":"product_cat-edudem","9":"product_cat-libro","10":"product_cat-punto-de-venta-derecho","11":"desktop-align-left","12":"tablet-align-left","13":"mobile-align-left","15":"first","16":"instock","17":"shipping-taxable","18":"purchasable","19":"product-type-simple"},"acf":[],"uagb_featured_image_src":{"full":["https:\/\/biblio1.mdp.edu.ar\/centro-ventas\/wp-content\/uploads\/sites\/2\/2022\/07\/277556575_3156715344576804_1371924504041873159_n.jpg",444,664,false],"thumbnail":["https:\/\/biblio1.mdp.edu.ar\/centro-ventas\/wp-content\/uploads\/sites\/2\/2022\/07\/277556575_3156715344576804_1371924504041873159_n.jpg",100,150,false],"medium":["https:\/\/biblio1.mdp.edu.ar\/centro-ventas\/wp-content\/uploads\/sites\/2\/2022\/07\/277556575_3156715344576804_1371924504041873159_n.jpg",201,300,false],"medium_large":["https:\/\/biblio1.mdp.edu.ar\/centro-ventas\/wp-content\/uploads\/sites\/2\/2022\/07\/277556575_3156715344576804_1371924504041873159_n.jpg",444,664,false],"large":["https:\/\/biblio1.mdp.edu.ar\/centro-ventas\/wp-content\/uploads\/sites\/2\/2022\/07\/277556575_3156715344576804_1371924504041873159_n.jpg",444,664,false],"1536x1536":["https:\/\/biblio1.mdp.edu.ar\/centro-ventas\/wp-content\/uploads\/sites\/2\/2022\/07\/277556575_3156715344576804_1371924504041873159_n.jpg",444,664,false],"2048x2048":["https:\/\/biblio1.mdp.edu.ar\/centro-ventas\/wp-content\/uploads\/sites\/2\/2022\/07\/277556575_3156715344576804_1371924504041873159_n.jpg",444,664,false],"woocommerce_thumbnail":["https:\/\/biblio1.mdp.edu.ar\/centro-ventas\/wp-content\/uploads\/sites\/2\/2022\/07\/277556575_3156715344576804_1371924504041873159_n.jpg",300,449,false],"woocommerce_single":["https:\/\/biblio1.mdp.edu.ar\/centro-ventas\/wp-content\/uploads\/sites\/2\/2022\/07\/277556575_3156715344576804_1371924504041873159_n.jpg",444,664,false],"woocommerce_gallery_thumbnail":["https:\/\/biblio1.mdp.edu.ar\/centro-ventas\/wp-content\/uploads\/sites\/2\/2022\/07\/277556575_3156715344576804_1371924504041873159_n-100x100.jpg",100,100,true]},"uagb_author_info":{"display_name":"Maria Balerdi","author_link":"https:\/\/biblio1.mdp.edu.ar\/centro-ventas\/author\/"},"uagb_comment_info":0,"uagb_excerpt":"En la presente obra analizamos las pol\u00edticas llevadas adelante para los j\u00f3venes en conflicto con la ley penal en contexto de encierro, espec\u00edficamente las que tienen que ver con la formaci\u00f3n profesional y la capacitaci\u00f3n. Para ello, realizaremos un recorrido en torno a las transformaciones que se han llevado adelante en Argentina, espec\u00edficamente, en el&hellip;","_links":{"self":[{"href":"https:\/\/biblio1.mdp.edu.ar\/centro-ventas\/wp-json\/wp\/v2\/product\/2526","targetHints":{"allow":["GET"]}}],"collection":[{"href":"https:\/\/biblio1.mdp.edu.ar\/centro-ventas\/wp-json\/wp\/v2\/product"}],"about":[{"href":"https:\/\/biblio1.mdp.edu.ar\/centro-ventas\/wp-json\/wp\/v2\/types\/product"}],"wp:featuredmedia":[{"embeddable":true,"href":"https:\/\/biblio1.mdp.edu.ar\/centro-ventas\/wp-json\/wp\/v2\/media\/2527"}],"wp:attachment":[{"href":"https:\/\/biblio1.mdp.edu.ar\/centro-ventas\/wp-json\/wp\/v2\/media?parent=2526"}],"wp:term":[{"taxonomy":"product_cat","embeddable":true,"href":"https:\/\/biblio1.mdp.edu.ar\/centro-ventas\/wp-json\/wp\/v2\/product_cat?post=2526"},{"taxonomy":"product_tag","embeddable":true,"href":"https:\/\/biblio1.mdp.edu.ar\/centro-ventas\/wp-json\/wp\/v2\/product_tag?post=2526"}],"curies":[{"name":"wp","href":"https:\/\/api.w.org\/{rel}","templated":true}]}}