{"id":2520,"date":"2022-07-05T15:23:29","date_gmt":"2022-07-05T18:23:29","guid":{"rendered":"http:\/\/biblio1.mdp.edu.ar\/centro-ventas\/?post_type=product&#038;p=2520"},"modified":"2026-03-30T16:08:10","modified_gmt":"2026-03-30T19:08:10","slug":"la-fisica-de-la-sensualidad","status":"publish","type":"product","link":"https:\/\/biblio1.mdp.edu.ar\/centro-ventas\/producto\/la-fisica-de-la-sensualidad\/","title":{"rendered":"La f\u00edsica de la sensualidad"},"content":{"rendered":"<div dir=\"auto\">Esta obra desea subsanar la situaci\u00f3n problem\u00e1tica generada por los modelos pedag\u00f3gicos tradicionales de ense\u00f1anza y divulgaci\u00f3n del conocimiento cient\u00edfico. Contiene una propuesta centrada en la persona que incorpora al cuerpo como un instrumento de aprendizaje y de creaci\u00f3n para la ense\u00f1anza y divulgaci\u00f3n de conceptos cient\u00edficos. Metodolog\u00eda que no solo resulta eficaz y atractiva para ense\u00f1ar y divulgar estos conceptos, sino que tambi\u00e9n estimula y da cuenta de otras dimensiones que configuran al ser humano y que hacen a su singularidad, como la creatividad, la sensibilidad y la inteligencia interpersonal, entre otros.<\/div>\n<div dir=\"auto\">El texto plantea la ense\u00f1anza de conocimientos b\u00e1sicos de f\u00edsica y qu\u00edmica en diferentes niveles del sistema educativo, a trav\u00e9s de secuencias did\u00e1cticas basadas en juegos corporales y teatrales, ilustradas con im\u00e1genes inspiradas en los conceptos propuestos y que son obras de arte en s\u00ed misma. As\u00ed tambi\u00e9n describe diferentes performances para la ense\u00f1anza y divulgaci\u00f3n de conceptos b\u00e1sicos de f\u00edsica a trav\u00e9s del cruce de los lenguajes de la expresi\u00f3n corporal, la danza, la pl\u00e1stica, la m\u00fasica y la fotograf\u00eda. Lejos es la intenci\u00f3n de este libro de presentar las actividades como una receta, por el contrario, se propone esencialmente como una fuente de inspiraci\u00f3n, que aliente a docentes y especialistas de ambas disciplinas a explorar con una visi\u00f3n amplia, fresca y l\u00fadica nuevos caminos que est\u00e9n en sincron\u00eda con las demandas de este tiempo.<\/div>\n","protected":false},"excerpt":{"rendered":"<p>Esta obra desea subsanar la situaci\u00f3n problem\u00e1tica generada por los modelos pedag\u00f3gicos tradicionales de ense\u00f1anza y divulgaci\u00f3n del conocimiento cient\u00edfico. Contiene una propuesta centrada en la persona que incorpora al cuerpo como un instrumento de aprendizaje y de creaci\u00f3n para la ense\u00f1anza y divulgaci\u00f3n de conceptos cient\u00edficos. Metodolog\u00eda que no solo resulta eficaz y atractiva [&hellip;]<\/p>\n","protected":false},"featured_media":2521,"template":"","meta":{"_acf_changed":false,"_eb_attr":"","_crdt_document":"","_uag_custom_page_level_css":"","_editorskit_title_hidden":false,"_editorskit_reading_time":0,"_editorskit_is_block_options_detached":false,"_editorskit_block_options_position":"{}","site-sidebar-layout":"default","site-content-layout":"default","ast-site-content-layout":"default","site-content-style":"default","site-sidebar-style":"default","ast-global-header-display":"","ast-banner-title-visibility":"","ast-main-header-display":"","ast-hfb-above-header-display":"","ast-hfb-below-header-display":"","ast-hfb-mobile-header-display":"","site-post-title":"","ast-breadcrumbs-content":"","ast-featured-img":"","footer-sml-layout":"","ast-disable-related-posts":"","theme-transparent-header-meta":"default","adv-header-id-meta":"","stick-header-meta":"","header-above-stick-meta":"","header-main-stick-meta":"","header-below-stick-meta":"","astra-migrate-meta-layouts":"default","ast-page-background-enabled":"default","ast-page-background-meta":{"desktop":{"background-color":"var(--ast-global-color-4)","background-image":"","background-repeat":"repeat","background-position":"center center","background-size":"auto","background-attachment":"scroll","background-type":"","background-media":"","overlay-type":"","overlay-color":"","overlay-opacity":"","overlay-gradient":""},"tablet":{"background-color":"","background-image":"","background-repeat":"repeat","background-position":"center center","background-size":"auto","background-attachment":"scroll","background-type":"","background-media":"","overlay-type":"","overlay-color":"","overlay-opacity":"","overlay-gradient":""},"mobile":{"background-color":"","background-image":"","background-repeat":"repeat","background-position":"center center","background-size":"auto","background-attachment":"scroll","background-type":"","background-media":"","overlay-type":"","overlay-color":"","overlay-opacity":"","overlay-gradient":""}},"ast-content-background-meta":{"desktop":{"background-color":"var(--ast-global-color-5)","background-image":"","background-repeat":"repeat","background-position":"center center","background-size":"auto","background-attachment":"scroll","background-type":"","background-media":"","overlay-type":"","overlay-color":"","overlay-opacity":"","overlay-gradient":""},"tablet":{"background-color":"var(--ast-global-color-5)","background-image":"","background-repeat":"repeat","background-position":"center center","background-size":"auto","background-attachment":"scroll","background-type":"","background-media":"","overlay-type":"","overlay-color":"","overlay-opacity":"","overlay-gradient":""},"mobile":{"background-color":"var(--ast-global-color-5)","background-image":"","background-repeat":"repeat","background-position":"center center","background-size":"auto","background-attachment":"scroll","background-type":"","background-media":"","overlay-type":"","overlay-color":"","overlay-opacity":"","overlay-gradient":""}}},"product_cat":[32,164,28],"product_tag":[],"class_list":{"0":"post-2520","1":"product","2":"type-product","3":"status-publish","4":"has-post-thumbnail","6":"product_cat-edudem","7":"product_cat-coleccion-leciart","8":"product_cat-libro","9":"desktop-align-left","10":"tablet-align-left","11":"mobile-align-left","13":"first","14":"instock","15":"shipping-taxable","16":"purchasable","17":"product-type-simple"},"acf":[],"uagb_featured_image_src":{"full":["https:\/\/biblio1.mdp.edu.ar\/centro-ventas\/wp-content\/uploads\/sites\/2\/2022\/07\/NOVEDADES_07_-_la_fsica_de_la_sensualidad_-_portal.png",201,311,false],"thumbnail":["https:\/\/biblio1.mdp.edu.ar\/centro-ventas\/wp-content\/uploads\/sites\/2\/2022\/07\/NOVEDADES_07_-_la_fsica_de_la_sensualidad_-_portal.png",97,150,false],"medium":["https:\/\/biblio1.mdp.edu.ar\/centro-ventas\/wp-content\/uploads\/sites\/2\/2022\/07\/NOVEDADES_07_-_la_fsica_de_la_sensualidad_-_portal.png",194,300,false],"medium_large":["https:\/\/biblio1.mdp.edu.ar\/centro-ventas\/wp-content\/uploads\/sites\/2\/2022\/07\/NOVEDADES_07_-_la_fsica_de_la_sensualidad_-_portal.png",201,311,false],"large":["https:\/\/biblio1.mdp.edu.ar\/centro-ventas\/wp-content\/uploads\/sites\/2\/2022\/07\/NOVEDADES_07_-_la_fsica_de_la_sensualidad_-_portal.png",201,311,false],"1536x1536":["https:\/\/biblio1.mdp.edu.ar\/centro-ventas\/wp-content\/uploads\/sites\/2\/2022\/07\/NOVEDADES_07_-_la_fsica_de_la_sensualidad_-_portal.png",201,311,false],"2048x2048":["https:\/\/biblio1.mdp.edu.ar\/centro-ventas\/wp-content\/uploads\/sites\/2\/2022\/07\/NOVEDADES_07_-_la_fsica_de_la_sensualidad_-_portal.png",201,311,false],"woocommerce_thumbnail":["https:\/\/biblio1.mdp.edu.ar\/centro-ventas\/wp-content\/uploads\/sites\/2\/2022\/07\/NOVEDADES_07_-_la_fsica_de_la_sensualidad_-_portal.png",201,311,false],"woocommerce_single":["https:\/\/biblio1.mdp.edu.ar\/centro-ventas\/wp-content\/uploads\/sites\/2\/2022\/07\/NOVEDADES_07_-_la_fsica_de_la_sensualidad_-_portal.png",201,311,false],"woocommerce_gallery_thumbnail":["https:\/\/biblio1.mdp.edu.ar\/centro-ventas\/wp-content\/uploads\/sites\/2\/2022\/07\/NOVEDADES_07_-_la_fsica_de_la_sensualidad_-_portal-100x100.png",100,100,true]},"uagb_author_info":{"display_name":"Maria Balerdi","author_link":"https:\/\/biblio1.mdp.edu.ar\/centro-ventas\/author\/"},"uagb_comment_info":0,"uagb_excerpt":"Esta obra desea subsanar la situaci\u00f3n problem\u00e1tica generada por los modelos pedag\u00f3gicos tradicionales de ense\u00f1anza y divulgaci\u00f3n del conocimiento cient\u00edfico. Contiene una propuesta centrada en la persona que incorpora al cuerpo como un instrumento de aprendizaje y de creaci\u00f3n para la ense\u00f1anza y divulgaci\u00f3n de conceptos cient\u00edficos. Metodolog\u00eda que no solo resulta eficaz y atractiva&hellip;","_links":{"self":[{"href":"https:\/\/biblio1.mdp.edu.ar\/centro-ventas\/wp-json\/wp\/v2\/product\/2520","targetHints":{"allow":["GET"]}}],"collection":[{"href":"https:\/\/biblio1.mdp.edu.ar\/centro-ventas\/wp-json\/wp\/v2\/product"}],"about":[{"href":"https:\/\/biblio1.mdp.edu.ar\/centro-ventas\/wp-json\/wp\/v2\/types\/product"}],"wp:featuredmedia":[{"embeddable":true,"href":"https:\/\/biblio1.mdp.edu.ar\/centro-ventas\/wp-json\/wp\/v2\/media\/2521"}],"wp:attachment":[{"href":"https:\/\/biblio1.mdp.edu.ar\/centro-ventas\/wp-json\/wp\/v2\/media?parent=2520"}],"wp:term":[{"taxonomy":"product_cat","embeddable":true,"href":"https:\/\/biblio1.mdp.edu.ar\/centro-ventas\/wp-json\/wp\/v2\/product_cat?post=2520"},{"taxonomy":"product_tag","embeddable":true,"href":"https:\/\/biblio1.mdp.edu.ar\/centro-ventas\/wp-json\/wp\/v2\/product_tag?post=2520"}],"curies":[{"name":"wp","href":"https:\/\/api.w.org\/{rel}","templated":true}]}}