{"id":2406,"date":"2022-06-14T20:45:06","date_gmt":"2022-06-14T20:45:06","guid":{"rendered":"http:\/\/biblio1.mdp.edu.ar\/centro-ventas\/?post_type=product&#038;p=2406"},"modified":"2024-02-27T15:53:54","modified_gmt":"2024-02-27T18:53:54","slug":"1100-no45-ventura-virzi","status":"publish","type":"product","link":"https:\/\/biblio1.mdp.edu.ar\/centro-ventas\/producto\/1100-no45-ventura-virzi\/","title":{"rendered":"1:100 &#8211; N\u00ba45 &#8211; Ventura Virzi"},"content":{"rendered":"<div class=\"col-sm-6 col-md-8 text-center\">\n<div class=\"thumbnails\">\n<div class=\"swiper-thumb swiper-container-horizontal\">\n<div class=\"swiper-wrapper\"><span style=\"font-size: 16px\">Ubicaci\u00f3n: Argentina.<\/span><\/div>\n<\/div>\n<\/div>\n<\/div>\n<div class=\"col-sm-5 col-md-4\">\n<div class=\"row\">\n<div class=\"col-sm-12\">\n<div class=\"description\">\n<p>P\u00e1ginas: 80.<br \/>\nIncluye l\u00e1mina desplegable, tama\u00f1o 45x62cm.<br \/>\nFecha de edici\u00f3n: Septiembre 2013.<br \/>\nISSN: 1669-5380<br \/>\nStock disponible<\/p>\n<p>Proyectos incluidos: 2<br \/>\nFotograf\u00edas a color: 31<br \/>\nFotograf\u00edas en ByN: 19<br \/>\nPlanimetr\u00eda incluida:<br \/>\nPlantas: 9<br \/>\nAlzadas: 4<br \/>\nCortes: 5<br \/>\nDetalles: 1<br \/>\nIm\u00e1genes de maqueta: 2<br \/>\nCroquis: 1<br \/>\nMobiliario: Ron Arad.<\/p>\n<p>Notas incluidas escritas por:<br \/>\nArq. Gerardo Caballero.<br \/>\nCargo: Arquitecto, MArch. Dirige Caballero-<br \/>\nFernandez Arquitectos. Profesor de Teor\u00eda y Dise\u00f1o en la<br \/>\nWashington University.<br \/>\nArq. Luis Muller.<br \/>\nCargo: Profesor Titular de Historia y Director de la<br \/>\nMaestr\u00eda en Arquitectura. Facultad de Arquitectura, Dise\u00f1o<br \/>\ny Urbanismo &#8211; Universidad Nacional del Litoral.<br \/>\nArq. Ricardo Blanco.<br \/>\nCargo: Director de posgrado DIMO y ex director de<br \/>\nla carrera de dise\u00f1o industrial en la FADU-UBA, Acad\u00e9mico<br \/>\nde numero en la Academia Nacional de Bellas Artes.<\/p>\n<p>Trayectoria.<br \/>\nEntrevista.<br \/>\nMemoria descriptiva.<br \/>\nFicha t\u00e9cnica.<\/p>\n<p>PERFIL DEL ARQUITECTO.<br \/>\nObras destacadas:<br \/>\nCasa de ladrillo.<br \/>\nEdificio Giribone.<br \/>\nNacionalidad del arquitecto:<br \/>\nArgentina.<\/p>\n<\/div>\n<\/div>\n<\/div>\n<\/div>\n","protected":false},"excerpt":{"rendered":"<p>Ubicaci\u00f3n: Argentina. P\u00e1ginas: 80. Incluye l\u00e1mina desplegable, tama\u00f1o 45x62cm. Fecha de edici\u00f3n: Septiembre 2013. ISSN: 1669-5380 Stock disponible Proyectos incluidos: 2 Fotograf\u00edas a color: 31 Fotograf\u00edas en ByN: 19 Planimetr\u00eda incluida: Plantas: 9 Alzadas: 4 Cortes: 5 Detalles: 1 Im\u00e1genes de maqueta: 2 Croquis: 1 Mobiliario: Ron Arad. Notas incluidas escritas por: Arq. Gerardo Caballero. [&hellip;]<\/p>\n","protected":false},"featured_media":2407,"template":"","meta":{"_acf_changed":false,"_eb_attr":"","_crdt_document":"","_uag_custom_page_level_css":"","_editorskit_title_hidden":false,"_editorskit_reading_time":0,"_editorskit_is_block_options_detached":false,"_editorskit_block_options_position":"{}","site-sidebar-layout":"default","site-content-layout":"default","ast-site-content-layout":"default","site-content-style":"default","site-sidebar-style":"default","ast-global-header-display":"","ast-banner-title-visibility":"","ast-main-header-display":"","ast-hfb-above-header-display":"","ast-hfb-below-header-display":"","ast-hfb-mobile-header-display":"","site-post-title":"","ast-breadcrumbs-content":"","ast-featured-img":"","footer-sml-layout":"","ast-disable-related-posts":"","theme-transparent-header-meta":"default","adv-header-id-meta":"","stick-header-meta":"","header-above-stick-meta":"","header-main-stick-meta":"","header-below-stick-meta":"","astra-migrate-meta-layouts":"default","ast-page-background-enabled":"default","ast-page-background-meta":{"desktop":{"background-color":"var(--ast-global-color-4)","background-image":"","background-repeat":"repeat","background-position":"center center","background-size":"auto","background-attachment":"scroll","background-type":"","background-media":"","overlay-type":"","overlay-color":"","overlay-opacity":"","overlay-gradient":""},"tablet":{"background-color":"","background-image":"","background-repeat":"repeat","background-position":"center center","background-size":"auto","background-attachment":"scroll","background-type":"","background-media":"","overlay-type":"","overlay-color":"","overlay-opacity":"","overlay-gradient":""},"mobile":{"background-color":"","background-image":"","background-repeat":"repeat","background-position":"center center","background-size":"auto","background-attachment":"scroll","background-type":"","background-media":"","overlay-type":"","overlay-color":"","overlay-opacity":"","overlay-gradient":""}},"ast-content-background-meta":{"desktop":{"background-color":"var(--ast-global-color-5)","background-image":"","background-repeat":"repeat","background-position":"center center","background-size":"auto","background-attachment":"scroll","background-type":"","background-media":"","overlay-type":"","overlay-color":"","overlay-opacity":"","overlay-gradient":""},"tablet":{"background-color":"var(--ast-global-color-5)","background-image":"","background-repeat":"repeat","background-position":"center center","background-size":"auto","background-attachment":"scroll","background-type":"","background-media":"","overlay-type":"","overlay-color":"","overlay-opacity":"","overlay-gradient":""},"mobile":{"background-color":"var(--ast-global-color-5)","background-image":"","background-repeat":"repeat","background-position":"center center","background-size":"auto","background-attachment":"scroll","background-type":"","background-media":"","overlay-type":"","overlay-color":"","overlay-opacity":"","overlay-gradient":""}}},"product_cat":[179,31],"product_tag":[76,36],"class_list":{"0":"post-2406","1":"product","2":"type-product","3":"status-publish","4":"has-post-thumbnail","6":"product_cat-1100-revistas","7":"product_cat-revistas","8":"product_tag-arquitectos","9":"product_tag-arquitectura","10":"desktop-align-left","11":"tablet-align-left","12":"mobile-align-left","14":"first","15":"outofstock","16":"shipping-taxable","17":"product-type-simple"},"acf":[],"uagb_featured_image_src":{"full":["https:\/\/biblio1.mdp.edu.ar\/centro-ventas\/wp-content\/uploads\/sites\/2\/2022\/06\/tapa-451-c553bcbb2697eeac5315175162931762-1024-1024.jpg",1024,766,false],"thumbnail":["https:\/\/biblio1.mdp.edu.ar\/centro-ventas\/wp-content\/uploads\/sites\/2\/2022\/06\/tapa-451-c553bcbb2697eeac5315175162931762-1024-1024.jpg",150,112,false],"medium":["https:\/\/biblio1.mdp.edu.ar\/centro-ventas\/wp-content\/uploads\/sites\/2\/2022\/06\/tapa-451-c553bcbb2697eeac5315175162931762-1024-1024.jpg",300,224,false],"medium_large":["https:\/\/biblio1.mdp.edu.ar\/centro-ventas\/wp-content\/uploads\/sites\/2\/2022\/06\/tapa-451-c553bcbb2697eeac5315175162931762-1024-1024.jpg",768,575,false],"large":["https:\/\/biblio1.mdp.edu.ar\/centro-ventas\/wp-content\/uploads\/sites\/2\/2022\/06\/tapa-451-c553bcbb2697eeac5315175162931762-1024-1024.jpg",1024,766,false],"1536x1536":["https:\/\/biblio1.mdp.edu.ar\/centro-ventas\/wp-content\/uploads\/sites\/2\/2022\/06\/tapa-451-c553bcbb2697eeac5315175162931762-1024-1024.jpg",1024,766,false],"2048x2048":["https:\/\/biblio1.mdp.edu.ar\/centro-ventas\/wp-content\/uploads\/sites\/2\/2022\/06\/tapa-451-c553bcbb2697eeac5315175162931762-1024-1024.jpg",1024,766,false],"woocommerce_thumbnail":["https:\/\/biblio1.mdp.edu.ar\/centro-ventas\/wp-content\/uploads\/sites\/2\/2022\/06\/tapa-451-c553bcbb2697eeac5315175162931762-1024-1024.jpg",300,224,false],"woocommerce_single":["https:\/\/biblio1.mdp.edu.ar\/centro-ventas\/wp-content\/uploads\/sites\/2\/2022\/06\/tapa-451-c553bcbb2697eeac5315175162931762-1024-1024.jpg",600,449,false],"woocommerce_gallery_thumbnail":["https:\/\/biblio1.mdp.edu.ar\/centro-ventas\/wp-content\/uploads\/sites\/2\/2022\/06\/tapa-451-c553bcbb2697eeac5315175162931762-1024-1024-100x100.jpg",100,100,true]},"uagb_author_info":{"display_name":"Cristina Bernabe","author_link":"https:\/\/biblio1.mdp.edu.ar\/centro-ventas\/author\/"},"uagb_comment_info":0,"uagb_excerpt":"Ubicaci\u00f3n: Argentina. P\u00e1ginas: 80. Incluye l\u00e1mina desplegable, tama\u00f1o 45x62cm. Fecha de edici\u00f3n: Septiembre 2013. ISSN: 1669-5380 Stock disponible Proyectos incluidos: 2 Fotograf\u00edas a color: 31 Fotograf\u00edas en ByN: 19 Planimetr\u00eda incluida: Plantas: 9 Alzadas: 4 Cortes: 5 Detalles: 1 Im\u00e1genes de maqueta: 2 Croquis: 1 Mobiliario: Ron Arad. Notas incluidas escritas por: Arq. Gerardo Caballero.&hellip;","_links":{"self":[{"href":"https:\/\/biblio1.mdp.edu.ar\/centro-ventas\/wp-json\/wp\/v2\/product\/2406","targetHints":{"allow":["GET"]}}],"collection":[{"href":"https:\/\/biblio1.mdp.edu.ar\/centro-ventas\/wp-json\/wp\/v2\/product"}],"about":[{"href":"https:\/\/biblio1.mdp.edu.ar\/centro-ventas\/wp-json\/wp\/v2\/types\/product"}],"wp:featuredmedia":[{"embeddable":true,"href":"https:\/\/biblio1.mdp.edu.ar\/centro-ventas\/wp-json\/wp\/v2\/media\/2407"}],"wp:attachment":[{"href":"https:\/\/biblio1.mdp.edu.ar\/centro-ventas\/wp-json\/wp\/v2\/media?parent=2406"}],"wp:term":[{"taxonomy":"product_cat","embeddable":true,"href":"https:\/\/biblio1.mdp.edu.ar\/centro-ventas\/wp-json\/wp\/v2\/product_cat?post=2406"},{"taxonomy":"product_tag","embeddable":true,"href":"https:\/\/biblio1.mdp.edu.ar\/centro-ventas\/wp-json\/wp\/v2\/product_tag?post=2406"}],"curies":[{"name":"wp","href":"https:\/\/api.w.org\/{rel}","templated":true}]}}

1:100 &#8211; Nº45 &#8211; Ventura Virzi

<div class="col-sm-6 col-md-8 text-center">
<div class="thumbnails">
<div class="swiper-thumb swiper-container-horizontal">
<div class="swiper-wrapper"><span style="font-size: 16px">Ubicación: Argentina.</span></div>
</div>
</div>
</div>
<div class="col-sm-5 col-md-4">
<div class="row">
<div class="col-sm-12">
<div class="description">
<p>Páginas: 80.<br />
Incluye lámina desplegable, tamaño 45x62cm.<br />
Fecha de edición: Septiembre 2013.<br />
ISSN: 1669-5380<br />
Stock disponible</p>
<p>Proyectos incluidos: 2<br />
Fotografías a color: 31<br />
Fotografías en ByN: 19<br />
Planimetría incluida:<br />
Plantas: 9<br />
Alzadas: 4<br />
Cortes: 5<br />
Detalles: 1<br />
Imágenes de maqueta: 2<br />
Croquis: 1<br />
Mobiliario: Ron Arad.</p>
<p>Notas incluidas escritas por:<br />
Arq. Gerardo Caballero.<br />
Cargo: Arquitecto, MArch. Dirige Caballero-<br />
Fernandez Arquitectos. Profesor de Teoría y Diseño en la<br />
Washington University.<br />
Arq. Luis Muller.<br />
Cargo: Profesor Titular de Historia y Director de la<br />
Maestría en Arquitectura. Facultad de Arquitectura, Diseño<br />
y Urbanismo &#8211; Universidad Nacional del Litoral.<br />
Arq. Ricardo Blanco.<br />
Cargo: Director de posgrado DIMO y ex director de<br />
la carrera de diseño industrial en la FADU-UBA, Académico<br />
de numero en la Academia Nacional de Bellas Artes.</p>
<p>Trayectoria.<br />
Entrevista.<br />
Memoria descriptiva.<br />
Ficha técnica.</p>
<p>PERFIL DEL ARQUITECTO.<br />
Obras destacadas:<br />
Casa de ladrillo.<br />
Edificio Giribone.<br />
Nacionalidad del arquitecto:<br />
Argentina.</p>
</div>
</div>
</div>
</div>

<p>Ubicación: Argentina. Páginas: 80. Incluye lámina desplegable, tamaño 45x62cm. Fecha de edición: Septiembre 2013. ISSN: 1669-5380 Stock disponible Proyectos incluidos: 2 Fotografías a color: 31 Fotografías en ByN: 19 Planimetría incluida: Plantas: 9 Alzadas: 4 Cortes: 5 Detalles: 1 Imágenes de maqueta: 2 Croquis: 1 Mobiliario: Ron Arad. Notas incluidas escritas por: Arq. Gerardo Caballero. [&hellip;]</p>

Ubicación: Argentina. Páginas: 80. Incluye lámina desplegable, tamaño 45x62cm. Fecha de edición: Septiembre 2013. ISSN: 1669-5380 Stock disponible Proyectos incluidos: 2 Fotografías a color: 31 Fotografías en ByN: 19 Planimetría incluida: Plantas: 9 Alzadas: 4 Cortes: 5 Detalles: 1 Imágenes de maqueta: 2 Croquis: 1 Mobiliario: Ron Arad. Notas incluidas escritas por: Arq. Gerardo Caballero.&hellip;
