{"id":2398,"date":"2022-06-14T20:30:54","date_gmt":"2022-06-14T20:30:54","guid":{"rendered":"http:\/\/biblio1.mdp.edu.ar\/centro-ventas\/?post_type=product&#038;p=2398"},"modified":"2024-02-27T15:54:10","modified_gmt":"2024-02-27T18:54:10","slug":"1100-n-48-adamo-faiden","status":"publish","type":"product","link":"https:\/\/biblio1.mdp.edu.ar\/centro-ventas\/producto\/1100-n-48-adamo-faiden\/","title":{"rendered":"1:100 &#8211; N-48 &#8211; Adamo Faiden"},"content":{"rendered":"<div class=\"row prod-headdata\">\n<div class=\"col-sm-12\">\n<div class=\"title\">\n<div class=\"row prod-headdata\">\n<div class=\"col-sm-12\">\n<div class=\"title\">\n<h1><span style=\"font-size: 16px\">Ubicaci\u00f3n: Buenos Aires, Argentina.<\/span><\/h1>\n<\/div>\n<\/div>\n<\/div>\n<div class=\"row\">\n<div class=\"col-sm-12\">\n<div class=\"description\">\n<p>P\u00e1ginas: 80.<br \/>\nIncluye l\u00e1mina deplegable, tama\u00f1o 45x62cm.<br \/>\nFecha de edici\u00f3n: Septiembre 2014.<br \/>\nISSN: 1669-5380<br \/>\nStock disponible<\/p>\n<p>Proyectos incluidos: 4<br \/>\nFotograf\u00edas a color: 38<br \/>\nFotograf\u00edas en ByN: 12<br \/>\nPlanimetr\u00eda incluida:<br \/>\nPlantas: 15<br \/>\nAlzadas: 2<br \/>\nCortes: 9<br \/>\nFachada: 3<br \/>\nCroquis: 1<br \/>\nMobiliario: Triombo.<\/p>\n<p>Notas incluidas escritas por:<br \/>\nArq. Felipe Mesa.<br \/>\nCargo: Profesor de diversas facultades de arquitectura<br \/>\nen Colombia. M\u00e1ster en Arquitectura: Cr\u00edtica y Proyecto.<br \/>\nDepartamento de Proyectos Arquitect\u00f3nicos, UPC.<br \/>\nArq. Roberto Lombardi.<br \/>\nCargo: Arquitecto. Profesor titular FADU UBA,<br \/>\nProfesor EAEU UTDT.<br \/>\nArq. Ricardo Blanco.<br \/>\nCargo: Director de posgrado DIMO y ex director de<br \/>\nla carrera de dise\u00f1o industrial en la FADU-UBA, Acad\u00e9mico<br \/>\nde numero en la Academia Nacional de Bellas Artes.<\/p>\n<p>Trayectoria.<br \/>\nMemoria descriptiva.<br \/>\nFicha t\u00e9cnica.<\/p>\n<p>PERFIL DEL ARQUITECTO.<br \/>\nObras destacadas:<br \/>\n&#8211; Casas Lago<br \/>\n&#8211; Edificio 11 de Septiembre<br \/>\n&#8211; Casa Martos<br \/>\n&#8211; Edificio 33 Orientales<br \/>\nNacionalidad de los arquitectos:<br \/>\nArgentina.<\/p>\n<\/div>\n<\/div>\n<\/div>\n<\/div>\n<\/div>\n<\/div>\n","protected":false},"excerpt":{"rendered":"<p>Ubicaci\u00f3n: Buenos Aires, Argentina. P\u00e1ginas: 80. Incluye l\u00e1mina deplegable, tama\u00f1o 45x62cm. Fecha de edici\u00f3n: Septiembre 2014. ISSN: 1669-5380 Stock disponible Proyectos incluidos: 4 Fotograf\u00edas a color: 38 Fotograf\u00edas en ByN: 12 Planimetr\u00eda incluida: Plantas: 15 Alzadas: 2 Cortes: 9 Fachada: 3 Croquis: 1 Mobiliario: Triombo. Notas incluidas escritas por: Arq. Felipe Mesa. Cargo: Profesor de [&hellip;]<\/p>\n","protected":false},"featured_media":2405,"template":"","meta":{"_acf_changed":false,"_eb_attr":"","_crdt_document":"","_uag_custom_page_level_css":"","_editorskit_title_hidden":false,"_editorskit_reading_time":0,"_editorskit_is_block_options_detached":false,"_editorskit_block_options_position":"{}","site-sidebar-layout":"default","site-content-layout":"default","ast-site-content-layout":"default","site-content-style":"default","site-sidebar-style":"default","ast-global-header-display":"","ast-banner-title-visibility":"","ast-main-header-display":"","ast-hfb-above-header-display":"","ast-hfb-below-header-display":"","ast-hfb-mobile-header-display":"","site-post-title":"","ast-breadcrumbs-content":"","ast-featured-img":"","footer-sml-layout":"","ast-disable-related-posts":"","theme-transparent-header-meta":"default","adv-header-id-meta":"","stick-header-meta":"","header-above-stick-meta":"","header-main-stick-meta":"","header-below-stick-meta":"","astra-migrate-meta-layouts":"default","ast-page-background-enabled":"default","ast-page-background-meta":{"desktop":{"background-color":"var(--ast-global-color-4)","background-image":"","background-repeat":"repeat","background-position":"center center","background-size":"auto","background-attachment":"scroll","background-type":"","background-media":"","overlay-type":"","overlay-color":"","overlay-opacity":"","overlay-gradient":""},"tablet":{"background-color":"","background-image":"","background-repeat":"repeat","background-position":"center center","background-size":"auto","background-attachment":"scroll","background-type":"","background-media":"","overlay-type":"","overlay-color":"","overlay-opacity":"","overlay-gradient":""},"mobile":{"background-color":"","background-image":"","background-repeat":"repeat","background-position":"center center","background-size":"auto","background-attachment":"scroll","background-type":"","background-media":"","overlay-type":"","overlay-color":"","overlay-opacity":"","overlay-gradient":""}},"ast-content-background-meta":{"desktop":{"background-color":"var(--ast-global-color-5)","background-image":"","background-repeat":"repeat","background-position":"center center","background-size":"auto","background-attachment":"scroll","background-type":"","background-media":"","overlay-type":"","overlay-color":"","overlay-opacity":"","overlay-gradient":""},"tablet":{"background-color":"var(--ast-global-color-5)","background-image":"","background-repeat":"repeat","background-position":"center center","background-size":"auto","background-attachment":"scroll","background-type":"","background-media":"","overlay-type":"","overlay-color":"","overlay-opacity":"","overlay-gradient":""},"mobile":{"background-color":"var(--ast-global-color-5)","background-image":"","background-repeat":"repeat","background-position":"center center","background-size":"auto","background-attachment":"scroll","background-type":"","background-media":"","overlay-type":"","overlay-color":"","overlay-opacity":"","overlay-gradient":""}}},"product_cat":[179,31],"product_tag":[76,36],"class_list":{"0":"post-2398","1":"product","2":"type-product","3":"status-publish","4":"has-post-thumbnail","6":"product_cat-1100-revistas","7":"product_cat-revistas","8":"product_tag-arquitectos","9":"product_tag-arquitectura","10":"desktop-align-left","11":"tablet-align-left","12":"mobile-align-left","14":"first","15":"outofstock","16":"shipping-taxable","17":"product-type-simple"},"acf":[],"uagb_featured_image_src":{"full":["https:\/\/biblio1.mdp.edu.ar\/centro-ventas\/wp-content\/uploads\/sites\/2\/2022\/06\/tapa-481-033034a0f554abab5a15175163309415-1024-1024.jpg",1024,767,false],"thumbnail":["https:\/\/biblio1.mdp.edu.ar\/centro-ventas\/wp-content\/uploads\/sites\/2\/2022\/06\/tapa-481-033034a0f554abab5a15175163309415-1024-1024.jpg",150,112,false],"medium":["https:\/\/biblio1.mdp.edu.ar\/centro-ventas\/wp-content\/uploads\/sites\/2\/2022\/06\/tapa-481-033034a0f554abab5a15175163309415-1024-1024.jpg",300,225,false],"medium_large":["https:\/\/biblio1.mdp.edu.ar\/centro-ventas\/wp-content\/uploads\/sites\/2\/2022\/06\/tapa-481-033034a0f554abab5a15175163309415-1024-1024.jpg",768,575,false],"large":["https:\/\/biblio1.mdp.edu.ar\/centro-ventas\/wp-content\/uploads\/sites\/2\/2022\/06\/tapa-481-033034a0f554abab5a15175163309415-1024-1024.jpg",1024,767,false],"1536x1536":["https:\/\/biblio1.mdp.edu.ar\/centro-ventas\/wp-content\/uploads\/sites\/2\/2022\/06\/tapa-481-033034a0f554abab5a15175163309415-1024-1024.jpg",1024,767,false],"2048x2048":["https:\/\/biblio1.mdp.edu.ar\/centro-ventas\/wp-content\/uploads\/sites\/2\/2022\/06\/tapa-481-033034a0f554abab5a15175163309415-1024-1024.jpg",1024,767,false],"woocommerce_thumbnail":["https:\/\/biblio1.mdp.edu.ar\/centro-ventas\/wp-content\/uploads\/sites\/2\/2022\/06\/tapa-481-033034a0f554abab5a15175163309415-1024-1024.jpg",300,225,false],"woocommerce_single":["https:\/\/biblio1.mdp.edu.ar\/centro-ventas\/wp-content\/uploads\/sites\/2\/2022\/06\/tapa-481-033034a0f554abab5a15175163309415-1024-1024.jpg",600,449,false],"woocommerce_gallery_thumbnail":["https:\/\/biblio1.mdp.edu.ar\/centro-ventas\/wp-content\/uploads\/sites\/2\/2022\/06\/tapa-481-033034a0f554abab5a15175163309415-1024-1024-100x100.jpg",100,100,true]},"uagb_author_info":{"display_name":"Cristina Bernabe","author_link":"https:\/\/biblio1.mdp.edu.ar\/centro-ventas\/author\/"},"uagb_comment_info":0,"uagb_excerpt":"Ubicaci\u00f3n: Buenos Aires, Argentina. P\u00e1ginas: 80. Incluye l\u00e1mina deplegable, tama\u00f1o 45x62cm. Fecha de edici\u00f3n: Septiembre 2014. ISSN: 1669-5380 Stock disponible Proyectos incluidos: 4 Fotograf\u00edas a color: 38 Fotograf\u00edas en ByN: 12 Planimetr\u00eda incluida: Plantas: 15 Alzadas: 2 Cortes: 9 Fachada: 3 Croquis: 1 Mobiliario: Triombo. Notas incluidas escritas por: Arq. Felipe Mesa. Cargo: Profesor de&hellip;","_links":{"self":[{"href":"https:\/\/biblio1.mdp.edu.ar\/centro-ventas\/wp-json\/wp\/v2\/product\/2398","targetHints":{"allow":["GET"]}}],"collection":[{"href":"https:\/\/biblio1.mdp.edu.ar\/centro-ventas\/wp-json\/wp\/v2\/product"}],"about":[{"href":"https:\/\/biblio1.mdp.edu.ar\/centro-ventas\/wp-json\/wp\/v2\/types\/product"}],"wp:featuredmedia":[{"embeddable":true,"href":"https:\/\/biblio1.mdp.edu.ar\/centro-ventas\/wp-json\/wp\/v2\/media\/2405"}],"wp:attachment":[{"href":"https:\/\/biblio1.mdp.edu.ar\/centro-ventas\/wp-json\/wp\/v2\/media?parent=2398"}],"wp:term":[{"taxonomy":"product_cat","embeddable":true,"href":"https:\/\/biblio1.mdp.edu.ar\/centro-ventas\/wp-json\/wp\/v2\/product_cat?post=2398"},{"taxonomy":"product_tag","embeddable":true,"href":"https:\/\/biblio1.mdp.edu.ar\/centro-ventas\/wp-json\/wp\/v2\/product_tag?post=2398"}],"curies":[{"name":"wp","href":"https:\/\/api.w.org\/{rel}","templated":true}]}}