{"id":1666,"date":"2019-05-20T21:55:22","date_gmt":"2019-05-21T00:55:22","guid":{"rendered":"http:\/\/biblio1.mdp.edu.ar\/centro-ventas\/?post_type=product&#038;p=1666"},"modified":"2026-04-01T14:53:59","modified_gmt":"2026-04-01T17:53:59","slug":"seres-excepcionales-seres-unicos","status":"publish","type":"product","link":"https:\/\/biblio1.mdp.edu.ar\/centro-ventas\/producto\/seres-excepcionales-seres-unicos\/","title":{"rendered":"Seres excepcionales seres \u00fanicos"},"content":{"rendered":"<p>Seres excepcionales seres \u00fanicos &#8211;\u00a0Para una cl\u00ednica de las fallas del \u00ablazo\u00bb<\/p>\n<p>Las fallas que nos ocupan aqu\u00ed son aquellas que\u00a0imposibilitan el lazo social, el poder habitar un mundo\u00a0compartido con otros; desde nuestra perspectiva\u00a0ser\u00eda necesaria una singular posici\u00f3n del analista.\u00a0Ser\u00e1 conveniente que un analista opere en\u00a0transferencia, acompa\u00f1ando, \u00a0sosteniendo y\u00a0ofreci\u00e9ndose como peque\u00f1o otro es decir un otro \u00a0cualquiera que no detente un lugar de saber. El \u00a0\u201cofrecerse\u201d desde el lugar de un semejante convoca\u00a0todo tipo de objeciones que ya han sido planteadas\u00a0desde la m\u00e1s temprana teor\u00eda psicoanal\u00edtica. Sin\u00a0embargo este trabajo intentar\u00e1 concluir que hay un\u00a0modo de sostener esta afirmaci\u00f3n. Se propondr\u00e1 a\u00a0trav\u00e9s de recorrer las nociones tales como las de la\u00a0de inconsistencia del Otro, la \u00a0invenci\u00f3n, y la llamada\u00a0\u201cposici\u00f3n femenina\u201d en la transferencia.<br \/>\nEl saber del analizante se podr\u00e1 desplegar si la\u00a0posici\u00f3n del analista posibilita el alojamiento de\u00a0aquello que ha sido tan mal visto\/dicho. En el punto\u00a0de vac\u00edo, donde lo f\u00e1lico y la castraci\u00f3n no est\u00e1n en\u00a0juego, donde la ley paterna no funciona, donde no\u00a0hay maestro que plantee una ley, la posici\u00f3n de La\u00a0mujer puede dar lugar a \u201cla invenci\u00f3n\u201d, verdadero\u00a0horizonte del discurso anal\u00edtico, y \u00a0es en este lugar\u00a0donde nos interesa situarnos en nuestra pr\u00e1ctica.<\/p>\n","protected":false},"excerpt":{"rendered":"<p>Seres excepcionales seres \u00fanicos &#8211;\u00a0Para una cl\u00ednica de las fallas del \u00ablazo\u00bb Las fallas que nos ocupan aqu\u00ed son aquellas que\u00a0imposibilitan el lazo social, el poder habitar un mundo\u00a0compartido con otros; desde nuestra perspectiva\u00a0ser\u00eda necesaria una singular posici\u00f3n del analista.\u00a0Ser\u00e1 conveniente que un analista opere en\u00a0transferencia, acompa\u00f1ando, \u00a0sosteniendo y\u00a0ofreci\u00e9ndose como peque\u00f1o otro es decir un [&hellip;]<\/p>\n","protected":false},"featured_media":1668,"template":"","meta":{"_acf_changed":false,"_eb_attr":"","_crdt_document":"","_uag_custom_page_level_css":"","_editorskit_title_hidden":false,"_editorskit_reading_time":0,"_editorskit_is_block_options_detached":false,"_editorskit_block_options_position":"{}","site-sidebar-layout":"default","site-content-layout":"","ast-site-content-layout":"default","site-content-style":"default","site-sidebar-style":"default","ast-global-header-display":"","ast-banner-title-visibility":"","ast-main-header-display":"","ast-hfb-above-header-display":"","ast-hfb-below-header-display":"","ast-hfb-mobile-header-display":"","site-post-title":"","ast-breadcrumbs-content":"","ast-featured-img":"","footer-sml-layout":"","ast-disable-related-posts":"","theme-transparent-header-meta":"","adv-header-id-meta":"","stick-header-meta":"","header-above-stick-meta":"","header-main-stick-meta":"","header-below-stick-meta":"","astra-migrate-meta-layouts":"default","ast-page-background-enabled":"default","ast-page-background-meta":{"desktop":{"background-color":"var(--ast-global-color-4)","background-image":"","background-repeat":"repeat","background-position":"center center","background-size":"auto","background-attachment":"scroll","background-type":"","background-media":"","overlay-type":"","overlay-color":"","overlay-opacity":"","overlay-gradient":""},"tablet":{"background-color":"","background-image":"","background-repeat":"repeat","background-position":"center center","background-size":"auto","background-attachment":"scroll","background-type":"","background-media":"","overlay-type":"","overlay-color":"","overlay-opacity":"","overlay-gradient":""},"mobile":{"background-color":"","background-image":"","background-repeat":"repeat","background-position":"center center","background-size":"auto","background-attachment":"scroll","background-type":"","background-media":"","overlay-type":"","overlay-color":"","overlay-opacity":"","overlay-gradient":""}},"ast-content-background-meta":{"desktop":{"background-color":"var(--ast-global-color-5)","background-image":"","background-repeat":"repeat","background-position":"center center","background-size":"auto","background-attachment":"scroll","background-type":"","background-media":"","overlay-type":"","overlay-color":"","overlay-opacity":"","overlay-gradient":""},"tablet":{"background-color":"var(--ast-global-color-5)","background-image":"","background-repeat":"repeat","background-position":"center center","background-size":"auto","background-attachment":"scroll","background-type":"","background-media":"","overlay-type":"","overlay-color":"","overlay-opacity":"","overlay-gradient":""},"mobile":{"background-color":"var(--ast-global-color-5)","background-image":"","background-repeat":"repeat","background-position":"center center","background-size":"auto","background-attachment":"scroll","background-type":"","background-media":"","overlay-type":"","overlay-color":"","overlay-opacity":"","overlay-gradient":""}}},"product_cat":[116,32,28],"product_tag":[68,70],"class_list":{"0":"post-1666","1":"product","2":"type-product","3":"status-publish","4":"has-post-thumbnail","6":"product_cat-coleccion-bitacora","7":"product_cat-edudem","8":"product_cat-libro","9":"product_tag-coleccion-bitacora","10":"product_tag-psicologia","11":"desktop-align-left","12":"tablet-align-left","13":"mobile-align-left","15":"first","16":"instock","17":"shipping-taxable","18":"purchasable","19":"product-type-simple"},"acf":[],"uagb_featured_image_src":{"full":["https:\/\/biblio1.mdp.edu.ar\/centro-ventas\/wp-content\/uploads\/sites\/2\/2019\/05\/IMG_20190517_183204.jpg",1562,2172,false],"thumbnail":["https:\/\/biblio1.mdp.edu.ar\/centro-ventas\/wp-content\/uploads\/sites\/2\/2019\/05\/IMG_20190517_183204-150x150.jpg",150,150,true],"medium":["https:\/\/biblio1.mdp.edu.ar\/centro-ventas\/wp-content\/uploads\/sites\/2\/2019\/05\/IMG_20190517_183204-216x300.jpg",216,300,true],"medium_large":["https:\/\/biblio1.mdp.edu.ar\/centro-ventas\/wp-content\/uploads\/sites\/2\/2019\/05\/IMG_20190517_183204-768x1068.jpg",768,1068,true],"large":["https:\/\/biblio1.mdp.edu.ar\/centro-ventas\/wp-content\/uploads\/sites\/2\/2019\/05\/IMG_20190517_183204-736x1024.jpg",736,1024,true],"1536x1536":["https:\/\/biblio1.mdp.edu.ar\/centro-ventas\/wp-content\/uploads\/sites\/2\/2019\/05\/IMG_20190517_183204.jpg",1105,1536,false],"2048x2048":["https:\/\/biblio1.mdp.edu.ar\/centro-ventas\/wp-content\/uploads\/sites\/2\/2019\/05\/IMG_20190517_183204.jpg",1473,2048,false],"woocommerce_thumbnail":["https:\/\/biblio1.mdp.edu.ar\/centro-ventas\/wp-content\/uploads\/sites\/2\/2019\/05\/IMG_20190517_183204-350x487.jpg",300,417,true],"woocommerce_single":["https:\/\/biblio1.mdp.edu.ar\/centro-ventas\/wp-content\/uploads\/sites\/2\/2019\/05\/IMG_20190517_183204-736x1024.jpg",600,835,true],"woocommerce_gallery_thumbnail":["https:\/\/biblio1.mdp.edu.ar\/centro-ventas\/wp-content\/uploads\/sites\/2\/2019\/05\/IMG_20190517_183204-100x100.jpg",100,100,true]},"uagb_author_info":{"display_name":"Cristina Bernabe","author_link":"https:\/\/biblio1.mdp.edu.ar\/centro-ventas\/author\/"},"uagb_comment_info":0,"uagb_excerpt":"Seres excepcionales seres \u00fanicos &#8211;\u00a0Para una cl\u00ednica de las fallas del \u00ablazo\u00bb Las fallas que nos ocupan aqu\u00ed son aquellas que\u00a0imposibilitan el lazo social, el poder habitar un mundo\u00a0compartido con otros; desde nuestra perspectiva\u00a0ser\u00eda necesaria una singular posici\u00f3n del analista.\u00a0Ser\u00e1 conveniente que un analista opere en\u00a0transferencia, acompa\u00f1ando, \u00a0sosteniendo y\u00a0ofreci\u00e9ndose como peque\u00f1o otro es decir un&hellip;","_links":{"self":[{"href":"https:\/\/biblio1.mdp.edu.ar\/centro-ventas\/wp-json\/wp\/v2\/product\/1666","targetHints":{"allow":["GET"]}}],"collection":[{"href":"https:\/\/biblio1.mdp.edu.ar\/centro-ventas\/wp-json\/wp\/v2\/product"}],"about":[{"href":"https:\/\/biblio1.mdp.edu.ar\/centro-ventas\/wp-json\/wp\/v2\/types\/product"}],"wp:featuredmedia":[{"embeddable":true,"href":"https:\/\/biblio1.mdp.edu.ar\/centro-ventas\/wp-json\/wp\/v2\/media\/1668"}],"wp:attachment":[{"href":"https:\/\/biblio1.mdp.edu.ar\/centro-ventas\/wp-json\/wp\/v2\/media?parent=1666"}],"wp:term":[{"taxonomy":"product_cat","embeddable":true,"href":"https:\/\/biblio1.mdp.edu.ar\/centro-ventas\/wp-json\/wp\/v2\/product_cat?post=1666"},{"taxonomy":"product_tag","embeddable":true,"href":"https:\/\/biblio1.mdp.edu.ar\/centro-ventas\/wp-json\/wp\/v2\/product_tag?post=1666"}],"curies":[{"name":"wp","href":"https:\/\/api.w.org\/{rel}","templated":true}]}}