{"id":1433,"date":"2018-10-25T20:28:13","date_gmt":"2018-10-25T23:28:13","guid":{"rendered":"http:\/\/biblio1.mdp.edu.ar\/centro-ventas\/?post_type=product&#038;p=1433"},"modified":"2025-09-01T18:24:34","modified_gmt":"2025-09-01T21:24:34","slug":"servicio-de-referencia-una-propuesta-integradora","status":"publish","type":"product","link":"https:\/\/biblio1.mdp.edu.ar\/centro-ventas\/producto\/servicio-de-referencia-una-propuesta-integradora\/","title":{"rendered":"Servicio de referencia-\u00a0Una propuesta integradora"},"content":{"rendered":"<p>El cambio de paradigma centrado en el usuario, la expansi\u00f3n de las Tecnolog\u00edas de la informaci\u00f3n y la comunicaci\u00f3n, el renovado sector de la econom\u00eda basado en los servicios, la investigaci\u00f3n y el desarrollo propio de la Bibliotecolog\u00eda y la Ciencia de la Informaci\u00f3n, la creciente interdisciplinariedad, entre otros temas, han madurado en esta propuesta. Planificar, organizar y gestionar el servicio de referencia es un proceso que involucra etapas sucesivas, en las que el bibliotecario realiza diversas tareas previas con el fin \u00faltimo de satisfacer en forma personalizada las necesidades de informaci\u00f3n y formaci\u00f3n de la comunidad de usuarios a la que sirve la biblioteca. Tradicionalmente, las obras referidas al servicio de referencia han acotado su alcance al conocimiento y manejo de las fuentes de informaci\u00f3n, a la b\u00fasqueda y provisi\u00f3n de informaci\u00f3n demandada y a las t\u00e9cnicas de entrevista. Sin dejar de lado estos importantes aspectos, esta obra suma la planificaci\u00f3n, organizaci\u00f3n y marketing general del servicio de referencia enfatizando la gesti\u00f3n de recursos humanos, el estudio de la comunidad y los estudios de usuarios y el desarrollo de la colecci\u00f3n de referencia. Revisa algunos modelos de entrevista de referencia para completarlos y profundiza en los diversos tipos de servicios. Ampl\u00eda los l\u00edmites de la formaci\u00f3n de usuarios presentando las distintas alternativas a considerar en el momento de iniciar un programa de formaci\u00f3n de usuarios. Describe con minuciosidad las t\u00e9cnicas de formaci\u00f3n individual, grupal y las estrategias en la comunicaci\u00f3n. Respecto de la evaluaci\u00f3n del servicio de referencia incorpora la gesti\u00f3n de calidad y la evaluaci\u00f3n de los recursos humanos por competencias. El \u00faltimo cap\u00edtulo convoca a los profesionales de la informaci\u00f3n a compartir, involucrarse y promover los ejes para la acci\u00f3n propuestos: el fuerte compromiso profesional con el servicio y el acceso a la informaci\u00f3n. Este libro destinado a estudiantes, colegas y profesionales del \u00e1mbito nacional e internacional pretende completar la producci\u00f3n bibliogr\u00e1fica sobre el servicio de referencia en lengua espa\u00f1ola y aportar una mirada integradora para repensar las propias pr\u00e1cticas y revalorizar el servicio.<\/p>\n<p>Irma Luz Garc\u00eda<\/p>\n<p>Mercedes Portugal<\/p>\n<p>9789871305308<\/p>\n<div class=\"product_meta\"><\/div>\n<p>&nbsp;<\/p>\n<h1 class=\"product_title entry-title\"><\/h1>\n<p>&nbsp;<\/p>\n","protected":false},"excerpt":{"rendered":"<p>El cambio de paradigma centrado en el usuario, la expansi\u00f3n de las Tecnolog\u00edas de la informaci\u00f3n y la comunicaci\u00f3n, el renovado sector de la econom\u00eda basado en los servicios, la investigaci\u00f3n y el desarrollo propio de la Bibliotecolog\u00eda y la Ciencia de la Informaci\u00f3n, la creciente interdisciplinariedad, entre otros temas, han madurado en esta propuesta. [&hellip;]<\/p>\n","protected":false},"featured_media":1434,"template":"","meta":{"_acf_changed":false,"_eb_attr":"","_crdt_document":"","_uag_custom_page_level_css":"","_editorskit_title_hidden":false,"_editorskit_reading_time":0,"_editorskit_is_block_options_detached":false,"_editorskit_block_options_position":"{}","site-sidebar-layout":"default","site-content-layout":"","ast-site-content-layout":"default","site-content-style":"default","site-sidebar-style":"default","ast-global-header-display":"","ast-banner-title-visibility":"","ast-main-header-display":"","ast-hfb-above-header-display":"","ast-hfb-below-header-display":"","ast-hfb-mobile-header-display":"","site-post-title":"","ast-breadcrumbs-content":"","ast-featured-img":"","footer-sml-layout":"","ast-disable-related-posts":"","theme-transparent-header-meta":"","adv-header-id-meta":"","stick-header-meta":"","header-above-stick-meta":"","header-main-stick-meta":"","header-below-stick-meta":"","astra-migrate-meta-layouts":"default","ast-page-background-enabled":"default","ast-page-background-meta":{"desktop":{"background-color":"var(--ast-global-color-4)","background-image":"","background-repeat":"repeat","background-position":"center center","background-size":"auto","background-attachment":"scroll","background-type":"","background-media":"","overlay-type":"","overlay-color":"","overlay-opacity":"","overlay-gradient":""},"tablet":{"background-color":"","background-image":"","background-repeat":"repeat","background-position":"center center","background-size":"auto","background-attachment":"scroll","background-type":"","background-media":"","overlay-type":"","overlay-color":"","overlay-opacity":"","overlay-gradient":""},"mobile":{"background-color":"","background-image":"","background-repeat":"repeat","background-position":"center center","background-size":"auto","background-attachment":"scroll","background-type":"","background-media":"","overlay-type":"","overlay-color":"","overlay-opacity":"","overlay-gradient":""}},"ast-content-background-meta":{"desktop":{"background-color":"var(--ast-global-color-5)","background-image":"","background-repeat":"repeat","background-position":"center center","background-size":"auto","background-attachment":"scroll","background-type":"","background-media":"","overlay-type":"","overlay-color":"","overlay-opacity":"","overlay-gradient":""},"tablet":{"background-color":"var(--ast-global-color-5)","background-image":"","background-repeat":"repeat","background-position":"center center","background-size":"auto","background-attachment":"scroll","background-type":"","background-media":"","overlay-type":"","overlay-color":"","overlay-opacity":"","overlay-gradient":""},"mobile":{"background-color":"var(--ast-global-color-5)","background-image":"","background-repeat":"repeat","background-position":"center center","background-size":"auto","background-attachment":"scroll","background-type":"","background-media":"","overlay-type":"","overlay-color":"","overlay-opacity":"","overlay-gradient":""}}},"product_cat":[74,28],"product_tag":[84],"class_list":{"0":"post-1433","1":"product","2":"type-product","3":"status-publish","4":"has-post-thumbnail","6":"product_cat-alfagrama","7":"product_cat-libro","8":"product_tag-bibliotecologia","9":"desktop-align-left","10":"tablet-align-left","11":"mobile-align-left","13":"first","14":"instock","15":"shipping-taxable","16":"purchasable","17":"product-type-simple"},"acf":[],"uagb_featured_image_src":{"full":["https:\/\/biblio1.mdp.edu.ar\/centro-ventas\/wp-content\/uploads\/sites\/2\/2018\/10\/ServRef9789871305308_T.jpg",370,538,false],"thumbnail":["https:\/\/biblio1.mdp.edu.ar\/centro-ventas\/wp-content\/uploads\/sites\/2\/2018\/10\/ServRef9789871305308_T-150x150.jpg",150,150,true],"medium":["https:\/\/biblio1.mdp.edu.ar\/centro-ventas\/wp-content\/uploads\/sites\/2\/2018\/10\/ServRef9789871305308_T-206x300.jpg",206,300,true],"medium_large":["https:\/\/biblio1.mdp.edu.ar\/centro-ventas\/wp-content\/uploads\/sites\/2\/2018\/10\/ServRef9789871305308_T.jpg",370,538,false],"large":["https:\/\/biblio1.mdp.edu.ar\/centro-ventas\/wp-content\/uploads\/sites\/2\/2018\/10\/ServRef9789871305308_T.jpg",370,538,false],"1536x1536":["https:\/\/biblio1.mdp.edu.ar\/centro-ventas\/wp-content\/uploads\/sites\/2\/2018\/10\/ServRef9789871305308_T.jpg",370,538,false],"2048x2048":["https:\/\/biblio1.mdp.edu.ar\/centro-ventas\/wp-content\/uploads\/sites\/2\/2018\/10\/ServRef9789871305308_T.jpg",370,538,false],"woocommerce_thumbnail":["https:\/\/biblio1.mdp.edu.ar\/centro-ventas\/wp-content\/uploads\/sites\/2\/2018\/10\/ServRef9789871305308_T-250x364.jpg",250,364,true],"woocommerce_single":["https:\/\/biblio1.mdp.edu.ar\/centro-ventas\/wp-content\/uploads\/sites\/2\/2018\/10\/ServRef9789871305308_T.jpg",370,538,false],"woocommerce_gallery_thumbnail":["https:\/\/biblio1.mdp.edu.ar\/centro-ventas\/wp-content\/uploads\/sites\/2\/2018\/10\/ServRef9789871305308_T-100x100.jpg",100,100,true]},"uagb_author_info":{"display_name":"Cristina Bernabe","author_link":"https:\/\/biblio1.mdp.edu.ar\/centro-ventas\/author\/"},"uagb_comment_info":0,"uagb_excerpt":"El cambio de paradigma centrado en el usuario, la expansi\u00f3n de las Tecnolog\u00edas de la informaci\u00f3n y la comunicaci\u00f3n, el renovado sector de la econom\u00eda basado en los servicios, la investigaci\u00f3n y el desarrollo propio de la Bibliotecolog\u00eda y la Ciencia de la Informaci\u00f3n, la creciente interdisciplinariedad, entre otros temas, han madurado en esta propuesta.&hellip;","_links":{"self":[{"href":"https:\/\/biblio1.mdp.edu.ar\/centro-ventas\/wp-json\/wp\/v2\/product\/1433","targetHints":{"allow":["GET"]}}],"collection":[{"href":"https:\/\/biblio1.mdp.edu.ar\/centro-ventas\/wp-json\/wp\/v2\/product"}],"about":[{"href":"https:\/\/biblio1.mdp.edu.ar\/centro-ventas\/wp-json\/wp\/v2\/types\/product"}],"wp:featuredmedia":[{"embeddable":true,"href":"https:\/\/biblio1.mdp.edu.ar\/centro-ventas\/wp-json\/wp\/v2\/media\/1434"}],"wp:attachment":[{"href":"https:\/\/biblio1.mdp.edu.ar\/centro-ventas\/wp-json\/wp\/v2\/media?parent=1433"}],"wp:term":[{"taxonomy":"product_cat","embeddable":true,"href":"https:\/\/biblio1.mdp.edu.ar\/centro-ventas\/wp-json\/wp\/v2\/product_cat?post=1433"},{"taxonomy":"product_tag","embeddable":true,"href":"https:\/\/biblio1.mdp.edu.ar\/centro-ventas\/wp-json\/wp\/v2\/product_tag?post=1433"}],"curies":[{"name":"wp","href":"https:\/\/api.w.org\/{rel}","templated":true}]}}