{"id":1429,"date":"2018-10-25T20:18:43","date_gmt":"2018-10-25T23:18:43","guid":{"rendered":"http:\/\/biblio1.mdp.edu.ar\/centro-ventas\/?post_type=product&#038;p=1429"},"modified":"2025-09-01T18:23:33","modified_gmt":"2025-09-01T21:23:33","slug":"recursos-informacionales-para-compartir","status":"publish","type":"product","link":"https:\/\/biblio1.mdp.edu.ar\/centro-ventas\/producto\/recursos-informacionales-para-compartir\/","title":{"rendered":"Recursos informacionales para compartir"},"content":{"rendered":"<div class=\"container\">\n<div class=\"right-detail content-tab col-md-8 col-sm-12 col-xs-12 book-center\">\n<div id=\"over-view\" class=\"book-desc-detail book-tab-show\">\n<p>La informaci\u00f3n es uno de los t\u00e9rminos de mayor presencia en la vida cotidiana del ser humano contempor\u00e1neo, en cualquier contexto, en cualquier profesi\u00f3n y en cualquier pa\u00eds. Sin embargo, al tiempo en que el flujo de informaci\u00f3n se intensifica e invade nuestras vidas personales y profesionales, m\u00e1s que antes, es importante considerar hasta d\u00f3nde nos conduce esta cadena interminable de nuevos datos, que se transmutan (o no) en nuevas informaciones y\/o en nuevos conocimientos. La avalancha de informaci\u00f3n que inunda nuestras vidas provoca serias dificultades para seleccionar y aprender mecanismos que faciliten su acceso, disponibilidad y uso eficiente. Esa obra presenta ocho cap\u00edtulos cuidadosamente preparados por diez expertos en el campo de la Ciencia de la Informaci\u00f3n y\/o \u00e1reas afines. La diversidad de temas est\u00e1 en consonancia con la multiplicidad de las innovaciones tecnol\u00f3gicas de hoy. Hay quien discurre acerca de las fuentes informacionales en tiempos de la Open Archives Initiative \/ Iniciativa de Archivos Abiertos (OAI) y el Movimiento de Acceso Abierto \/ Open Access (OA) y los productos y servicios de informaci\u00f3n en la llamada sociedad del conocimiento, o si se quiere, sociedad de la informaci\u00f3n o sociedad del aprendizaje. Algunos autores cuestionan si el momento actual nos lleva a un presente virtual. Hay quienes tratan la cuesti\u00f3n de la injerencia estatal en la comunicaci\u00f3n cient\u00edfica, y otros autores exploran el potencial de la patente. Unos expertos ven Google como un medio de acceso a los recursos de informaci\u00f3n y otros ven en el cine una puerta abierta para la producci\u00f3n de conocimientos. Tambi\u00e9n hay algunos que hablan de la magia de la biblioteca digital en sus m\u00faltiples facetas siempre en busca de la alfabetizaci\u00f3n en informaci\u00f3n. Sin embargo, convergen todos los cap\u00edtulos en el reconocimiento de que la tecnolog\u00eda, la modernidad, el progreso y la evoluci\u00f3n siempre tienen dos lados. Hay uno m\u00e1s brillante, que expone el pleno acceso a la recursos de informaci\u00f3n m\u00e1s diversa, procedente de diferentes rincones del mundo. En el lado oscuro, los recursos de informaci\u00f3n excesiva pierden su raz\u00f3n de ser si los gobiernos y los profesionales no invierten en estrategias para el intercambio de informaci\u00f3n que favorezcan el acceso universal idealizado. Por otra parte, no podemos olvidar, como se\u00f1ala Targino, que la excesiva oferta de contenidos de dudosa procedencia, a menudo an\u00f3nimos, secuestran nuestro tiempo, nos roban energ\u00eda tratando de satisfacer nuestras demandas de informaci\u00f3n y, por encima de todo, laceran nuestra credulidad. [Del pr\u00f3logo de Maria J\u00falia Giannasi-Kaimen y Ana Esmeralda Carelli (organizadoras)]<\/p>\n<p>9789871305612<\/p>\n<\/div>\n<\/div>\n<\/div>\n<div class=\"container border\"><\/div>\n","protected":false},"excerpt":{"rendered":"<p>La informaci\u00f3n es uno de los t\u00e9rminos de mayor presencia en la vida cotidiana del ser humano contempor\u00e1neo, en cualquier contexto, en cualquier profesi\u00f3n y en cualquier pa\u00eds. Sin embargo, al tiempo en que el flujo de informaci\u00f3n se intensifica e invade nuestras vidas personales y profesionales, m\u00e1s que antes, es importante considerar hasta d\u00f3nde [&hellip;]<\/p>\n","protected":false},"featured_media":1430,"template":"","meta":{"_acf_changed":false,"_eb_attr":"","_crdt_document":"","_uag_custom_page_level_css":"","_editorskit_title_hidden":false,"_editorskit_reading_time":0,"_editorskit_is_block_options_detached":false,"_editorskit_block_options_position":"{}","site-sidebar-layout":"default","site-content-layout":"","ast-site-content-layout":"default","site-content-style":"default","site-sidebar-style":"default","ast-global-header-display":"","ast-banner-title-visibility":"","ast-main-header-display":"","ast-hfb-above-header-display":"","ast-hfb-below-header-display":"","ast-hfb-mobile-header-display":"","site-post-title":"","ast-breadcrumbs-content":"","ast-featured-img":"","footer-sml-layout":"","ast-disable-related-posts":"","theme-transparent-header-meta":"","adv-header-id-meta":"","stick-header-meta":"","header-above-stick-meta":"","header-main-stick-meta":"","header-below-stick-meta":"","astra-migrate-meta-layouts":"default","ast-page-background-enabled":"default","ast-page-background-meta":{"desktop":{"background-color":"var(--ast-global-color-4)","background-image":"","background-repeat":"repeat","background-position":"center center","background-size":"auto","background-attachment":"scroll","background-type":"","background-media":"","overlay-type":"","overlay-color":"","overlay-opacity":"","overlay-gradient":""},"tablet":{"background-color":"","background-image":"","background-repeat":"repeat","background-position":"center center","background-size":"auto","background-attachment":"scroll","background-type":"","background-media":"","overlay-type":"","overlay-color":"","overlay-opacity":"","overlay-gradient":""},"mobile":{"background-color":"","background-image":"","background-repeat":"repeat","background-position":"center center","background-size":"auto","background-attachment":"scroll","background-type":"","background-media":"","overlay-type":"","overlay-color":"","overlay-opacity":"","overlay-gradient":""}},"ast-content-background-meta":{"desktop":{"background-color":"var(--ast-global-color-5)","background-image":"","background-repeat":"repeat","background-position":"center center","background-size":"auto","background-attachment":"scroll","background-type":"","background-media":"","overlay-type":"","overlay-color":"","overlay-opacity":"","overlay-gradient":""},"tablet":{"background-color":"var(--ast-global-color-5)","background-image":"","background-repeat":"repeat","background-position":"center center","background-size":"auto","background-attachment":"scroll","background-type":"","background-media":"","overlay-type":"","overlay-color":"","overlay-opacity":"","overlay-gradient":""},"mobile":{"background-color":"var(--ast-global-color-5)","background-image":"","background-repeat":"repeat","background-position":"center center","background-size":"auto","background-attachment":"scroll","background-type":"","background-media":"","overlay-type":"","overlay-color":"","overlay-opacity":"","overlay-gradient":""}}},"product_cat":[74,28],"product_tag":[84,89],"class_list":{"0":"post-1429","1":"product","2":"type-product","3":"status-publish","4":"has-post-thumbnail","6":"product_cat-alfagrama","7":"product_cat-libro","8":"product_tag-bibliotecologia","9":"product_tag-ciencias-de-la-informacion","10":"desktop-align-left","11":"tablet-align-left","12":"mobile-align-left","14":"first","15":"instock","16":"shipping-taxable","17":"purchasable","18":"product-type-simple"},"acf":[],"uagb_featured_image_src":{"full":["https:\/\/biblio1.mdp.edu.ar\/centro-ventas\/wp-content\/uploads\/sites\/2\/2018\/10\/RecuInforma9789871305612_T.jpg",370,538,false],"thumbnail":["https:\/\/biblio1.mdp.edu.ar\/centro-ventas\/wp-content\/uploads\/sites\/2\/2018\/10\/RecuInforma9789871305612_T-150x150.jpg",150,150,true],"medium":["https:\/\/biblio1.mdp.edu.ar\/centro-ventas\/wp-content\/uploads\/sites\/2\/2018\/10\/RecuInforma9789871305612_T-206x300.jpg",206,300,true],"medium_large":["https:\/\/biblio1.mdp.edu.ar\/centro-ventas\/wp-content\/uploads\/sites\/2\/2018\/10\/RecuInforma9789871305612_T.jpg",370,538,false],"large":["https:\/\/biblio1.mdp.edu.ar\/centro-ventas\/wp-content\/uploads\/sites\/2\/2018\/10\/RecuInforma9789871305612_T.jpg",370,538,false],"1536x1536":["https:\/\/biblio1.mdp.edu.ar\/centro-ventas\/wp-content\/uploads\/sites\/2\/2018\/10\/RecuInforma9789871305612_T.jpg",370,538,false],"2048x2048":["https:\/\/biblio1.mdp.edu.ar\/centro-ventas\/wp-content\/uploads\/sites\/2\/2018\/10\/RecuInforma9789871305612_T.jpg",370,538,false],"woocommerce_thumbnail":["https:\/\/biblio1.mdp.edu.ar\/centro-ventas\/wp-content\/uploads\/sites\/2\/2018\/10\/RecuInforma9789871305612_T-250x364.jpg",250,364,true],"woocommerce_single":["https:\/\/biblio1.mdp.edu.ar\/centro-ventas\/wp-content\/uploads\/sites\/2\/2018\/10\/RecuInforma9789871305612_T.jpg",370,538,false],"woocommerce_gallery_thumbnail":["https:\/\/biblio1.mdp.edu.ar\/centro-ventas\/wp-content\/uploads\/sites\/2\/2018\/10\/RecuInforma9789871305612_T-100x100.jpg",100,100,true]},"uagb_author_info":{"display_name":"Cristina Bernabe","author_link":"https:\/\/biblio1.mdp.edu.ar\/centro-ventas\/author\/"},"uagb_comment_info":0,"uagb_excerpt":"La informaci\u00f3n es uno de los t\u00e9rminos de mayor presencia en la vida cotidiana del ser humano contempor\u00e1neo, en cualquier contexto, en cualquier profesi\u00f3n y en cualquier pa\u00eds. Sin embargo, al tiempo en que el flujo de informaci\u00f3n se intensifica e invade nuestras vidas personales y profesionales, m\u00e1s que antes, es importante considerar hasta d\u00f3nde&hellip;","_links":{"self":[{"href":"https:\/\/biblio1.mdp.edu.ar\/centro-ventas\/wp-json\/wp\/v2\/product\/1429","targetHints":{"allow":["GET"]}}],"collection":[{"href":"https:\/\/biblio1.mdp.edu.ar\/centro-ventas\/wp-json\/wp\/v2\/product"}],"about":[{"href":"https:\/\/biblio1.mdp.edu.ar\/centro-ventas\/wp-json\/wp\/v2\/types\/product"}],"wp:featuredmedia":[{"embeddable":true,"href":"https:\/\/biblio1.mdp.edu.ar\/centro-ventas\/wp-json\/wp\/v2\/media\/1430"}],"wp:attachment":[{"href":"https:\/\/biblio1.mdp.edu.ar\/centro-ventas\/wp-json\/wp\/v2\/media?parent=1429"}],"wp:term":[{"taxonomy":"product_cat","embeddable":true,"href":"https:\/\/biblio1.mdp.edu.ar\/centro-ventas\/wp-json\/wp\/v2\/product_cat?post=1429"},{"taxonomy":"product_tag","embeddable":true,"href":"https:\/\/biblio1.mdp.edu.ar\/centro-ventas\/wp-json\/wp\/v2\/product_tag?post=1429"}],"curies":[{"name":"wp","href":"https:\/\/api.w.org\/{rel}","templated":true}]}}