{"id":1425,"date":"2018-10-25T20:13:37","date_gmt":"2018-10-25T23:13:37","guid":{"rendered":"http:\/\/biblio1.mdp.edu.ar\/centro-ventas\/?post_type=product&#038;p=1425"},"modified":"2025-09-01T18:13:52","modified_gmt":"2025-09-01T21:13:52","slug":"porque-de-los-archivos-privados","status":"publish","type":"product","link":"https:\/\/biblio1.mdp.edu.ar\/centro-ventas\/producto\/porque-de-los-archivos-privados\/","title":{"rendered":"El porqu\u00e9 de los archivos privados"},"content":{"rendered":"<p>Mar\u00eda del Carmen Mastropierro se ocupa de la compleja tem\u00e1tica relacionada con los fondos archiv\u00edsticos de sujetos privados, a los documentos relativos, a su utilizaci\u00f3n con fines administrativos, jur\u00eddicos y de investigaci\u00f3n hist\u00f3rica. No es raro para quien trabaja con archivos escuchar preguntas del tipo: qu\u00e9 son los archivos, para qu\u00e9 sirven, d\u00f3nde se encuentran y c\u00f3mo se puede recurrir a ellos, y si bien es muy sencillo dar respuesta con respecto a los archivos p\u00fablicos, para los archivos privados resulta mucho m\u00e1s dif\u00edcil. La autora encara las problem\u00e1ticas fundamentales relativas al concepto de archivo privado, queriendo precisar, desde el punto de vista conceptual y jur\u00eddico, la diferencia entre archivo privado y archivo p\u00fablico, haciendo resaltar los elementos constitutivos para proponer una completa y exhaustiva definici\u00f3n de los mismos. Una ulterior tem\u00e1tica encarada es aquella relacionada con las distintas tipolog\u00edas de los archivos privados, condicionadas por las calidades, caracter\u00edsticas y finalidades del ente productor; de hecho hay una sustancial diferencia entre un archivo producido por un ente privado (asociaci\u00f3n, sociedad, etc.) y el archivo producido por una familia o por una persona f\u00edsica. M\u00e1s adelante, la autora dedica un espacio especial al archivo privado como objeto de estudio presentando la documentaci\u00f3n privada en varios aspectos: jur\u00eddico, filos\u00f3fico y social. Por lo tanto analiza las distintas razones y motivaciones por las cuales un archivo privado es \u00abcreado\u00bb, para pasar luego al an\u00e1lisis de las tipolog\u00edas en particular: los archivos personales, los archivos de familia y los archivos de entes privados. El archivo personal nace como necesidad del individuo de conservar testimonios escritos de su actividad, de sus intereses, de las relaciones y de las relaciones mantenidas en los ambientes m\u00e1s diversificados en el curso de su existencia, archivo condicionado, como ejemplifica la autora, desde las caracter\u00edsticas profesionales, a las vicisitudes pol\u00edticas, militares, sociales del sujeto productor; el archivo de familia muestra una g\u00e9nesis diferente, puesto que es el producto de una comunidad especial unida por v\u00ednculos afectivos y de sangre, en el cual interact\u00faan m\u00e1s sujetos y en el cual un especial nexo est\u00e1 dado por la salvaguardia del patrimonio; el archivo de un ente privado es estudiado en base a las caracter\u00edsticas jur\u00eddico-sociales del sujeto productor y la autora individualiza toda una serie de tipolog\u00edas concluyendo con el archivo de empresa. El libro concluye encarando el problema de la fruici\u00f3n y de la privacidad de la documentaci\u00f3n privada y el tema de la incidencia de la necesidad de la informaci\u00f3n en la sociedad actual. La obra de la doctora Mastropierro es una invitaci\u00f3n a aquellos que quieren hacerse una idea precisa, proveerse de rudimentos de base y nociones elementales respecto de la documentaci\u00f3n privada; en muchos individuos, de hecho, no existe familiaridad no s\u00f3lo con la realidad de un archivo privado, tampoco con la teor\u00eda, o bien con los conceptos de la disciplina y con el fundamental conocimiento de las instituciones. Es adem\u00e1s una invitaci\u00f3n a la reflexi\u00f3n a\u00fan para quien opera en los archivos y que, a\u00fan habiendo adquirido poca experiencia, posee metodolog\u00edas y t\u00e9cnicas v\u00e1lidas para el sector espec\u00edfico y conoce la normativa. Una investigaci\u00f3n referida a todo el campo de los archivos privados, que toma en consideraci\u00f3n las tem\u00e1ticas tradicionales sin dejar de lado las exigencias de una sociedad en transformaci\u00f3n, un est\u00edmulo al estudio y a la profundizaci\u00f3n para brindar un marco, en el cual tambi\u00e9n los archivos privados, adem\u00e1s de los fines pr\u00e1cticos, desarrollan una importante funci\u00f3n cultural.<\/p>\n<p>Mar\u00eda del Carmen Mastropierro<\/p>\n<p>9789871305247<\/p>\n<div class=\"product_meta\"><\/div>\n<p>&nbsp;<\/p>\n","protected":false},"excerpt":{"rendered":"<p>Mar\u00eda del Carmen Mastropierro se ocupa de la compleja tem\u00e1tica relacionada con los fondos archiv\u00edsticos de sujetos privados, a los documentos relativos, a su utilizaci\u00f3n con fines administrativos, jur\u00eddicos y de investigaci\u00f3n hist\u00f3rica. No es raro para quien trabaja con archivos escuchar preguntas del tipo: qu\u00e9 son los archivos, para qu\u00e9 sirven, d\u00f3nde se encuentran [&hellip;]<\/p>\n","protected":false},"featured_media":1426,"template":"","meta":{"_acf_changed":false,"_eb_attr":"","_crdt_document":"","_uag_custom_page_level_css":"","_editorskit_title_hidden":false,"_editorskit_reading_time":0,"_editorskit_is_block_options_detached":false,"_editorskit_block_options_position":"{}","site-sidebar-layout":"default","site-content-layout":"","ast-site-content-layout":"default","site-content-style":"default","site-sidebar-style":"default","ast-global-header-display":"","ast-banner-title-visibility":"","ast-main-header-display":"","ast-hfb-above-header-display":"","ast-hfb-below-header-display":"","ast-hfb-mobile-header-display":"","site-post-title":"","ast-breadcrumbs-content":"","ast-featured-img":"","footer-sml-layout":"","ast-disable-related-posts":"","theme-transparent-header-meta":"","adv-header-id-meta":"","stick-header-meta":"","header-above-stick-meta":"","header-main-stick-meta":"","header-below-stick-meta":"","astra-migrate-meta-layouts":"default","ast-page-background-enabled":"default","ast-page-background-meta":{"desktop":{"background-color":"var(--ast-global-color-4)","background-image":"","background-repeat":"repeat","background-position":"center center","background-size":"auto","background-attachment":"scroll","background-type":"","background-media":"","overlay-type":"","overlay-color":"","overlay-opacity":"","overlay-gradient":""},"tablet":{"background-color":"","background-image":"","background-repeat":"repeat","background-position":"center center","background-size":"auto","background-attachment":"scroll","background-type":"","background-media":"","overlay-type":"","overlay-color":"","overlay-opacity":"","overlay-gradient":""},"mobile":{"background-color":"","background-image":"","background-repeat":"repeat","background-position":"center center","background-size":"auto","background-attachment":"scroll","background-type":"","background-media":"","overlay-type":"","overlay-color":"","overlay-opacity":"","overlay-gradient":""}},"ast-content-background-meta":{"desktop":{"background-color":"var(--ast-global-color-5)","background-image":"","background-repeat":"repeat","background-position":"center center","background-size":"auto","background-attachment":"scroll","background-type":"","background-media":"","overlay-type":"","overlay-color":"","overlay-opacity":"","overlay-gradient":""},"tablet":{"background-color":"var(--ast-global-color-5)","background-image":"","background-repeat":"repeat","background-position":"center center","background-size":"auto","background-attachment":"scroll","background-type":"","background-media":"","overlay-type":"","overlay-color":"","overlay-opacity":"","overlay-gradient":""},"mobile":{"background-color":"var(--ast-global-color-5)","background-image":"","background-repeat":"repeat","background-position":"center center","background-size":"auto","background-attachment":"scroll","background-type":"","background-media":"","overlay-type":"","overlay-color":"","overlay-opacity":"","overlay-gradient":""}}},"product_cat":[74,28],"product_tag":[90,84],"class_list":{"0":"post-1425","1":"product","2":"type-product","3":"status-publish","4":"has-post-thumbnail","6":"product_cat-alfagrama","7":"product_cat-libro","8":"product_tag-archivistica","9":"product_tag-bibliotecologia","10":"desktop-align-left","11":"tablet-align-left","12":"mobile-align-left","14":"first","15":"instock","16":"shipping-taxable","17":"purchasable","18":"product-type-simple"},"acf":[],"uagb_featured_image_src":{"full":["https:\/\/biblio1.mdp.edu.ar\/centro-ventas\/wp-content\/uploads\/sites\/2\/2018\/10\/porqueArchPriv9789871305247_T.jpg",370,533,false],"thumbnail":["https:\/\/biblio1.mdp.edu.ar\/centro-ventas\/wp-content\/uploads\/sites\/2\/2018\/10\/porqueArchPriv9789871305247_T-150x150.jpg",150,150,true],"medium":["https:\/\/biblio1.mdp.edu.ar\/centro-ventas\/wp-content\/uploads\/sites\/2\/2018\/10\/porqueArchPriv9789871305247_T-208x300.jpg",208,300,true],"medium_large":["https:\/\/biblio1.mdp.edu.ar\/centro-ventas\/wp-content\/uploads\/sites\/2\/2018\/10\/porqueArchPriv9789871305247_T.jpg",370,533,false],"large":["https:\/\/biblio1.mdp.edu.ar\/centro-ventas\/wp-content\/uploads\/sites\/2\/2018\/10\/porqueArchPriv9789871305247_T.jpg",370,533,false],"1536x1536":["https:\/\/biblio1.mdp.edu.ar\/centro-ventas\/wp-content\/uploads\/sites\/2\/2018\/10\/porqueArchPriv9789871305247_T.jpg",370,533,false],"2048x2048":["https:\/\/biblio1.mdp.edu.ar\/centro-ventas\/wp-content\/uploads\/sites\/2\/2018\/10\/porqueArchPriv9789871305247_T.jpg",370,533,false],"woocommerce_thumbnail":["https:\/\/biblio1.mdp.edu.ar\/centro-ventas\/wp-content\/uploads\/sites\/2\/2018\/10\/porqueArchPriv9789871305247_T-250x360.jpg",250,360,true],"woocommerce_single":["https:\/\/biblio1.mdp.edu.ar\/centro-ventas\/wp-content\/uploads\/sites\/2\/2018\/10\/porqueArchPriv9789871305247_T.jpg",370,533,false],"woocommerce_gallery_thumbnail":["https:\/\/biblio1.mdp.edu.ar\/centro-ventas\/wp-content\/uploads\/sites\/2\/2018\/10\/porqueArchPriv9789871305247_T-100x100.jpg",100,100,true]},"uagb_author_info":{"display_name":"Cristina Bernabe","author_link":"https:\/\/biblio1.mdp.edu.ar\/centro-ventas\/author\/"},"uagb_comment_info":0,"uagb_excerpt":"Mar\u00eda del Carmen Mastropierro se ocupa de la compleja tem\u00e1tica relacionada con los fondos archiv\u00edsticos de sujetos privados, a los documentos relativos, a su utilizaci\u00f3n con fines administrativos, jur\u00eddicos y de investigaci\u00f3n hist\u00f3rica. No es raro para quien trabaja con archivos escuchar preguntas del tipo: qu\u00e9 son los archivos, para qu\u00e9 sirven, d\u00f3nde se encuentran&hellip;","_links":{"self":[{"href":"https:\/\/biblio1.mdp.edu.ar\/centro-ventas\/wp-json\/wp\/v2\/product\/1425","targetHints":{"allow":["GET"]}}],"collection":[{"href":"https:\/\/biblio1.mdp.edu.ar\/centro-ventas\/wp-json\/wp\/v2\/product"}],"about":[{"href":"https:\/\/biblio1.mdp.edu.ar\/centro-ventas\/wp-json\/wp\/v2\/types\/product"}],"wp:featuredmedia":[{"embeddable":true,"href":"https:\/\/biblio1.mdp.edu.ar\/centro-ventas\/wp-json\/wp\/v2\/media\/1426"}],"wp:attachment":[{"href":"https:\/\/biblio1.mdp.edu.ar\/centro-ventas\/wp-json\/wp\/v2\/media?parent=1425"}],"wp:term":[{"taxonomy":"product_cat","embeddable":true,"href":"https:\/\/biblio1.mdp.edu.ar\/centro-ventas\/wp-json\/wp\/v2\/product_cat?post=1425"},{"taxonomy":"product_tag","embeddable":true,"href":"https:\/\/biblio1.mdp.edu.ar\/centro-ventas\/wp-json\/wp\/v2\/product_tag?post=1425"}],"curies":[{"name":"wp","href":"https:\/\/api.w.org\/{rel}","templated":true}]}}