{"id":1423,"date":"2018-10-25T20:09:48","date_gmt":"2018-10-25T23:09:48","guid":{"rendered":"http:\/\/biblio1.mdp.edu.ar\/centro-ventas\/?post_type=product&#038;p=1423"},"modified":"2025-09-01T18:23:01","modified_gmt":"2025-09-01T21:23:01","slug":"pautas-de-accesibilidad-web-para-bibliotecas","status":"publish","type":"product","link":"https:\/\/biblio1.mdp.edu.ar\/centro-ventas\/producto\/pautas-de-accesibilidad-web-para-bibliotecas\/","title":{"rendered":"Pautas de accesibilidad web para bibliotecas"},"content":{"rendered":"<p>El n\u00famero de usuarios con acceso a internet ha aumentado de manera exponencial. Sin embargo, las innovaciones y avances tecnol\u00f3gico plantean oportunidades y tambi\u00e9n amenazas, dentro de las cuales se identifica la denominada brecha digital, esto es, el espacio social, t\u00e9cnico y pol\u00edtico que distancia a sectores privilegiados de los dem\u00e1s desfavorecidos (con limitantes t\u00e9cnicas o f\u00edsicas) en cuanto al acceso de la informaci\u00f3n de dominio p\u00fablico. Por lo tanto, el presente trabajo describe en primera instancia las discapacidades de tipo f\u00edsico y t\u00e9cnico que padecen los usuarios, y que en la mayor\u00eda de los casos impiden su acceso a internet. De igual manera, se explica el concepto de accesibilidad web, y su aplicaci\u00f3n e importancia en el contexto bibliotecol\u00f3gico para el suministro de informaci\u00f3n accesible para todos; se plasman los logros alcanzados por organismos internacionales como el consorcio Worl Wide Web. Se verifica y analiza, tambi\u00e9n, el cumplimiento de los criterios b\u00e1sicos de accesibilidad Prioridad 1 Nivel A de las pautas de accesibilidad emanadas por la WAI (Web Accesibility Initiative) y se formula una metodolog\u00eda para el an\u00e1lisis y evaluaci\u00f3n de la accesibilidad de las p\u00e1ginas web de las bibliotecas.<\/p>\n<p>Jhon Alexander Gonz\u00e1lez Fl\u00f3rez<\/p>\n<p>9872207488<\/p>\n","protected":false},"excerpt":{"rendered":"<p>El n\u00famero de usuarios con acceso a internet ha aumentado de manera exponencial. Sin embargo, las innovaciones y avances tecnol\u00f3gico plantean oportunidades y tambi\u00e9n amenazas, dentro de las cuales se identifica la denominada brecha digital, esto es, el espacio social, t\u00e9cnico y pol\u00edtico que distancia a sectores privilegiados de los dem\u00e1s desfavorecidos (con limitantes t\u00e9cnicas [&hellip;]<\/p>\n","protected":false},"featured_media":1424,"template":"","meta":{"_acf_changed":false,"_eb_attr":"","_crdt_document":"","_uag_custom_page_level_css":"","_editorskit_title_hidden":false,"_editorskit_reading_time":0,"_editorskit_is_block_options_detached":false,"_editorskit_block_options_position":"{}","site-sidebar-layout":"default","site-content-layout":"","ast-site-content-layout":"default","site-content-style":"default","site-sidebar-style":"default","ast-global-header-display":"","ast-banner-title-visibility":"","ast-main-header-display":"","ast-hfb-above-header-display":"","ast-hfb-below-header-display":"","ast-hfb-mobile-header-display":"","site-post-title":"","ast-breadcrumbs-content":"","ast-featured-img":"","footer-sml-layout":"","ast-disable-related-posts":"","theme-transparent-header-meta":"","adv-header-id-meta":"","stick-header-meta":"","header-above-stick-meta":"","header-main-stick-meta":"","header-below-stick-meta":"","astra-migrate-meta-layouts":"default","ast-page-background-enabled":"default","ast-page-background-meta":{"desktop":{"background-color":"var(--ast-global-color-4)","background-image":"","background-repeat":"repeat","background-position":"center center","background-size":"auto","background-attachment":"scroll","background-type":"","background-media":"","overlay-type":"","overlay-color":"","overlay-opacity":"","overlay-gradient":""},"tablet":{"background-color":"","background-image":"","background-repeat":"repeat","background-position":"center center","background-size":"auto","background-attachment":"scroll","background-type":"","background-media":"","overlay-type":"","overlay-color":"","overlay-opacity":"","overlay-gradient":""},"mobile":{"background-color":"","background-image":"","background-repeat":"repeat","background-position":"center center","background-size":"auto","background-attachment":"scroll","background-type":"","background-media":"","overlay-type":"","overlay-color":"","overlay-opacity":"","overlay-gradient":""}},"ast-content-background-meta":{"desktop":{"background-color":"var(--ast-global-color-5)","background-image":"","background-repeat":"repeat","background-position":"center center","background-size":"auto","background-attachment":"scroll","background-type":"","background-media":"","overlay-type":"","overlay-color":"","overlay-opacity":"","overlay-gradient":""},"tablet":{"background-color":"var(--ast-global-color-5)","background-image":"","background-repeat":"repeat","background-position":"center center","background-size":"auto","background-attachment":"scroll","background-type":"","background-media":"","overlay-type":"","overlay-color":"","overlay-opacity":"","overlay-gradient":""},"mobile":{"background-color":"var(--ast-global-color-5)","background-image":"","background-repeat":"repeat","background-position":"center center","background-size":"auto","background-attachment":"scroll","background-type":"","background-media":"","overlay-type":"","overlay-color":"","overlay-opacity":"","overlay-gradient":""}}},"product_cat":[74,28],"product_tag":[96,84],"class_list":{"0":"post-1423","1":"product","2":"type-product","3":"status-publish","4":"has-post-thumbnail","6":"product_cat-alfagrama","7":"product_cat-libro","8":"product_tag-accesibilidad","9":"product_tag-bibliotecologia","10":"desktop-align-left","11":"tablet-align-left","12":"mobile-align-left","14":"first","15":"instock","16":"shipping-taxable","17":"purchasable","18":"product-type-simple"},"acf":[],"uagb_featured_image_src":{"full":["https:\/\/biblio1.mdp.edu.ar\/centro-ventas\/wp-content\/uploads\/sites\/2\/2018\/10\/pautasDeAccesibilidad9872207488_T.jpg",370,533,false],"thumbnail":["https:\/\/biblio1.mdp.edu.ar\/centro-ventas\/wp-content\/uploads\/sites\/2\/2018\/10\/pautasDeAccesibilidad9872207488_T-150x150.jpg",150,150,true],"medium":["https:\/\/biblio1.mdp.edu.ar\/centro-ventas\/wp-content\/uploads\/sites\/2\/2018\/10\/pautasDeAccesibilidad9872207488_T-208x300.jpg",208,300,true],"medium_large":["https:\/\/biblio1.mdp.edu.ar\/centro-ventas\/wp-content\/uploads\/sites\/2\/2018\/10\/pautasDeAccesibilidad9872207488_T.jpg",370,533,false],"large":["https:\/\/biblio1.mdp.edu.ar\/centro-ventas\/wp-content\/uploads\/sites\/2\/2018\/10\/pautasDeAccesibilidad9872207488_T.jpg",370,533,false],"1536x1536":["https:\/\/biblio1.mdp.edu.ar\/centro-ventas\/wp-content\/uploads\/sites\/2\/2018\/10\/pautasDeAccesibilidad9872207488_T.jpg",370,533,false],"2048x2048":["https:\/\/biblio1.mdp.edu.ar\/centro-ventas\/wp-content\/uploads\/sites\/2\/2018\/10\/pautasDeAccesibilidad9872207488_T.jpg",370,533,false],"woocommerce_thumbnail":["https:\/\/biblio1.mdp.edu.ar\/centro-ventas\/wp-content\/uploads\/sites\/2\/2018\/10\/pautasDeAccesibilidad9872207488_T-250x360.jpg",250,360,true],"woocommerce_single":["https:\/\/biblio1.mdp.edu.ar\/centro-ventas\/wp-content\/uploads\/sites\/2\/2018\/10\/pautasDeAccesibilidad9872207488_T.jpg",370,533,false],"woocommerce_gallery_thumbnail":["https:\/\/biblio1.mdp.edu.ar\/centro-ventas\/wp-content\/uploads\/sites\/2\/2018\/10\/pautasDeAccesibilidad9872207488_T-100x100.jpg",100,100,true]},"uagb_author_info":{"display_name":"Cristina Bernabe","author_link":"https:\/\/biblio1.mdp.edu.ar\/centro-ventas\/author\/"},"uagb_comment_info":0,"uagb_excerpt":"El n\u00famero de usuarios con acceso a internet ha aumentado de manera exponencial. Sin embargo, las innovaciones y avances tecnol\u00f3gico plantean oportunidades y tambi\u00e9n amenazas, dentro de las cuales se identifica la denominada brecha digital, esto es, el espacio social, t\u00e9cnico y pol\u00edtico que distancia a sectores privilegiados de los dem\u00e1s desfavorecidos (con limitantes t\u00e9cnicas&hellip;","_links":{"self":[{"href":"https:\/\/biblio1.mdp.edu.ar\/centro-ventas\/wp-json\/wp\/v2\/product\/1423","targetHints":{"allow":["GET"]}}],"collection":[{"href":"https:\/\/biblio1.mdp.edu.ar\/centro-ventas\/wp-json\/wp\/v2\/product"}],"about":[{"href":"https:\/\/biblio1.mdp.edu.ar\/centro-ventas\/wp-json\/wp\/v2\/types\/product"}],"wp:featuredmedia":[{"embeddable":true,"href":"https:\/\/biblio1.mdp.edu.ar\/centro-ventas\/wp-json\/wp\/v2\/media\/1424"}],"wp:attachment":[{"href":"https:\/\/biblio1.mdp.edu.ar\/centro-ventas\/wp-json\/wp\/v2\/media?parent=1423"}],"wp:term":[{"taxonomy":"product_cat","embeddable":true,"href":"https:\/\/biblio1.mdp.edu.ar\/centro-ventas\/wp-json\/wp\/v2\/product_cat?post=1423"},{"taxonomy":"product_tag","embeddable":true,"href":"https:\/\/biblio1.mdp.edu.ar\/centro-ventas\/wp-json\/wp\/v2\/product_tag?post=1423"}],"curies":[{"name":"wp","href":"https:\/\/api.w.org\/{rel}","templated":true}]}}